000
CXUS56 KOTX 281500
CF6OMK
PRELIMINARY LOCAL CLIMATOLOGICAL DATA (WS FORM: F-6)

                                          STATION:   OMAK WA AIRPORT
                                          MONTH:     SEPTEMBER
                                          YEAR:      2016
                                          LATITUDE:   48 27 N
                                          LONGITUDE: 119 31 W

  TEMPERATURE IN F:       :PCPN:    SNOW:  WIND      :SUNSHINE: SKY     :PK WND
================================================================================
1   2   3   4   5  6A  6B    7    8   9   10  11  12  13   14  15   16   17  18
                                     12Z  AVG MX 2MIN
DY MAX MIN AVG DEP HDD CDD  WTR  SNW DPTH SPD SPD DIR MIN PSBL S-S WX    SPD DR
================================================================================

 1  76  49  63  -5   2   0    T    M    M  7.0 20 170   M    M   4        24 180
 2  72  47  60  -8   5   0    T    M    M  7.2 21  10   M    M   4        26  10
 3  73  39  56 -11   9   0 0.00    M    M  4.7 13 300   M    M   1        16 310
 4  75  51  63  -4   2   0 0.00    M    M 11.9 22  10   M    M   3        28  20
 5  75  43  59  -8   6   0 0.00    M    M  7.1 15  10   M    M   2        19 220
 6  77  54  66   0   0   1 0.00    M    M  6.9 14 170   M    M   5        21  40
 7  76  49  63  -3   2   0    T    M    M  5.4 16 360   M    M   3        20 320
 8  78  40  59  -7   6   0 0.00    M    M  6.9 23  10   M    M   1        31  10
 9  79  43  61  -4   4   0 0.00    M    M  7.2 16 200   M    M   0        21 210
10  87  54  71   6   0   6 0.00    M    M  9.6 20 310   M    M   0        27 310
11  72  56  64   0   1   0 0.00    M    M 16.0 28  20   M    M   1        34  30
12  74  47  61  -3   4   0 0.00    M    M 10.8 21  30   M    M   1        28  20
13  78  43  61  -3   4   0 0.00    M    M  9.5 21 360   M    M   0        24  10
14  82  47  65   2   0   0 0.00    M    M  6.5 16 360   M    M   0 8      19 360
15  85  45  65   2   0   0 0.00    M    M  5.7 12 160   M    M   0        15 160
16  84  46  65   2   0   0 0.00    M    M  6.7 18 150   M    M   1        24 150
17  77  58  68   6   0   3    T    M    M  9.9 25 140   M    M   7        32 140
18  75  43  59  -3   6   0 0.00    M    M  5.8 16 230   M    M   0        23 250
19  71  38  55  -6  10   0    T    M    M  7.0 29  10   M    M   2 8      37  10
20  71  39  55  -6  10   0 0.00    M    M 11.7 20 360   M    M   0        23  10
21  73  47  60   0   5   0    T    M    M 13.1 21 360   M    M   3        31  30
22  73  50  62   2   3   0    T    M    M  9.7 21 360   M    M   3        24 360
23  66  44  55  -5  10   0    T    M    M  6.1 24 160   M    M   5        30 150
24  71  35  53  -6  12   0 0.00    M    M  4.0 14 170   M    M   1        19 190
25  79  53  66   7   0   1 0.00    M    M  5.4 13 180   M    M   3        18 180
26  82  46  64   6   1   0 0.00    M    M  5.6 12 210   M    M   0 8      15 220
27  77  51  64   6   1   0 0.00    M    M 13.8 29  20   M    M   0        37  20
================================================================================
SM 2058 1257       103  11    T     M    221.2          M       50
================================================================================
AV 76.2 46.6                               8.2 FASTST   M    M   2    MAX(MPH)
                                 MISC ---->  # 29  10               # 37   10
================================================================================
NOTES:
# LAST OF SEVERAL OCCURRENCES

COLUMN 17 PEAK WIND IN M.P.H.

PRELIMINARY LOCAL CLIMATOLOGICAL DATA (WS FORM: F-6) , PAGE 2

                                          STATION:  OMAK WA AIRPORT
                                          MONTH:    SEPTEMBER
                                          YEAR:     2016
                                          LATITUDE:   48 27 N
                                          LONGITUDE: 119 31 W

[TEMPERATURE DATA]      [PRECIPITATION DATA]       SYMBOLS USED IN COLUMN 16

AVERAGE MONTHLY: 61.4   TOTAL FOR MONTH:      T    1 = FOG OR MIST
DPTR FM NORMAL:  -1.8   DPTR FM NORMAL:   -0.51    2 = FOG REDUCING VISIBILITY
HIGHEST:    87 ON 10    GRTST 24HR    T  ON 23-23      TO 1/4 MILE OR LESS
LOWEST:     35 ON 24                               3 = THUNDER
                        SNOW, ICE PELLETS, HAIL    4 = ICE PELLETS
                        TOTAL MONTH:    M          5 = HAIL
                        GRTST 24HR    M  ON   M    6 = FREEZING RAIN OR DRIZZLE
                        GRTST DEPTH:  M  ON   M    7 = DUSTSTORM OR SANDSTORM:
                                                       VSBY 1/2 MILE OR LESS
                                                   8 = SMOKE OR HAZE
[NO. OF DAYS WITH]      [WEATHER - DAYS WITH]      9 = BLOWING SNOW
                                                   X = TORNADO
MAX 32 OR BELOW:   0    0.01 INCH OR MORE:   0
MAX 90 OR ABOVE:   0    0.10 INCH OR MORE:   0
MIN 32 OR BELOW:   0    0.50 INCH OR MORE:   0
MIN  0 OR BELOW:   0    1.00 INCH OR MORE:   0

[HDD (BASE 65) ]
TOTAL THIS MO.   103    CLEAR  (SCALE 0-3)  21
DPTR FM NORMAL    -3    PTCLDY (SCALE 4-7)   6
TOTAL FM JUL 1   111    CLOUDY (SCALE 8-10)  0
DPTR FM NORMAL   -26

[CDD (BASE 65) ]
TOTAL THIS MO.    11
DPTR FM NORMAL   -46    [PRESSURE DATA]
TOTAL FM JAN 1   637    HIGHEST SLP M ON M
DPTR FM NORMAL   -26    LOWEST  SLP  0.00 ON M

[REMARKS]
