000
CXUS56 KOTX 171500
CF6OMK
PRELIMINARY LOCAL CLIMATOLOGICAL DATA (WS FORM: F-6)

                                          STATION:   OMAK WA AIRPORT
                                          MONTH:     SEPTEMBER
                                          YEAR:      2014
                                          LATITUDE:   48 27 N
                                          LONGITUDE: 119 31 W

  TEMPERATURE IN F:       :PCPN:    SNOW:  WIND      :SUNSHINE: SKY     :PK WND
================================================================================
1   2   3   4   5  6A  6B    7    8   9   10  11  12  13   14  15   16   17  18
                                     12Z  AVG MX 2MIN
DY MAX MIN AVG DEP HDD CDD  WTR  SNW DPTH SPD SPD DIR MIN PSBL S-S WX    SPD DR
================================================================================

 1  81  47  64  -4   1   0 0.00    M    M  6.3 15 190   M    M   0        20 190
 2  80  50  65  -3   0   0 0.37    M    M  6.0 24 180   M    M   2 13     29 360
 3  71  46  59  -8   6   0 0.03    M    M  7.4 20  30   M    M   4        23  30
 4  79  39  59  -8   6   0 0.00    M    M  3.8 10 290   M    M   0        13 290
 5  85  50  68   1   0   3 0.00    M    M  9.5 18 360   M    M   0        23 350
 6  86  54  70   4   0   5 0.00    M    M  8.1 17 350   M    M   0        22  10
 7  91  46  69   3   0   4 0.00    M    M  4.7 13 200   M    M   0        22  30
 8  87  47  67   1   0   2 0.00    M    M  8.5 26  10   M    M   0        35 360
 9  75  56  66   1   0   1 0.00    M    M 17.1 25  10   M    M   1        34  20
10  67  42  55 -10  10   0    T    M    M 16.5 29  20   M    M   2        36  20
11  68  33  51 -13  14   0 0.00    M    M  4.9 12  10   M    M   0        14  20
12  77  31  54 -10  11   0 0.00    M    M  8.1 17  10   M    M   0        26  30
13  80  46  63  -1   2   0 0.00    M    M  6.9 16  20   M    M   0        19  10
14  83  46  65   2   0   0 0.00    M    M  6.9 18 360   M    M   0        23  10
15  85  44  65   2   0   0 0.00    M    M  5.8 10 210   M    M   0        14 230
16  87  50  69   6   0   4 0.00    M    M  6.4 13  20   M    M   0        17  20
================================================================================
SM 1282  727        50  19  0.40    M    126.9          M        9
================================================================================
AV 80.1 45.4                               7.9 FASTST   M    M   1    MAX(MPH)
                                 MISC ---->  # 29  20               # 36   20
================================================================================
NOTES:
# LAST OF SEVERAL OCCURRENCES

COLUMN 17 PEAK WIND IN M.P.H.

PRELIMINARY LOCAL CLIMATOLOGICAL DATA (WS FORM: F-6) , PAGE 2

                                          STATION:  OMAK WA AIRPORT
                                          MONTH:    SEPTEMBER
                                          YEAR:     2014
                                          LATITUDE:   48 27 N
                                          LONGITUDE: 119 31 W

[TEMPERATURE DATA]      [PRECIPITATION DATA]       SYMBOLS USED IN COLUMN 16

AVERAGE MONTHLY: 62.8   TOTAL FOR MONTH:   0.40    1 = FOG OR MIST
DPTR FM NORMAL:  -2.6   DPTR FM NORMAL:    0.15    2 = FOG REDUCING VISIBILITY
HIGHEST:    91 ON  7    GRTST 24HR  0.40 ON  2- 3      TO 1/4 MILE OR LESS
LOWEST:     31 ON 12                               3 = THUNDER
                        SNOW, ICE PELLETS, HAIL    4 = ICE PELLETS
                        TOTAL MONTH:    M          5 = HAIL
                        GRTST 24HR    M  ON   M    6 = FREEZING RAIN OR DRIZZLE
                        GRTST DEPTH:  M  ON   M    7 = DUSTSTORM OR SANDSTORM:
                                                       VSBY 1/2 MILE OR LESS
                                                   8 = SMOKE OR HAZE
[NO. OF DAYS WITH]      [WEATHER - DAYS WITH]      9 = BLOWING SNOW
                                                   X = TORNADO
MAX 32 OR BELOW:   0    0.01 INCH OR MORE:   2
MAX 90 OR ABOVE:   1    0.10 INCH OR MORE:   1
MIN 32 OR BELOW:   1    0.50 INCH OR MORE:   0
MIN  0 OR BELOW:   0    1.00 INCH OR MORE:   0

[HDD (BASE 65) ]
TOTAL THIS MO.    50    CLEAR  (SCALE 0-3)  15
DPTR FM NORMAL     8    PTCLDY (SCALE 4-7)   1
TOTAL FM JUL 1    55    CLOUDY (SCALE 8-10)  0
DPTR FM NORMAL   -18

[CDD (BASE 65) ]
TOTAL THIS MO.    19
DPTR FM NORMAL   -29    [PRESSURE DATA]
TOTAL FM JAN 1   843    HIGHEST SLP M ON M
DPTR FM NORMAL   189    LOWEST  SLP  0.00 ON M

[REMARKS]
