000
CXUS56 KOTX 291500
CF6OMK
PRELIMINARY LOCAL CLIMATOLOGICAL DATA (WS FORM: F-6)

                                          STATION:   OMAK WA AIRPORT
                                          MONTH:     AUGUST
                                          YEAR:      2015
                                          LATITUDE:   48 27 N
                                          LONGITUDE: 119 31 W

  TEMPERATURE IN F:       :PCPN:    SNOW:  WIND      :SUNSHINE: SKY     :PK WND
================================================================================
1   2   3   4   5  6A  6B    7    8   9   10  11  12  13   14  15   16   17  18
                                     12Z  AVG MX 2MIN
DY MAX MIN AVG DEP HDD CDD  WTR  SNW DPTH SPD SPD DIR MIN PSBL S-S WX    SPD DR
================================================================================

 1 100  64  82   7   0  17 0.00    M    M  8.9 17  10   M    M   4 8      23  20
 2 100  62  81   6   0  16 0.00    M    M  7.8 17 360   M    M   2 8      25 330
 3  98  72  85  10   0  20 0.00    M    M  9.0 18 190   M    M   1        26 110
 4  90  62  76   1   0  11 0.00    M    M  6.9 15 360   M    M   0 8      21 360
 5  82  56  69  -6   0   4 0.00    M    M  8.9 20  10   M    M   3        26  10
 6  83  48  66  -9   0   1 0.00    M    M  4.6 13 290   M    M   1        16 290
 7  88  54  71  -3   0   6 0.00    M    M  7.9 14 190   M    M   0        19 200
 8  93  52  73  -1   0   8 0.00    M    M  7.9 23 150   M    M   1        30 140
 9  90  57  74   0   0   9 0.00    M    M  8.0 21 150   M    M   0        27 150
10  95  61  78   4   0  13 0.00    M    M  5.5 15 160   M    M   1        20 160
11  99  62  81   7   0  16 0.00    M    M  7.6 17 360   M    M   1        20 350
12 104  68  86  12   0  21    T    M    M 10.8 24  20   M    M   1 8      33  10
13 103  64  84  10   0  19 0.00    M    M  7.4 14 220   M    M   2        19 210
14  95  65  80   7   0  15 0.05    M    M 12.0 29 150   M    M   3 38     37 150
15  84  55  70  -3   0   5 0.03    M    M  6.9 23 350   M    M   4 38     30 360
16  88  50  69  -4   0   4 0.00    M    M  7.8 16 360   M    M   2 8      20 360
17  88  62  75   2   0  10 0.00    M    M  8.0 17 350   M    M   3 8      22 350
18  90  55  73   1   0   8 0.00    M    M 11.5 23  30   M    M   3 8      30  30
19  95  53  74   2   0   9 0.00    M    M  8.0 26 320   M    M   3 8      34 310
20  92  68  80   8   0  15 0.00    M    M 10.1 23 310   M    M   5 8      31 310
21  78  58  68  -4   0   3 0.00    M    M 22.2  M   M   M    M   3 8       M  M
22  76  51  64  -7   1   0 0.00    M    M 11.5  M   M   M    M   6 8       M  M
23  83  47  65  -6   0   0 0.00    M    M  6.4 15 200   M    M  10 8      24 320
24  84  52  68  -3   0   3 0.00    M    M  3.5 12 180   M    M  10 8      15 190
25  88  55  72   2   0   7 0.00    M    M  8.4 20  10   M    M   9 8      24  10
26  90  55  73   3   0   8 0.00    M    M  8.8 15  10   M    M  10 8      24 340
27  92  57  75   5   0  10 0.00    M    M  5.4 14 180   M    M   9 8      16 210
28  83  64  74   5   0   9 0.00    M    M  8.3 21 200   M    M   6 8      27 170
================================================================================
SM 2531 1629         1 267  0.08    M    240.0          M      103
================================================================================
AV 90.4 58.2                               8.6 FASTST   M    M   4    MAX(MPH)
                                 MISC ---->  # 29 150               # 37  150
================================================================================
NOTES:
# LAST OF SEVERAL OCCURRENCES

COLUMN 17 PEAK WIND IN M.P.H.

PRELIMINARY LOCAL CLIMATOLOGICAL DATA (WS FORM: F-6) , PAGE 2

                                          STATION:  OMAK WA AIRPORT
                                          MONTH:    AUGUST
                                          YEAR:     2015
                                          LATITUDE:   48 27 N
                                          LONGITUDE: 119 31 W

[TEMPERATURE DATA]      [PRECIPITATION DATA]       SYMBOLS USED IN COLUMN 16

AVERAGE MONTHLY: 74.3   TOTAL FOR MONTH:   0.08    1 = FOG OR MIST
DPTR FM NORMAL:   1.4   DPTR FM NORMAL:   -0.37    2 = FOG REDUCING VISIBILITY
HIGHEST:   104 ON 12    GRTST 24HR  0.05 ON 14-14      TO 1/4 MILE OR LESS
LOWEST:     47 ON 23                               3 = THUNDER
                        SNOW, ICE PELLETS, HAIL    4 = ICE PELLETS
                        TOTAL MONTH:    M          5 = HAIL
                        GRTST 24HR    M  ON   M    6 = FREEZING RAIN OR DRIZZLE
                        GRTST DEPTH:  M  ON   M    7 = DUSTSTORM OR SANDSTORM:
                                                       VSBY 1/2 MILE OR LESS
                                                   8 = SMOKE OR HAZE
[NO. OF DAYS WITH]      [WEATHER - DAYS WITH]      9 = BLOWING SNOW
                                                   X = TORNADO
MAX 32 OR BELOW:   0    0.01 INCH OR MORE:   2
MAX 90 OR ABOVE:  16    0.10 INCH OR MORE:   0
MIN 32 OR BELOW:   0    0.50 INCH OR MORE:   0
MIN  0 OR BELOW:   0    1.00 INCH OR MORE:   0

[HDD (BASE 65) ]
TOTAL THIS MO.     1    CLEAR  (SCALE 0-3)  16
DPTR FM NORMAL    -7    PTCLDY (SCALE 4-7)   7
TOTAL FM JUL 1     1    CLOUDY (SCALE 8-10)  5
DPTR FM NORMAL   -22

[CDD (BASE 65) ]
TOTAL THIS MO.   267
DPTR FM NORMAL    36    [PRESSURE DATA]
TOTAL FM JAN 1   941    HIGHEST SLP M ON M
DPTR FM NORMAL   349    LOWEST  SLP  0.00 ON M

[REMARKS]
