000
CXUS56 KBOI 231002
CF6ONO
PRELIMINARY LOCAL CLIMATOLOGICAL DATA (WS FORM: F-6)

                                          STATION:   ONTARIO OR
                                          MONTH:     AUGUST
                                          YEAR:      2017
                                          LATITUDE:   44  1 N
                                          LONGITUDE: 117  1 W

  TEMPERATURE IN F:       :PCPN:    SNOW:  WIND      :SUNSHINE: SKY     :PK WND
================================================================================
1   2   3   4   5  6A  6B    7    8   9   10  11  12  13   14  15   16   17  18
                                     12Z  AVG MX 2MIN
DY MAX MIN AVG DEP HDD CDD  WTR  SNW DPTH SPD SPD DIR MIN PSBL S-S WX    SPD DR
================================================================================

 1 102  64  83   6   0  18 0.00    M    M  2.9  9 310   M    M   0        11 320
 2 104  64  84   7   0  19 0.00    M    M  4.9 16 320   M    M   0        21 310
 3 101  66  84   7   0  19 0.00    M    M  5.2 18 310   M    M   0        23 300
 4 101  61  81   4   0  16 0.00    M    M  5.1 18 330   M    M   0 8      24 320
 5  97  64  81   5   0  16 0.00    M    M  5.5 14 340   M    M   0 8      19 320
 6  94  67  81   5   0  16 0.00    M    M  4.4 14 310   M    M   0 8      17 310
 7  91  65  78   2   0  13    T    M    M  3.2 14 330   M    M   0 8      15 330
 8  97  57  77   1   0  12 0.00    M    M  3.3  8 170   M    M   0 8      10  80
 9  93  60  77   1   0  12 0.00    M    M  2.8  8 140   M    M   0 8      10 100
10  95  58  77   2   0  12 0.00    M    M  2.7 10 160   M    M   0        14 170
11  98  58  78   3   0  13 0.00    M    M  1.8  9 180   M    M   0        12 150
12  97  61  79   4   0  14    T    M    M  3.8 22 320   M    M   0        30 320
13  85  63  74   0   0   9 0.02    M    M  8.2 18 320   M    M   3 1      24 320
14  83  55  69  -5   0   4 0.00    M    M  3.2 12 190   M    M   1 1      18 170
15  88  50  69  -5   0   4 0.00    M    M  2.0 15 320   M    M   0        19 300
16  90  60  75   1   0  10 0.00    M    M  4.6 15 320   M    M   0        21 320
17  92  61  77   4   0  12 0.00    M    M  5.0 14 270   M    M   0 8      18 320
18  94  54  74   1   0   9 0.00    M    M  4.3 13 310   M    M   0        15 310
19  92  67  80   7   0  15 0.00    M    M 11.9 24 320   M    M   0        31 310
20  90  61  76   4   0  11 0.00    M    M  7.7 20 310   M    M   0        28 310
21  92  60  76   4   0  11 0.00    M    M  2.9 15 310   M    M   0        20 320
22  93  50  72   0   0   7 0.00    M    M  1.1  7 250   M    M   0         8 260
================================================================================
SM 2069 1326         0 272  0.02    M     96.5          M        4
================================================================================
AV 94.1 60.3                               4.4 FASTST   M    M   0    MAX(MPH)
                                 MISC ---->  # 24 320               # 31  310
================================================================================
NOTES:
# LAST OF SEVERAL OCCURRENCES

COLUMN 17 PEAK WIND IN M.P.H.

PRELIMINARY LOCAL CLIMATOLOGICAL DATA (WS FORM: F-6) , PAGE 2

                                          STATION:  ONTARIO OR
                                          MONTH:    AUGUST
                                          YEAR:     2017
                                          LATITUDE:   44  1 N
                                          LONGITUDE: 117  1 W

[TEMPERATURE DATA]      [PRECIPITATION DATA]       SYMBOLS USED IN COLUMN 16

AVERAGE MONTHLY: 77.2   TOTAL FOR MONTH:   0.02    1 = FOG OR MIST
DPTR FM NORMAL:   2.4   DPTR FM NORMAL:   -0.10    2 = FOG REDUCING VISIBILITY
HIGHEST:   104 ON  2    GRTST 24HR  0.02 ON 13-13      TO 1/4 MILE OR LESS
LOWEST:     50 ON 22,15                            3 = THUNDER
                        SNOW, ICE PELLETS, HAIL    4 = ICE PELLETS
                        TOTAL MONTH:    M          5 = HAIL
                        GRTST 24HR    M  ON   M    6 = FREEZING RAIN OR DRIZZLE
                        GRTST DEPTH:  M  ON   M    7 = DUSTSTORM OR SANDSTORM:
                                                       VSBY 1/2 MILE OR LESS
                                                   8 = SMOKE OR HAZE
[NO. OF DAYS WITH]      [WEATHER - DAYS WITH]      9 = BLOWING SNOW
                                                   X = TORNADO
MAX 32 OR BELOW:   0    0.01 INCH OR MORE:   1
MAX 90 OR ABOVE:  19    0.10 INCH OR MORE:   0
MIN 32 OR BELOW:   0    0.50 INCH OR MORE:   0
MIN  0 OR BELOW:   0    1.00 INCH OR MORE:   0

[HDD (BASE 65) ]
TOTAL THIS MO.     0    CLEAR  (SCALE 0-3)  22
DPTR FM NORMAL     0    PTCLDY (SCALE 4-7)   0
TOTAL FM JUL 1     0    CLOUDY (SCALE 8-10)  0
DPTR FM NORMAL    -5

[CDD (BASE 65) ]
TOTAL THIS MO.   272
DPTR FM NORMAL    55    [PRESSURE DATA]
TOTAL FM JAN 1  1001    HIGHEST SLP M ON M
DPTR FM NORMAL   261    LOWEST  SLP 29.66 ON 12

[REMARKS]
