000
CXUS56 KBOI 261002
CF6ONO
PRELIMINARY LOCAL CLIMATOLOGICAL DATA (WS FORM: F-6)

                                          STATION:   ONTARIO OR
                                          MONTH:     AUGUST
                                          YEAR:      2016
                                          LATITUDE:   44  1 N
                                          LONGITUDE: 117  1 W

  TEMPERATURE IN F:       :PCPN:    SNOW:  WIND      :SUNSHINE: SKY     :PK WND
================================================================================
1   2   3   4   5  6A  6B    7    8   9   10  11  12  13   14  15   16   17  18
                                     12Z  AVG MX 2MIN
DY MAX MIN AVG DEP HDD CDD  WTR  SNW DPTH SPD SPD DIR MIN PSBL S-S WX    SPD DR
================================================================================

 1  95  60  78   1   0  13 0.00    M    M  4.2 24 240   M    M   0 8      40  30
 2  98  54  76  -1   0  11 0.00    M    M  9.1 32 330   M    M   0 8       M 999
 3  86  57  72  -5   0   7 0.00    M    M  9.1 29 310   M    M   0        37 320
 4  89  55  72  -5   0   7 0.00    M    M  4.0 10 250   M    M   0        13 260
 5  96  53  75  -1   0  10 0.00    M    M  3.0 13 180   M    M   0        17 190
 6  95  66  81   5   0  16 0.00    M    M  5.2 17 310   M    M   0 8      22 300
 7  90  68  79   3   0  14 0.01    M    M  8.4 28 240   M    M   0 38     35 240
 8  86  59  73  -3   0   8 0.00    M    M  9.2 35 320   M    M   0        42 320
 9  78  54  66 -10   0   1 0.00    M    M  9.6 22 340   M    M   3        29 250
10  83  49  66  -9   0   1 0.00    M    M  4.4 10  50   M    M   0        15  30
11  89  52  71  -4   0   6 0.00    M    M  4.4 20 250   M    M   0        28 260
12  94  54  74  -1   0   9 0.00    M    M  3.5  8 240   M    M   0 8      10 250
13  97  57  77   3   0  12 0.00    M    M  3.1  9 250   M    M   0        11 250
14  97  58  78   4   0  13 0.00    M    M  3.2 17 320   M    M   0 8      22 310
15 100  62  81   7   0  16 0.00    M    M  3.8 15 320   M    M   0        19 330
16 100  63  82   8   0  17 0.00    M    M  2.3 12 250   M    M   0 8      14 320
17  97  71  84  11   0  19 0.00    M    M  5.2 13 300   M    M   1        17 330
18 101  67  84  11   0  19 0.00    M    M  6.0 24 320   M    M   0        32 320
19  99  67  83  10   0  18 0.00    M    M 11.6 22 330   M    M   0        27 320
20  93  59  76   4   0  11 0.00    M    M  4.3 16 310   M    M   0        20 320
21  96  51  74   2   0   9 0.00    M    M  4.4 21 320   M    M   0        26 310
22  90  63  77   5   0  12 0.00    M    M  9.3 23 320   M    M   0 8      30 320
23  84  52  68  -3   0   3 0.00    M    M  7.0 17 320   M    M   0 8      23 320
24  87  58  73   2   0   8 0.00    M    M  7.8 17 320   M    M   0        23 340
25  86  55  71   0   0   6 0.00    M    M  4.6 16 130   M    M   0 8      23 130
================================================================================
SM 2306 1464         0 266  0.01    M    146.7          M        4
================================================================================
AV 92.2 58.6                               5.9 FASTST   M    M   0    MAX(MPH)
                                 MISC ---->  # 35 320               # 42  320
================================================================================
NOTES:
# LAST OF SEVERAL OCCURRENCES

COLUMN 17 PEAK WIND IN M.P.H.

PRELIMINARY LOCAL CLIMATOLOGICAL DATA (WS FORM: F-6) , PAGE 2

                                          STATION:  ONTARIO OR
                                          MONTH:    AUGUST
                                          YEAR:     2016
                                          LATITUDE:   44  1 N
                                          LONGITUDE: 117  1 W

[TEMPERATURE DATA]      [PRECIPITATION DATA]       SYMBOLS USED IN COLUMN 16

AVERAGE MONTHLY: 75.4   TOTAL FOR MONTH:   0.01    1 = FOG OR MIST
DPTR FM NORMAL:   1.1   DPTR FM NORMAL:   -0.13    2 = FOG REDUCING VISIBILITY
HIGHEST:   101 ON 18    GRTST 24HR  0.01 ON  7- 7      TO 1/4 MILE OR LESS
LOWEST:     49 ON 10                               3 = THUNDER
                        SNOW, ICE PELLETS, HAIL    4 = ICE PELLETS
                        TOTAL MONTH:    M          5 = HAIL
                        GRTST 24HR    M  ON   M    6 = FREEZING RAIN OR DRIZZLE
                        GRTST DEPTH:  M  ON   M    7 = DUSTSTORM OR SANDSTORM:
                                                       VSBY 1/2 MILE OR LESS
                                                   8 = SMOKE OR HAZE
[NO. OF DAYS WITH]      [WEATHER - DAYS WITH]      9 = BLOWING SNOW
                                                   X = TORNADO
MAX 32 OR BELOW:   0    0.01 INCH OR MORE:   1
MAX 90 OR ABOVE:  16    0.10 INCH OR MORE:   0
MIN 32 OR BELOW:   0    0.50 INCH OR MORE:   0
MIN  0 OR BELOW:   0    1.00 INCH OR MORE:   0

[HDD (BASE 65) ]
TOTAL THIS MO.     0    CLEAR  (SCALE 0-3)  25
DPTR FM NORMAL    -1    PTCLDY (SCALE 4-7)   0
TOTAL FM JUL 1     9    CLOUDY (SCALE 8-10)  0
DPTR FM NORMAL     3

[CDD (BASE 65) ]
TOTAL THIS MO.   266
DPTR FM NORMAL    29    [PRESSURE DATA]
TOTAL FM JAN 1   890    HIGHEST SLP M ON M
DPTR FM NORMAL   130    LOWEST  SLP 29.60 ON  7

[REMARKS]
