000
CXUS56 KBOI 261002
CF6ONO
PRELIMINARY LOCAL CLIMATOLOGICAL DATA (WS FORM: F-6)

                                          STATION:   ONTARIO OR
                                          MONTH:     APRIL
                                          YEAR:      2017
                                          LATITUDE:   44  1 N
                                          LONGITUDE: 117  1 W

  TEMPERATURE IN F:       :PCPN:    SNOW:  WIND      :SUNSHINE: SKY     :PK WND
================================================================================
1   2   3   4   5  6A  6B    7    8   9   10  11  12  13   14  15   16   17  18
                                     12Z  AVG MX 2MIN
DY MAX MIN AVG DEP HDD CDD  WTR  SNW DPTH SPD SPD DIR MIN PSBL S-S WX    SPD DR
================================================================================

 1  66  37  52   5  13   0 0.00    M    M  6.5 23 310   M    M   2        26 310
 2  62  42  52   4  13   0 0.00    M    M 20.1 32 310   M    M   0        40 310
 3  55  37  46  -2  19   0 0.00    M    M 10.5 22 310   M    M   1        26 320
 4  60  27  44  -4  21   0 0.00    M    M  5.6 13 130   M    M   2 8      18 110
 5  71  46  59  11   6   0 0.00    M    M  5.5 16 160   M    M   3        21 140
 6  62  49  56   8   9   0 0.04    M    M  6.2 22 160   M    M   4 8      30 160
 7  67  44  56   8   9   0 0.01    M    M 12.5 38 190   M    M   3        52 190
 8  53  34  44  -5  21   0    T    M    M 11.1 28 320   M    M   6        32 330
 9  55  28  42  -7  23   0 0.00    M    M  4.9 15 100   M    M   2        17 100
10  59  41  50   1  15   0    T    M    M  9.1 21 160   M    M   4        27 160
11  57  30  44  -5  21   0    T    M    M  5.8 18 150   M    M   5        24 120
12  72  40  56   7   9   0    T    M    M  5.8 26 270   M    M   3 1      32 270
13  58  41  50   0  15   0 0.04    M    M  7.3 28 250   M    M   7 3      34 250
14  52  34  43  -7  22   0 0.39    M    M  8.3 25 320   M    M   7 1      33 290
15  57  29  43  -7  22   0 0.00    M    M  2.3  8  20   M    M   0 1      12 120
16  66  32  49  -1  16   0 0.00    M    M  5.6 17 240   M    M   2        22 180
17  64  44  54   4  11   0 0.07    M    M  6.4 24 210   M    M   5        32 190
18  66  42  54   3  11   0 0.12    M    M  4.8 30 290   M    M   4 13     35 290
19  67  36  52   1  13   0 0.00    M    M  5.0 18 150   M    M   0        26 140
20  59  42  51   0  14   0 0.09    M    M 10.2 37 310   M    M   6        41 310
21  64  37  51  -1  14   0 0.00    M    M  3.8 12 270   M    M   0        18 250
22  70  34  52   0  13   0 0.00    M    M  8.3 30 130   M    M   2        40 120
23  67  49  58   6   7   0    T    M    M  7.2 18 330   M    M   5 3      23 280
24  61  46  54   2  11   0 0.20    M    M  7.1 24 270   M    M   8 1      30 280
25  62  39  51  -2  14   0 0.01    M    M 10.0 22 230   M    M   4        29 230
================================================================================
SM 1552  960       362   0  0.97    M    189.9          M       85
================================================================================
AV 62.1 38.4                               7.6 FASTST   M    M   3    MAX(MPH)
                                 MISC ---->  # 38 190               # 52  190
================================================================================
NOTES:
# LAST OF SEVERAL OCCURRENCES

COLUMN 17 PEAK WIND IN M.P.H.

PRELIMINARY LOCAL CLIMATOLOGICAL DATA (WS FORM: F-6) , PAGE 2

                                          STATION:  ONTARIO OR
                                          MONTH:    APRIL
                                          YEAR:     2017
                                          LATITUDE:   44  1 N
                                          LONGITUDE: 117  1 W

[TEMPERATURE DATA]      [PRECIPITATION DATA]       SYMBOLS USED IN COLUMN 16

AVERAGE MONTHLY: 50.2   TOTAL FOR MONTH:   0.97    1 = FOG OR MIST
DPTR FM NORMAL:   0.5   DPTR FM NORMAL:    0.31    2 = FOG REDUCING VISIBILITY
HIGHEST:    72 ON 12    GRTST 24HR  0.39 ON 14-14      TO 1/4 MILE OR LESS
LOWEST:     27 ON  4                               3 = THUNDER
                        SNOW, ICE PELLETS, HAIL    4 = ICE PELLETS
                        TOTAL MONTH:    M          5 = HAIL
                        GRTST 24HR    M  ON   M    6 = FREEZING RAIN OR DRIZZLE
                        GRTST DEPTH:  M  ON   M    7 = DUSTSTORM OR SANDSTORM:
                                                       VSBY 1/2 MILE OR LESS
                                                   8 = SMOKE OR HAZE
[NO. OF DAYS WITH]      [WEATHER - DAYS WITH]      9 = BLOWING SNOW
                                                   X = TORNADO
MAX 32 OR BELOW:   0    0.01 INCH OR MORE:   9
MAX 90 OR ABOVE:   0    0.10 INCH OR MORE:   3
MIN 32 OR BELOW:   5    0.50 INCH OR MORE:   0
MIN  0 OR BELOW:   0    1.00 INCH OR MORE:   0

[HDD (BASE 65) ]
TOTAL THIS MO.   362    CLEAR  (SCALE 0-3)  11
DPTR FM NORMAL   -21    PTCLDY (SCALE 4-7)  13
TOTAL FM JUL 1  5788    CLOUDY (SCALE 8-10)  1
DPTR FM NORMAL   105

[CDD (BASE 65) ]
TOTAL THIS MO.     0
DPTR FM NORMAL     0    [PRESSURE DATA]
TOTAL FM JAN 1     0    HIGHEST SLP M ON M
DPTR FM NORMAL     0    LOWEST  SLP 29.47 ON  7

[REMARKS]
