000
CXUS56 KBOI 211002
CF6ONO
PRELIMINARY LOCAL CLIMATOLOGICAL DATA (WS FORM: F-6)

                                          STATION:   ONTARIO OR
                                          MONTH:     OCTOBER
                                          YEAR:      2014
                                          LATITUDE:   44  1 N
                                          LONGITUDE: 117  1 W

  TEMPERATURE IN F:       :PCPN:    SNOW:  WIND      :SUNSHINE: SKY     :PK WND
================================================================================
1   2   3   4   5  6A  6B    7    8   9   10  11  12  13   14  15   16   17  18
                                     12Z  AVG MX 2MIN
DY MAX MIN AVG DEP HDD CDD  WTR  SNW DPTH SPD SPD DIR MIN PSBL S-S WX    SPD DR
================================================================================

 1  67  44  56  -1   9   0 0.00    M    M  6.2 15 290   M    M   2        18 310
 2  71  35  53  -3  12   0 0.00    M    M  1.8  7 270   M    M   2        11  60
 3  73  37  55  -1  10   0 0.00    M    M  2.4  7 250   M    M   0        10 130
 4  76  37  57   1   8   0 0.00    M    M  1.4  7 150   M    M   0        14 150
 5  82  40  61   6   4   0 0.00    M    M  1.3  6 260   M    M   0         8 120
 6  84  44  64   9   1   0 0.00    M    M  1.3  8 250   M    M   0         9 100
 7  83  43  63   9   2   0 0.00    M    M  2.0  7  90   M    M   0        10 100
 8  80  43  62   8   3   0 0.00    M    M  1.9 14 340   M    M   0        19 340
 9  80  51  66  13   0   1 0.00    M    M  5.8 17 290   M    M   0        21 290
10  78  42  60   7   5   0 0.00    M    M  2.4 10 240   M    M   0        12 240
11  76  46  61   9   4   0 0.01    M    M  4.2 29 320   M    M   2 8      37 320
12  68  44  56   4   9   0 0.00    M    M  5.6 25 290   M    M   1 8      30 290
13  76  37  57   5   8   0 0.00    M    M  3.1  9 160   M    M   0        13 130
14  74  50  62  11   3   0 0.00    M    M  6.1 15 150   M    M   0 8      19 150
15  65  43  54   3  11   0    T    M    M  7.5 37 250   M    M   3        46 250
16  64  35  50   0  15   0 0.00    M    M  1.8  8 320   M    M   2        10  40
17  66  33  50   0  15   0 0.00    M    M  3.5  9 250   M    M   0        12 260
18  73  35  54   5  11   0 0.00    M    M  1.2  7 250   M    M   0         9 220
19  73  35  54   5  11   0 0.00    M    M  2.3  8 240   M    M   0         9 240
20  76  34  55   7  10   0    T    M    M  5.0 29 320   M    M   0        36 300
================================================================================
SM 1485  808       151   1  0.01    M     66.8          M       12
================================================================================
AV 74.2 40.4                               3.3 FASTST   M    M   1    MAX(MPH)
                                 MISC ---->  # 37 250               # 46  250
================================================================================
NOTES:
# LAST OF SEVERAL OCCURRENCES

COLUMN 17 PEAK WIND IN M.P.H.

PRELIMINARY LOCAL CLIMATOLOGICAL DATA (WS FORM: F-6) , PAGE 2

                                          STATION:  ONTARIO OR
                                          MONTH:    OCTOBER
                                          YEAR:     2014
                                          LATITUDE:   44  1 N
                                          LONGITUDE: 117  1 W

[TEMPERATURE DATA]      [PRECIPITATION DATA]       SYMBOLS USED IN COLUMN 16

AVERAGE MONTHLY: 57.3   TOTAL FOR MONTH:   0.01    1 = FOG OR MIST
DPTR FM NORMAL:   4.7   DPTR FM NORMAL:   -0.32    2 = FOG REDUCING VISIBILITY
HIGHEST:    84 ON  6    GRTST 24HR  0.01 ON 11-11      TO 1/4 MILE OR LESS
LOWEST:     33 ON 17                               3 = THUNDER
                        SNOW, ICE PELLETS, HAIL    4 = ICE PELLETS
                        TOTAL MONTH:    M          5 = HAIL
                        GRTST 24HR    M  ON   M    6 = FREEZING RAIN OR DRIZZLE
                        GRTST DEPTH:  M  ON   M    7 = DUSTSTORM OR SANDSTORM:
                                                       VSBY 1/2 MILE OR LESS
                                                   8 = SMOKE OR HAZE
[NO. OF DAYS WITH]      [WEATHER - DAYS WITH]      9 = BLOWING SNOW
                                                   X = TORNADO
MAX 32 OR BELOW:   0    0.01 INCH OR MORE:   1
MAX 90 OR ABOVE:   0    0.10 INCH OR MORE:   0
MIN 32 OR BELOW:   0    0.50 INCH OR MORE:   0
MIN  0 OR BELOW:   0    1.00 INCH OR MORE:   0

[HDD (BASE 65) ]
TOTAL THIS MO.   151    CLEAR  (SCALE 0-3)  20
DPTR FM NORMAL   -97    PTCLDY (SCALE 4-7)   0
TOTAL FM JUL 1   188    CLOUDY (SCALE 8-10)  0
DPTR FM NORMAL  -194

[CDD (BASE 65) ]
TOTAL THIS MO.     1
DPTR FM NORMAL     1    [PRESSURE DATA]
TOTAL FM JAN 1  1088    HIGHEST SLP M ON M
DPTR FM NORMAL   237    LOWEST  SLP 29.51 ON 14

[REMARKS]
