000
CXUS52 KMFL 261000
CF6OPF
PRELIMINARY LOCAL CLIMATOLOGICAL DATA (WS FORM: F-6)

                                          STATION:   OPA-LOCKA ARPT
                                          MONTH:     JUNE
                                          YEAR:      2017
                                          LATITUDE:   25 53 N
                                          LONGITUDE:  80 17 W

  TEMPERATURE IN F:       :PCPN:    SNOW:  WIND      :SUNSHINE: SKY     :PK WND
================================================================================
1   2   3   4   5  6A  6B    7    8   9   10  11  12  13   14  15   16   17  18
                                     12Z  AVG MX 2MIN
DY MAX MIN AVG DEP HDD CDD  WTR  SNW DPTH SPD SPD DIR MIN PSBL S-S WX    SPD DR
================================================================================

 1  91  79  85   4   0  20 0.00  0.0    0  7.5 17 170   M    M   2        24 140
 2  85  74  80  -2   0  15 2.29  0.0    0  5.7 17 140   M    M   4 138    28 160
 3   M   M   M   M   M   M 0.13    M    0  3.5 12 110   M    M   3 1       M  M
 4  87  77  82   0   0  17 0.09  0.0    0  5.4 15 140   M    M   5 13     19 130
 5  84  76  80  -2   0  15 0.20  0.0    0  7.2 17 360   M    M   5 13     22 350
 6  78  73  76  -6   0  11 2.64  0.0    0  5.8 25 320   M    M   8 13     30 350
 7  85  72  79  -3   0  14 2.10  0.0    0  9.2 30 300   M    M   6 13     37 300
 8  92  74  83   1   0  18 0.23  0.0    0 12.4 24 250   M    M   3 13     31 240
 9  91  77  84   2   0  19 0.16  0.0    0  8.0 21 130   M    M   4 13     28 220
10  91  77  84   2   0  19 0.18  0.0    0  6.7 18 170   M    M   4 13     22 150
11  91  80  86   4   0  21 0.00  0.0    0  9.9 16 100   M    M   2        26 100
12  90  78  84   2   0  19 0.31  0.0    0  8.4 17 100   M    M   3 13     23 110
13  90  77  84   2   0  19 0.07  0.0    0  8.8 16 120   M    M   2 13     21 140
14  89  76  83   1   0  18 0.44  0.0    0  5.5 20 320   M    M   3 13     27 130
15  90  74  82   0   0  17 0.90  0.0    0  5.2 18 140   M    M   3 13     24 130
16  89  75  82  -1   0  17 0.15  0.0    0  5.0 18 190   M    M   3 13     21 190
17  88  76  82  -1   0  17 0.00  0.0    0  6.9 20 120   M    M   1        24 120
18  91  77  84   1   0  19 0.11  0.0    0 10.0 17 140   M    M   3        33 140
19  87  76  82  -1   0  17 1.58  0.0    0 10.8 29 160   M    M   4 1      34 160
20  89  80  85   2   0  20 0.09  0.0    0 14.3 23 140   M    M   5 1      29 140
21  90  78  84   1   0  19 0.07  0.0    0 13.3 22 110   M    M   4 1      28 150
22  90  78  84   1   0  19 0.00  0.0    0 10.8 20 130   M    M   3        23 140
23  90  80  85   2   0  20 0.00  0.0    0 10.6 17 130   M    M   1        23 100
24  91  81  86   3   0  21    T  0.0    0 10.5 17 130   M    M   3        26 140
25  91  80  86   3   0  21 0.00  0.0    0  9.2 16 100   M    M   1        20 130
================================================================================
SM 2130 1845         0 432 11.74     0.0 210.6          M       85
================================================================================
AV 88.8 76.9                               8.4 FASTST   M    M   3    MAX(MPH)
                                 MISC ---->  # 30 300               # 37  300
================================================================================
NOTES:
# LAST OF SEVERAL OCCURRENCES

COLUMN 17 PEAK WIND IN M.P.H.

PRELIMINARY LOCAL CLIMATOLOGICAL DATA (WS FORM: F-6) , PAGE 2

                                          STATION:  OPA-LOCKA ARPT
                                          MONTH:    JUNE
                                          YEAR:     2017
                                          LATITUDE:   25 53 N
                                          LONGITUDE:  80 17 W

[TEMPERATURE DATA]      [PRECIPITATION DATA]       SYMBOLS USED IN COLUMN 16

AVERAGE MONTHLY: 82.8   TOTAL FOR MONTH:  11.74    1 = FOG OR MIST
DPTR FM NORMAL:   0.5   DPTR FM NORMAL:    3.80    2 = FOG REDUCING VISIBILITY
HIGHEST:    92 ON  8    GRTST 24HR  2.64 ON  6- 6      TO 1/4 MILE OR LESS
LOWEST:     72 ON  7                               3 = THUNDER
                        SNOW, ICE PELLETS, HAIL    4 = ICE PELLETS
                        TOTAL MONTH:   0.0 INCH    5 = HAIL
                        GRTST 24HR     0.0         6 = FREEZING RAIN OR DRIZZLE
                        GRTST DEPTH:   0           7 = DUSTSTORM OR SANDSTORM:
                                                       VSBY 1/2 MILE OR LESS
                                                   8 = SMOKE OR HAZE
[NO. OF DAYS WITH]      [WEATHER - DAYS WITH]      9 = BLOWING SNOW
                                                   X = TORNADO
MAX 32 OR BELOW:   0    0.01 INCH OR MORE:  18
MAX 90 OR ABOVE:  14    0.10 INCH OR MORE:  14
MIN 32 OR BELOW:   0    0.50 INCH OR MORE:   5
MIN  0 OR BELOW:   0    1.00 INCH OR MORE:   4

[HDD (BASE 65) ]
TOTAL THIS MO.     0    CLEAR  (SCALE 0-3)  13
DPTR FM NORMAL     0    PTCLDY (SCALE 4-7)  12
TOTAL FM JUL 1    21    CLOUDY (SCALE 8-10)  0
DPTR FM NORMAL  -119

[CDD (BASE 65) ]
TOTAL THIS MO.   432
DPTR FM NORMAL    -3    [PRESSURE DATA]
TOTAL FM JAN 1  1971    HIGHEST SLP M ON M
DPTR FM NORMAL   305    LOWEST  SLP 29.79 ON M

[REMARKS]
