000
CXUS52 KMFL 011000
CF6OPF
PRELIMINARY LOCAL CLIMATOLOGICAL DATA (WS FORM: F-6)

                                          STATION:   OPA-LOCKA ARPT
                                          MONTH:     FEBRUARY
                                          YEAR:      2015
                                          LATITUDE:   25 53 N
                                          LONGITUDE:  80 17 W

  TEMPERATURE IN F:       :PCPN:    SNOW:  WIND      :SUNSHINE: SKY     :PK WND
================================================================================
1   2   3   4   5  6A  6B    7    8   9   10  11  12  13   14  15   16   17  18
                                     12Z  AVG MX 2MIN
DY MAX MIN AVG DEP HDD CDD  WTR  SNW DPTH SPD SPD DIR MIN PSBL S-S WX    SPD DR
================================================================================

 1  77  64  71   3   0   6 0.00  0.0    0 11.6 21 140   M    M   5        27 120
 2  85  66  76   8   0  11    T  0.0    0 10.3 25 270   M    M   4        30 240
 3  78  55  67  -1   0   2 0.00  0.0    0 10.2 17  70   M    M   2        22  70
 4  78  61  70   2   0   5 0.00  0.0    0  8.0 16 110   M    M   4        20 120
 5  74  59  67  -1   0   2 0.81  0.0    0 12.1 23 210   M    M   5 13     30 220
 6  76  54  65  -3   0   0 0.02  0.0    0 12.1 22  30   M    M   5        29  60
 7  73  62  68   0   0   3 0.03  0.0    0 11.1 22  80   M    M   4        26  80
 8  78  59  69   0   0   4 0.00  0.0    0  5.9 17 120   M    M   3        24 120
 9  80  60  70   1   0   5 0.16  0.0    0  8.4 28 250   M    M   4 13     37 260
10  76  57  67  -2   0   2 0.00  0.0    0 15.2 25 320   M    M   4        31 320
11  73  49  61  -8   4   0 0.00  0.0    0  7.8 15 320   M    M   0        21 340
12  76  52  64  -5   1   0 0.00  0.0    0  6.8 13 280   M    M   1        22 300
13  73  53  63  -6   2   0 0.00  0.0    0  9.1 20 300   M    M   0        24 300
14  66  45  56 -13   9   0 0.00  0.0    0  9.7 18 330   M    M   0        22 320
15  75  43  59 -10   6   0 0.00  0.0    0  5.3 15 340   M    M   0        20 330
16  75  51  63  -6   2   0 0.00  0.0    0  7.0 22 120   M    M   3        33 140
17  83  60  72   2   0   7 0.00  0.0    0 10.9 21 230   M    M   3        29 230
18  72  51  62  -8   3   0 0.23  0.0    0 10.9 22 320   M    M   7 13     29 310
19  60  46  53 -17  12   0 0.00  0.0    0 14.3 32 330   M    M   0        43 340
20  68  40  54 -16  11   0 0.00  0.0    0 12.2 22  60   M    M   3        27  20
21  77  62  70   0   0   5    T  0.0    0 14.0 24 110   M    M   8        30  90
22  79  63  71   1   0   6    T  0.0    0  9.0 17 130   M    M   5        21 130
23  84  61  73   3   0   8 0.00  0.0    0  4.8 15 140   M    M   4 18     18 130
24  87  63  75   5   0  10 0.00  0.0    0  7.8 16 260   M    M   1 18     21 230
25  85  63  74   4   0   9 0.00  0.0    0  9.2 21 170   M    M   2 8      28 180
26  88  72  80  10   0  15 0.06  0.0    0 13.4 26 250   M    M   4 8      33 240
27  78  67  73   3   0   8    T  0.0    0  8.4 16 340   M    M   8 8      20 340
28  76  70  73   3   0   8 1.91  0.0    0  8.7 15 100   M    M  10 13     30 100
================================================================================
SM 2150 1608        50 116  3.22     0.0 274.2          M       99
================================================================================
AV 76.8 57.4                               9.8 FASTST   M    M   4    MAX(MPH)
                                 MISC ---->  # 32 330               # 43  340
================================================================================
NOTES:
# LAST OF SEVERAL OCCURRENCES

COLUMN 17 PEAK WIND IN M.P.H.

PRELIMINARY LOCAL CLIMATOLOGICAL DATA (WS FORM: F-6) , PAGE 2

                                          STATION:  OPA-LOCKA ARPT
                                          MONTH:    FEBRUARY
                                          YEAR:     2015
                                          LATITUDE:   25 53 N
                                          LONGITUDE:  80 17 W

[TEMPERATURE DATA]      [PRECIPITATION DATA]       SYMBOLS USED IN COLUMN 16

AVERAGE MONTHLY: 67.1   TOTAL FOR MONTH:   3.22    1 = FOG OR MIST
DPTR FM NORMAL:  -2.1   DPTR FM NORMAL:    0.73    2 = FOG REDUCING VISIBILITY
HIGHEST:    88 ON 26    GRTST 24HR  1.91 ON 28-28      TO 1/4 MILE OR LESS
LOWEST:     40 ON 20                               3 = THUNDER
                        SNOW, ICE PELLETS, HAIL    4 = ICE PELLETS
                        TOTAL MONTH:   0.0 INCH    5 = HAIL
                        GRTST 24HR     0.0         6 = FREEZING RAIN OR DRIZZLE
                        GRTST DEPTH:   0           7 = DUSTSTORM OR SANDSTORM:
                                                       VSBY 1/2 MILE OR LESS
                                                   8 = SMOKE OR HAZE
[NO. OF DAYS WITH]      [WEATHER - DAYS WITH]      9 = BLOWING SNOW
                                                   X = TORNADO
MAX 32 OR BELOW:   0    0.01 INCH OR MORE:   7
MAX 90 OR ABOVE:   0    0.10 INCH OR MORE:   4
MIN 32 OR BELOW:   0    0.50 INCH OR MORE:   2
MIN  0 OR BELOW:   0    1.00 INCH OR MORE:   1

[HDD (BASE 65) ]
TOTAL THIS MO.    50    CLEAR  (SCALE 0-3)  12
DPTR FM NORMAL    20    PTCLDY (SCALE 4-7)  14
TOTAL FM JUL 1   105    CLOUDY (SCALE 8-10)  2
DPTR FM NORMAL   -23

[CDD (BASE 65) ]
TOTAL THIS MO.   116
DPTR FM NORMAL   -31    [PRESSURE DATA]
TOTAL FM JAN 1   290    HIGHEST SLP 30.36 ON 20
DPTR FM NORMAL    18    LOWEST  SLP 29.71 ON 10

[REMARKS]
#FINAL-02-15#
