000
CXUS54 KMRX 291000
CF6OQT
PRELIMINARY LOCAL CLIMATOLOGICAL DATA (WS FORM: F-6)

                                          STATION:   OAK_RIDGE_(ASOS)
                                          MONTH:     APRIL
                                          YEAR:      2016
                                          LATITUDE:   36  1 N
                                          LONGITUDE:  84 14 W

  TEMPERATURE IN F:       :PCPN:    SNOW:  WIND      :SUNSHINE: SKY     :PK WND
================================================================================
1   2   3   4   5  6A  6B    7    8   9   10  11  12  13   14  15   16   17  18
                                     12Z  AVG MX 2MIN
DY MAX MIN AVG DEP HDD CDD  WTR  SNW DPTH SPD SPD DIR MIN PSBL S-S WX    SPD DR
================================================================================

 1  73  59  66  11   0   1 0.06    M    M  4.0 15 270   M    M   7 1      20 260
 2  62  49  56   1   9   0 0.00    M    M  8.5 18 270   M    M   5        32 250
 3  65  36  51  -5  14   0 0.00    M    M  2.9 14 320   M    M   0        22 310
 4  79  42  61   5   4   0 0.00    M    M  6.2 14 340   M    M   1        23 300
 5  61  39  50  -6  15   0 0.00    M    M  4.4 14  80   M    M   0        20 360
 6  66  35  51  -5  14   0 0.63    M    M  5.5 17 210   M    M   1 1      32 210
 7  64  45  55  -2  10   0 0.04    M    M  6.6 24 260   M    M   5 1      37 260
 8  57  41  49  -8  16   0 0.02    M    M  6.0 18 270   M    M   7        28 270
 9  54  35  45 -12  20   0 0.00    M    M  4.2 13 300   M    M   1        21 290
10  60  31  46 -11  19   0    T    M    M  2.9 10 240   M    M   4        18 260
11  71  46  59   1   6   0 0.02    M    M  5.4 16 210   M    M   1        26 220
12  66  46  56  -2   9   0 0.10    M    M  4.2 13  70   M    M   5 1      21  60
13  73  44  59   1   6   0 0.00    M    M  4.0 10  70   M    M   1        15  70
14  76  56  66   8   0   1 0.00    M    M  2.8 10  90   M    M   6        14  80
15  76  52  64   5   1   0 0.00    M    M  3.5 14  90   M    M   1        19  90
16  77  43  60   1   5   0 0.00    M    M  1.9 10  90   M    M   0        14 140
17  82  44  63   4   2   0 0.00    M    M  1.6 15  90   M    M   0        23 100
18  86  47  67   8   0   2 0.00    M    M  0.6  7  50   M    M   0        12  80
19  85  50  68   8   0   3 0.00    M    M  0.5  8 190   M    M   0        11 190
20  87  59  73  13   0   8 0.00    M    M  2.5 12 150   M    M   0        18 220
21  79  59  69   9   0   4 0.09    M    M  4.0 15 190   M    M   3 1      24 190
22  69  57  63   3   2   0 1.27    M    M  1.9 10 270   M    M   7 12     16 290
23  74  50  62   1   3   0 0.00    M    M  3.5 14  70   M    M   5 12     22  70
24  80  48  64   3   1   0 0.00    M    M  1.8 12 260   M    M   0 1      18 270
25  83  54  69   8   0   4 0.00    M    M  2.2 12 210   M    M   3        22 230
26  84  58  71  10   0   6 0.00    M    M  2.7 12 190   M    M   3        18 190
27  85  63  74  12   0   9 0.30    M    M  3.2 15 270   M    M   3 1      23 290
28  84  62  73  11   0   8 0.29  0.0    0  2.7 12 200   M    M   4 1      22 220
================================================================================
SM 2058 1350       156  46  2.82     0.0 100.2          M       73
================================================================================
AV 73.5 48.2                               3.6 FASTST   M    M   3    MAX(MPH)
                                 MISC ---->  # 24 260               # 37  260
================================================================================
NOTES:
# LAST OF SEVERAL OCCURRENCES

COLUMN 17 PEAK WIND IN M.P.H.

PRELIMINARY LOCAL CLIMATOLOGICAL DATA (WS FORM: F-6) , PAGE 2

                                          STATION:  OAK_RIDGE_(ASOS)
                                          MONTH:    APRIL
                                          YEAR:     2016
                                          LATITUDE:   36  1 N
                                          LONGITUDE:  84 14 W

[TEMPERATURE DATA]      [PRECIPITATION DATA]       SYMBOLS USED IN COLUMN 16

AVERAGE MONTHLY: 60.9   TOTAL FOR MONTH:   2.82    1 = FOG OR MIST
DPTR FM NORMAL:   2.4   DPTR FM NORMAL:   -1.09    2 = FOG REDUCING VISIBILITY
HIGHEST:    87 ON 20    GRTST 24HR  1.36 ON 21-22      TO 1/4 MILE OR LESS
LOWEST:     31 ON 10                               3 = THUNDER
                        SNOW, ICE PELLETS, HAIL    4 = ICE PELLETS
                        TOTAL MONTH:   0.0 INCH    5 = HAIL
                        GRTST 24HR     0.0         6 = FREEZING RAIN OR DRIZZLE
                        GRTST DEPTH:   0           7 = DUSTSTORM OR SANDSTORM:
                                                       VSBY 1/2 MILE OR LESS
                                                   8 = SMOKE OR HAZE
[NO. OF DAYS WITH]      [WEATHER - DAYS WITH]      9 = BLOWING SNOW
                                                   X = TORNADO
MAX 32 OR BELOW:   0    0.01 INCH OR MORE:  10
MAX 90 OR ABOVE:   0    0.10 INCH OR MORE:   5
MIN 32 OR BELOW:   1    0.50 INCH OR MORE:   2
MIN  0 OR BELOW:   0    1.00 INCH OR MORE:   1

[HDD (BASE 65) ]
TOTAL THIS MO.   156    CLEAR  (SCALE 0-3)  17
DPTR FM NORMAL   -49    PTCLDY (SCALE 4-7)  11
TOTAL FM JUL 1  2835    CLOUDY (SCALE 8-10)  0
DPTR FM NORMAL  -790

[CDD (BASE 65) ]
TOTAL THIS MO.    46
DPTR FM NORMAL    22    [PRESSURE DATA]
TOTAL FM JAN 1    60    HIGHEST SLP M ON M
DPTR FM NORMAL    32    LOWEST  SLP 29.67 ON  1

[REMARKS]
