000
CXUS54 KMRX 261234
CF6OQT
PRELIMINARY LOCAL CLIMATOLOGICAL DATA (WS FORM: F-6)

                                          STATION:   OAK_RIDGE_(ASOS)
                                          MONTH:     SEPTEMBER
                                          YEAR:      2016
                                          LATITUDE:   36  1 N
                                          LONGITUDE:  84 14 W

  TEMPERATURE IN F:       :PCPN:    SNOW:  WIND      :SUNSHINE: SKY     :PK WND
================================================================================
1   2   3   4   5  6A  6B    7    8   9   10  11  12  13   14  15   16   17  18
                                     12Z  AVG MX 2MIN
DY MAX MIN AVG DEP HDD CDD  WTR  SNW DPTH SPD SPD DIR MIN PSBL S-S WX    SPD DR
================================================================================

 1  88  72  80   5   0  15 0.30    M    M  1.2 10  90   M    M   3 1      15 340
 2  87  69  78   3   0  13 0.00    M    M  4.4 13  70   M    M   2        20  70
 3  86  62  74  -1   0   9 0.00    M    M  2.2  9  80   M    M   1        12 130
 4  90  63  77   2   0  12 0.00    M    M  0.7  7  80   M    M   3        10  80
 5  91  64  78   4   0  13 0.00    M    M  1.3  8  90   M    M   0        12 110
 6  94  64  79   5   0  14 0.00    M    M  0.8  8 100   M    M   0        12  80
 7  95  65  80   6   0  15 0.00    M    M  1.2  8 190   M    M   2        11 280
 8  94  66  80   6   0  15 0.00    M    M  1.4  9 260   M    M   0        14 190
 9  95  67  81   8   0  16 0.00    M    M  1.9 10 270   M    M   0        15 190
10  93  67  80   7   0  15 0.02    M    M  2.6 17 290   M    M   3        28 270
11  85  66  76   4   0  11 0.00    M    M  2.3 10  70   M    M   4        14  80
12  93  58  76   4   0  11 0.00    M    M  1.1  9 270   M    M   0        14 260
13  93  65  79   7   0  14 0.00    M    M  1.6  9 150   M    M   3        14 150
14  94  67  81  10   0  16    T    M    M  1.2 13 300   M    M   1        20 280
15  94  66  80   9   0  15 0.00    M    M  1.5  8  60   M    M   M        12  70
16  94  66  80   9   0  15    T    M    M  2.4 13 200   M    M   2        24 200
17  92  67  80  10   0  15 0.00    M    M  2.9 14 150   M    M   3 18     19 190
18  80  67  74   4   0   9 1.57    M    M  1.1  8 260   M    M  10 1      11 280
19  87  66  77   7   0  12 0.00    M    M  1.2 10  80   M    M   5 12     16  90
20  89  64  77   8   0  12 0.00    M    M  2.0 12  80   M    M   0 1      16  80
21  90  64  77   8   0  12 0.00    M    M  1.6  9  70   M    M   0        14  80
22  91  64  78  10   0  13 0.00    M    M  1.9 10  80   M    M   0        14  90
23  91  64  78  10   0  13 0.00    M    M  0.8  5  99   M    M   1         M  M
24  92  65  79  11   0  14 0.00    M    M  1.1  5  99   M    M   1 12      9  80
25  94  67  81  14   0  16 0.00    M    M  1.5  8 250   M    M   0        11 200
================================================================================
SM 2272 1635         0 335  1.89    M     41.9          M       44
================================================================================
AV 90.9 65.4                               1.7 FASTST   M    M   2    MAX(MPH)
                                 MISC ---->  # 17 290               # 28  270
================================================================================
NOTES:
# LAST OF SEVERAL OCCURRENCES

COLUMN 17 PEAK WIND IN M.P.H.

PRELIMINARY LOCAL CLIMATOLOGICAL DATA (WS FORM: F-6) , PAGE 2

                                          STATION:  OAK_RIDGE_(ASOS)
                                          MONTH:    SEPTEMBER
                                          YEAR:     2016
                                          LATITUDE:   36  1 N
                                          LONGITUDE:  84 14 W

[TEMPERATURE DATA]      [PRECIPITATION DATA]       SYMBOLS USED IN COLUMN 16

AVERAGE MONTHLY: 78.1   TOTAL FOR MONTH:   1.89    1 = FOG OR MIST
DPTR FM NORMAL:   6.5   DPTR FM NORMAL:   -1.19    2 = FOG REDUCING VISIBILITY
HIGHEST:    95 ON  9, 7 GRTST 24HR  1.57 ON 18-18      TO 1/4 MILE OR LESS
LOWEST:     58 ON 12                               3 = THUNDER
                        SNOW, ICE PELLETS, HAIL    4 = ICE PELLETS
                        TOTAL MONTH:    M          5 = HAIL
                        GRTST 24HR    M  ON   M    6 = FREEZING RAIN OR DRIZZLE
                        GRTST DEPTH:  M  ON   M    7 = DUSTSTORM OR SANDSTORM:
                                                       VSBY 1/2 MILE OR LESS
                                                   8 = SMOKE OR HAZE
[NO. OF DAYS WITH]      [WEATHER - DAYS WITH]      9 = BLOWING SNOW
                                                   X = TORNADO
MAX 32 OR BELOW:   0    0.01 INCH OR MORE:   3
MAX 90 OR ABOVE:  18    0.10 INCH OR MORE:   2
MIN 32 OR BELOW:   0    0.50 INCH OR MORE:   1
MIN  0 OR BELOW:   0    1.00 INCH OR MORE:   1

[HDD (BASE 65) ]
TOTAL THIS MO.     0    CLEAR  (SCALE 0-3)  20
DPTR FM NORMAL    -9    PTCLDY (SCALE 4-7)   3
TOTAL FM JUL 1     0    CLOUDY (SCALE 8-10)  1
DPTR FM NORMAL    -9

[CDD (BASE 65) ]
TOTAL THIS MO.   335
DPTR FM NORMAL   159    [PRESSURE DATA]
TOTAL FM JAN 1  2001    HIGHEST SLP M ON M
DPTR FM NORMAL   567    LOWEST  SLP 29.82 ON  1

[REMARKS]
