000
CXUS51 KBOX 211200
CF6ORH
PRELIMINARY LOCAL CLIMATOLOGICAL DATA (WS FORM: F-6)

                                          STATION:   WORCESTER MA
                                          MONTH:     AUGUST
                                          YEAR:      2014
                                          LATITUDE:   42 16 N
                                          LONGITUDE:  71 52 W

  TEMPERATURE IN F:       :PCPN:    SNOW:  WIND      :SUNSHINE: SKY     :PK WND
================================================================================
1   2   3   4   5  6A  6B    7    8   9   10  11  12  13   14  15   16   17  18
                                     12Z  AVG MX 2MIN
DY MAX MIN AVG DEP HDD CDD  WTR  SNW DPTH SPD SPD DIR MIN PSBL S-S WX    SPD DR
================================================================================

 1  80  63  72   2   0   7 0.21  0.0    M  8.3 18 200   M    M   4 1      27 210
 2  69  60  65  -5   0   0 0.02  0.0    M  5.0 13 130   M    M   8 12     16 100
 3  73  58  66  -4   0   1    T  0.0    M  3.1  9 140   M    M   4        11 130
 4  80  63  72   2   0   7 0.00  0.0    M  7.3 13 240   M    M   6        15 260
 5  83  65  74   4   0   9 0.00  0.0    M  6.8 18 310   M    M   0 3      23 310
 6  77  63  70   0   0   5    T  0.0    M  9.2 18 310   M    M   5        23 310
 7  74  57  66  -4   0   1 0.16  0.0    M 10.7 16 340   M    M   1 3      22 330
 8  77  55  66  -4   0   1 0.00  0.0    M 10.4 16 310   M    M   1        23 320
 9  81  60  71   1   0   6 0.00  0.0    M  7.9 15 310   M    M   1        19 310
10  81  63  72   2   0   7 0.00  0.0    M  4.8  9 240   M    M   0        13 340
11  83  61  72   2   0   7 0.00  0.0    M  7.7 18 190   M    M   1        23 200
12  77  61  69  -1   0   4 0.00  0.0    M 11.2 21 160   M    M   3        25 140
13  67  61  64  -6   1   0 1.76  0.0    M 12.0 24 130   M    M  10 12     31 130
14  70  55  63  -6   2   0 0.00  0.0    M 10.4 22 280   M    M   2        28 290
15  65  54  60  -9   5   0 0.02  0.0    M  7.5 14 290   M    M   7 3      19 290
16  72  54  63  -6   2   0 0.00  0.0    M  9.5 18 230   M    M   2        24 230
17  74  57  66  -3   0   1 0.01  0.0    M 10.5 21 290   M    M   4        26 280
18  73  55  64  -5   1   0 0.00  0.0    M 10.2 18 300   M    M   1        23 300
19  74  54  64  -5   1   0 0.00  0.0    M  5.7 12 300   M    M   0        15 340
20  79  59  69   1   0   4 0.00  0.0    M  3.9  9  80   M    M   0        12  90
================================================================================
SM 1509 1178        12  60  2.18     0.0 162.1          M       60
================================================================================
AV 75.4 58.9                               8.1 FASTST   M    M   3    MAX(MPH)
                                 MISC ---->  # 24 130               # 31  130
================================================================================
NOTES:
# LAST OF SEVERAL OCCURRENCES

COLUMN 17 PEAK WIND IN M.P.H.

PRELIMINARY LOCAL CLIMATOLOGICAL DATA (WS FORM: F-6) , PAGE 2

                                          STATION:  WORCESTER MA
                                          MONTH:    AUGUST
                                          YEAR:     2014
                                          LATITUDE:   42 16 N
                                          LONGITUDE:  71 52 W

[TEMPERATURE DATA]      [PRECIPITATION DATA]       SYMBOLS USED IN COLUMN 16

AVERAGE MONTHLY: 67.2   TOTAL FOR MONTH:   2.18    1 = FOG OR MIST
DPTR FM NORMAL:  -2.4   DPTR FM NORMAL:   -0.33    2 = FOG REDUCING VISIBILITY
HIGHEST:    83 ON 11, 5 GRTST 24HR  1.76 ON 13-13      TO 1/4 MILE OR LESS
LOWEST:     54 ON 19,16                            3 = THUNDER
                        SNOW, ICE PELLETS, HAIL    4 = ICE PELLETS
                        TOTAL MONTH:   0.0 INCH    5 = HAIL
                        GRTST 24HR     0.0         6 = FREEZING RAIN OR DRIZZLE
                        GRTST DEPTH:  M  ON   M    7 = DUSTSTORM OR SANDSTORM:
                                                       VSBY 1/2 MILE OR LESS
                                                   8 = SMOKE OR HAZE
[NO. OF DAYS WITH]      [WEATHER - DAYS WITH]      9 = BLOWING SNOW
                                                   X = TORNADO
MAX 32 OR BELOW:   0    0.01 INCH OR MORE:   6
MAX 90 OR ABOVE:   0    0.10 INCH OR MORE:   3
MIN 32 OR BELOW:   0    0.50 INCH OR MORE:   1
MIN  0 OR BELOW:   0    1.00 INCH OR MORE:   1

[HDD (BASE 65) ]
TOTAL THIS MO.    12    CLEAR  (SCALE 0-3)  12
DPTR FM NORMAL     1    PTCLDY (SCALE 4-7)   7
TOTAL FM JUL 1    12    CLOUDY (SCALE 8-10)  1
DPTR FM NORMAL   -13

[CDD (BASE 65) ]
TOTAL THIS MO.    60
DPTR FM NORMAL   -44    [PRESSURE DATA]
TOTAL FM JAN 1   326    HIGHEST SLP M ON M
DPTR FM NORMAL   -59    LOWEST  SLP 29.60 ON 13

[REMARKS]
