000
CXUS52 KMLB 260627
CF6ORL
PRELIMINARY LOCAL CLIMATOLOGICAL DATA (WS FORM: F-6)

                                          STATION:   ORLANDO EXEC
                                          MONTH:     SEPTEMBER
                                          YEAR:      2016
                                          LATITUDE:   28 32 N
                                          LONGITUDE:  81 20 W

  TEMPERATURE IN F:       :PCPN:    SNOW:  WIND      :SUNSHINE: SKY     :PK WND
================================================================================
1   2   3   4   5  6A  6B    7    8   9   10  11  12  13   14  15   16   17  18
                                     12Z  AVG MX 2MIN
DY MAX MIN AVG DEP HDD CDD  WTR  SNW DPTH SPD SPD DIR MIN PSBL S-S WX    SPD DR
================================================================================

 1  87  73  80  -3   0  15 0.10  0.0    0  9.8 21 170   M    M   2 138    26 150
 2  86  74  80  -3   0  15 0.59  0.0    0 14.7 35 210   M    M   4 138    41 210
 3  87  75  81  -2   0  16 0.59  0.0    0  6.2 23 260   M    M   3 138    30 240
 4  92  74  83   0   0  18 2.03  0.0    0  3.0 22  30   M    M   3 138    30  20
 5  86  75  81  -1   0  16 0.19  0.0    0  7.8 21  70   M    M   7 1      25  80
 6  90  72  81  -1   0  16 0.00  0.0    0  8.3 17  80   M    M   1        23  70
 7  90  73  82   0   0  17 0.00  0.0    0  7.2 16  70   M    M   2        20  60
 8  90  73  82   0   0  17 0.00  0.0    0  8.7 16  80   M    M   2        21  80
 9  91  75  83   1   0  18 0.07  0.0    0  8.1 21  60   M    M   3        26  60
10  93  76  85   3   0  20 0.00  0.0    0  5.5 18 120   M    M   1 1      22 110
11  91  75  83   1   0  18 0.00  0.0    0  5.8 17  80   M    M   1 3      22  80
12  91  75  83   1   0  18 0.15  0.0    0  8.7 29  70   M    M   2 1      35  70
13  85  75  80  -2   0  15 0.52  0.0    0  8.6 24 180   M    M   7 13     30 180
14  89  76  83   1   0  18 0.14  0.0    0  6.6 17 190   M    M   3 138    20 180
15  93  76  85   3   0  20 0.40  0.0    0  4.1 14 320   M    M   4 13     20 320
16  91  76  84   2   0  19 0.00  0.0    0  6.7 17  80   M    M   2 3      23  70
17  92  77  85   3   0  20 0.00  0.0    0  6.1 16  70   M    M   2 3      19  70
18  93  76  85   3   0  20 0.00  0.0    0  5.2 13  80   M    M   2 3      16  30
19  93  74  84   2   0  19 1.11  0.0    0  4.6 21 230   M    M   2 3      29 210
20  91  73  82   1   0  17 0.35  0.0    M  5.2 18  90   M    M   3 13     30  90
21  91  75  83   2   0  18 0.21  0.0    M  5.6  8 360   M    M   3 13      M  M
22  92  75  84   3   0  19 0.00  0.0    0  3.6 17 100   M    M   5        20 100
23  92  75  84   3   0  19 0.00  0.0    0  4.5 16  70   M    M   3        20  80
24  93  76  85   4   0  20 0.00  0.0    0  3.8 20 100   M    M   1        23 100
25  91  76  84   3   0  19 0.09  0.0    0  3.3 17 140   M    M   1 3      21 130
================================================================================
SM 2260 1870         0 447  6.54     0.0 161.7          M       69
================================================================================
AV 90.4 74.8                               6.5 FASTST   M    M   3    MAX(MPH)
                                 MISC ---->  # 35 210               # 41  210
================================================================================
NOTES:
# LAST OF SEVERAL OCCURRENCES

COLUMN 17 PEAK WIND IN M.P.H.

PRELIMINARY LOCAL CLIMATOLOGICAL DATA (WS FORM: F-6) , PAGE 2

                                          STATION:  ORLANDO EXEC
                                          MONTH:    SEPTEMBER
                                          YEAR:     2016
                                          LATITUDE:   28 32 N
                                          LONGITUDE:  81 20 W

[TEMPERATURE DATA]      [PRECIPITATION DATA]       SYMBOLS USED IN COLUMN 16

AVERAGE MONTHLY: 82.6   TOTAL FOR MONTH:   6.54    1 = FOG OR MIST
DPTR FM NORMAL:   0.7   DPTR FM NORMAL:    1.31    2 = FOG REDUCING VISIBILITY
HIGHEST:    93 ON 24,19 GRTST 24HR  2.22 ON  4- 5      TO 1/4 MILE OR LESS
LOWEST:     72 ON  6                               3 = THUNDER
                        SNOW, ICE PELLETS, HAIL    4 = ICE PELLETS
                        TOTAL MONTH:   0.0 INCH    5 = HAIL
                        GRTST 24HR     0.0         6 = FREEZING RAIN OR DRIZZLE
                        GRTST DEPTH:   0           7 = DUSTSTORM OR SANDSTORM:
                                                       VSBY 1/2 MILE OR LESS
                                                   8 = SMOKE OR HAZE
[NO. OF DAYS WITH]      [WEATHER - DAYS WITH]      9 = BLOWING SNOW
                                                   X = TORNADO
MAX 32 OR BELOW:   0    0.01 INCH OR MORE:  14
MAX 90 OR ABOVE:  19    0.10 INCH OR MORE:  12
MIN 32 OR BELOW:   0    0.50 INCH OR MORE:   5
MIN  0 OR BELOW:   0    1.00 INCH OR MORE:   2

[HDD (BASE 65) ]
TOTAL THIS MO.     0    CLEAR  (SCALE 0-3)  16
DPTR FM NORMAL     0    PTCLDY (SCALE 4-7)   9
TOTAL FM JUL 1     0    CLOUDY (SCALE 8-10)  0
DPTR FM NORMAL     0

[CDD (BASE 65) ]
TOTAL THIS MO.   447
DPTR FM NORMAL    24    [PRESSURE DATA]
TOTAL FM JAN 1  3346    HIGHEST SLP M ON M
DPTR FM NORMAL   422    LOWEST  SLP 29.79 ON  2

[REMARKS]
