000
CXUS53 KGRB 300716
CF6OSH
PRELIMINARY LOCAL CLIMATOLOGICAL DATA (WS FORM: F-6)

                                          STATION:   OSHKOSH WI
                                          MONTH:     AUGUST
                                          YEAR:      2015
                                          LATITUDE:   44  0 N
                                          LONGITUDE:  88 34 W

  TEMPERATURE IN F:       :PCPN:    SNOW:  WIND      :SUNSHINE: SKY     :PK WND
================================================================================
1   2   3   4   5  6A  6B    7    8   9   10  11  12  13   14  15   16   17  18
                                     12Z  AVG MX 2MIN
DY MAX MIN AVG DEP HDD CDD  WTR  SNW DPTH SPD SPD DIR MIN PSBL S-S WX    SPD DR
================================================================================

 1  84  60  72   1   0   7 0.00  0.0    0  7.2 17 310   M    M   1        22 290
 2  91  65  78   7   0  13 0.28  0.0    0  9.9 33 300   M    M   1 38     51 330
 3  79  59  69  -2   0   4 0.00  0.0    0  9.0 21 290   M    M   2        30 310
 4  78  57  68  -3   0   3 0.00  0.0    0  7.1 18 290   M    M   1        22 310
 5  76  55  66  -5   0   1 0.00  0.0    0  6.3 14 110   M    M   3        19 120
 6  80  58  69  -2   0   4 0.00  0.0    0  5.2 13 120   M    M   1        16 110
 7  69  63  66  -4   0   1 0.98  0.0    0  9.9 28 180   M    M   9 13     38 180
 8  74  63  69  -1   0   4 0.00  0.0    0  6.4 15  30   M    M   9 1      17  30
 9  79  58  69  -1   0   4 0.00  0.0    0  2.8  8 110   M    M   7 128    11 110
10  82  67  75   5   0  10 0.28  0.0    0  6.4 16 340   M    M   6 13     20 340
11  80  60  70   0   0   5 0.00  0.0    0  6.2 14 330   M    M   2        24  10
12  80  56  68  -2   0   3 0.00  0.0    0  4.1 10 300   M    M   1        14 230
13  83  61  72   2   0   7 0.00  0.0    0  7.9 20 210   M    M   2        31 210
14  91  66  79   9   0  14 0.33  0.0    0  6.6 29  40   M    M   2 138    38  40
15  86  63  75   5   0  10 0.00  0.0    0  3.4 10 190   M    M   0 1      14 190
16  87  71  79   9   0  14 0.00  0.0    0  8.7 17 200   M    M   0        24 210
17  84  67  76   6   0  11 0.67  0.0    0  4.9 29 190   M    M   3 13     36 180
18  79  69  74   4   0   9 0.32  0.0    0  7.2 14 150   M    M   7 13     19 100
19  73  60  67  -3   0   2 0.01  0.0    0 12.6 22 200   M    M   9 1      36 200
20  64  54  59 -10   6   0 0.09  0.0    0  7.8 18 250   M    M   9 1      25 280
21  80  52  66  -3   0   1 0.00  0.0    0  8.9 18 190   M    M   2        22 190
22  80  59  70   1   0   5 0.00  0.0    0 11.7 25 190   M    M   0        34 180
23  68  58  63  -6   2   0 0.38  0.0    0  9.2 20 190   M    M   7 138    26 190
24  63  55  59 -10   6   0 0.00  0.0    0 12.1 23 290   M    M   6        31 290
25  61  53  57 -11   8   0    T  0.0    0  8.2 14 300   M    M  10        20 290
26  70  53  62  -6   3   0 0.00  0.0    0  6.0 12 330   M    M   7        15 280
27  74  52  63  -5   2   0 0.00  0.0    0  5.9 12 200   M    M   1        15 180
28  69  54  62  -6   3   0 0.79  0.0    0  5.6 13 190   M    M   5 18     15 190
29  71  58  65  -3   0   0 0.11  0.0    0  4.9 10 120   M    M  10 1      14 110
================================================================================
SM 2235 1726        30 132  4.24     0.0 212.1          M      123
================================================================================
AV 77.1 59.5                               7.3 FASTST   M    M   4    MAX(MPH)
                                 MISC ---->  # 33 300               # 51  330
================================================================================
NOTES:
# LAST OF SEVERAL OCCURRENCES

COLUMN 17 PEAK WIND IN M.P.H.

PRELIMINARY LOCAL CLIMATOLOGICAL DATA (WS FORM: F-6) , PAGE 2

                                          STATION:  OSHKOSH WI
                                          MONTH:    AUGUST
                                          YEAR:     2015
                                          LATITUDE:   44  0 N
                                          LONGITUDE:  88 34 W

[TEMPERATURE DATA]      [PRECIPITATION DATA]       SYMBOLS USED IN COLUMN 16

AVERAGE MONTHLY: 68.3   TOTAL FOR MONTH:   4.24    1 = FOG OR MIST
DPTR FM NORMAL:  -1.4   DPTR FM NORMAL:    0.88    2 = FOG REDUCING VISIBILITY
HIGHEST:    91 ON 14, 2 GRTST 24HR  0.98 ON  7- 7      TO 1/4 MILE OR LESS
LOWEST:     52 ON 27,21                            3 = THUNDER
                        SNOW, ICE PELLETS, HAIL    4 = ICE PELLETS
                        TOTAL MONTH:   0.0 INCH    5 = HAIL
                        GRTST 24HR     0.0         6 = FREEZING RAIN OR DRIZZLE
                        GRTST DEPTH:   0           7 = DUSTSTORM OR SANDSTORM:
                                                       VSBY 1/2 MILE OR LESS
                                                   8 = SMOKE OR HAZE
[NO. OF DAYS WITH]      [WEATHER - DAYS WITH]      9 = BLOWING SNOW
                                                   X = TORNADO
MAX 32 OR BELOW:   0    0.01 INCH OR MORE:  11
MAX 90 OR ABOVE:   2    0.10 INCH OR MORE:   9
MIN 32 OR BELOW:   0    0.50 INCH OR MORE:   3
MIN  0 OR BELOW:   0    1.00 INCH OR MORE:   0

[HDD (BASE 65) ]
TOTAL THIS MO.    30    CLEAR  (SCALE 0-3)  16
DPTR FM NORMAL    13    PTCLDY (SCALE 4-7)   7
TOTAL FM JUL 1    55    CLOUDY (SCALE 8-10)  6
DPTR FM NORMAL    27

[CDD (BASE 65) ]
TOTAL THIS MO.   132
DPTR FM NORMAL   -22    [PRESSURE DATA]
TOTAL FM JAN 1   425    HIGHEST SLP M ON M
DPTR FM NORMAL   -62    LOWEST  SLP 29.47 ON  2

[REMARKS]
