000
CXUS53 KDMX 290920
CF6OTM
PRELIMINARY LOCAL CLIMATOLOGICAL DATA (WS FORM: F-6)

                                          STATION:   OTTUMWA IA
                                          MONTH:     AUGUST
                                          YEAR:      2014
                                          LATITUDE:   41  6 N
                                          LONGITUDE:  92 27 W

  TEMPERATURE IN F:       :PCPN:    SNOW:  WIND      :SUNSHINE: SKY     :PK WND
================================================================================
1   2   3   4   5  6A  6B    7    8   9   10  11  12  13   14  15   16   17  18
                                     12Z  AVG MX 2MIN
DY MAX MIN AVG DEP HDD CDD  WTR  SNW DPTH SPD SPD DIR MIN PSBL S-S WX    SPD DR
================================================================================

 1  83  60  72  -2   0   7 0.00  0.0    0  3.4  9 130   M    M   2 12     12 130
 2  82  58  70  -4   0   5 0.00  0.0    0  3.4  6 170   M    M   1 12      M  M
 3  84  61  73  -1   0   8 0.07  0.0    0  5.3  9 160   M    M   3 1      12 240
 4  84  66  75   1   0  10 0.00  0.0    0  4.4  9  60   M    M   4 18     12  30
 5  81  63  72  -2   0   7    T  0.0    0  4.0  9  80   M    M   4 12     12 340
 6  72  66  69  -5   0   4 0.55  0.0    0  6.7 14  80   M    M   6 1      19  80
 7  71  65  68  -6   0   3 0.04  0.0    0 11.2 20  80   M    M   8 1      25 100
 8  77  63  70  -4   0   5 0.09  0.0    0  8.6 17  90   M    M   8 1      21  80
 9  79  65  72  -2   0   7 0.00  0.0    0  7.0 15 100   M    M   8 1      20 110
10  79  63  71  -3   0   6    T  0.0    0  3.9 12  50   M    M   2 18     14  30
11  79  62  71  -3   0   6 0.00  0.0    0 10.6 23 330   M    M   3 12     28 330
12  78  56  67  -7   0   2 0.00  0.0    0 11.0 20 350   M    M   1        25 310
13  81  53  67  -7   0   2 0.00  0.0    0  3.9 13 310   M    M   1 1      15 310
14  82  55  69  -5   0   4    T  0.0    0  4.2  8 110   M    M   1 1      10 100
15  72  62  67  -6   0   2 0.05  0.0    0  5.8 13 160   M    M   4 1      17 160
16  71  65  68  -5   0   3 0.52  0.0    0  8.2 16 150   M    M   7 1      21 150
17  82  62  72  -1   0   7 0.00  0.0    0  5.2 12  50   M    M   7 12     13  40
18  83  63  73   0   0   8 0.00  0.0    0  5.5 13 210   M    M   5 128    16 200
19  85  65  75   2   0  10 0.00  0.0    0  6.0 15 310   M    M   1 18     19 310
20  82  64  73   0   0   8    T  0.0    0  7.1 26 310   M    M   2 13     33 320
21  86  73  80   7   0  15    T  0.0    0  6.7 15 280   M    M   3 3      19 230
22  86  73  80   8   0  15    M  0.0    0  5.6 16 230   M    M   2 13     24 230
23  85  70  78   6   0  13 1.51  0.0    0  8.3 21 300   M    M   3 13     28 310
24  91  70  81   9   0  16 0.00  0.0    0  8.0 14 170   M    M   2 1      18 160
25  92  75  84  12   0  19    T  0.0    0  5.6 12 260   M    M   2 3      15 250
26  82  68  75   3   0  10 0.01  0.0    0  6.9 24 320   M    M   1 3      32 320
27  77  65  71   0   0   6 0.10  0.0    0  5.2 10  60   M    M   3 1      13  30
28  74  66  70  -1   0   5 1.82  0.0    0  9.0 18 100   M    M   6 13     21 100
================================================================================
SM 2260 1797         0 213  4.76     0.0 180.7          M      100
================================================================================
AV 80.7 64.2                               6.5 FASTST   M    M   4    MAX(MPH)
                                 MISC ---->  # 26 310               # 33  320
================================================================================
NOTES:
# LAST OF SEVERAL OCCURRENCES

COLUMN 17 PEAK WIND IN M.P.H.

PRELIMINARY LOCAL CLIMATOLOGICAL DATA (WS FORM: F-6) , PAGE 2

                                          STATION:  OTTUMWA IA
                                          MONTH:    AUGUST
                                          YEAR:     2014
                                          LATITUDE:   41  6 N
                                          LONGITUDE:  92 27 W

[TEMPERATURE DATA]      [PRECIPITATION DATA]       SYMBOLS USED IN COLUMN 16

AVERAGE MONTHLY: 72.4   TOTAL FOR MONTH:   4.76    1 = FOG OR MIST
DPTR FM NORMAL:  -0.7   DPTR FM NORMAL:    0.58    2 = FOG REDUCING VISIBILITY
HIGHEST:    92 ON 25    GRTST 24HR  1.82 ON 28-28      TO 1/4 MILE OR LESS
LOWEST:     53 ON 13                               3 = THUNDER
                        SNOW, ICE PELLETS, HAIL    4 = ICE PELLETS
                        TOTAL MONTH:   0.0 INCH    5 = HAIL
                        GRTST 24HR     0.0         6 = FREEZING RAIN OR DRIZZLE
                        GRTST DEPTH:   0           7 = DUSTSTORM OR SANDSTORM:
                                                       VSBY 1/2 MILE OR LESS
                                                   8 = SMOKE OR HAZE
[NO. OF DAYS WITH]      [WEATHER - DAYS WITH]      9 = BLOWING SNOW
                                                   X = TORNADO
MAX 32 OR BELOW:   0    0.01 INCH OR MORE:  10
MAX 90 OR ABOVE:   2    0.10 INCH OR MORE:   5
MIN 32 OR BELOW:   0    0.50 INCH OR MORE:   4
MIN  0 OR BELOW:   0    1.00 INCH OR MORE:   2

[HDD (BASE 65) ]
TOTAL THIS MO.     0    CLEAR  (SCALE 0-3)  15
DPTR FM NORMAL    -1    PTCLDY (SCALE 4-7)  11
TOTAL FM JUL 1    13    CLOUDY (SCALE 8-10)  2
DPTR FM NORMAL    10

[CDD (BASE 65) ]
TOTAL THIS MO.   213
DPTR FM NORMAL   -23    [PRESSURE DATA]
TOTAL FM JAN 1   702    HIGHEST SLP M ON M
DPTR FM NORMAL  -113    LOWEST  SLP 29.70 ON 19

[REMARKS]
