000
CXAK56 PAFG 190046
CF6OTZ

PRELIMINARY LOCAL CLIMATOLOGICAL DATA (WS FORM: F-6)

                                          STATION:   KOTZEBUE AK
                                          MONTH:     JANUARY
                                          YEAR:      2017
                                          LATITUDE:   66 52 N
                                          LONGITUDE: 162 38 W

  TEMPERATURE IN F:       :PCPN:    SNOW:  WIND      :SUNSHINE: SKY     :PK WND
================================================================================
1   2   3   4   5  6A  6B    7    8   9   10  11  12  13   14  15   16   17  18
                                     12Z  AVG MX 2MIN
DY MAX MIN AVG DEP HDD CDD  WTR  SNW DPTH SPD SPD DIR MIN PSBL S-S WX    SPD DR
================================================================================

 1  38  31  35  36  30   0 0.06    T   14 23.0 40 160   M    M  10 1      47 180
 2  35  28  32  33  33   0 0.07  0.6   15 16.1 30 160   M    M   7 1      35 160
 3  29  18  24  25  41   0 0.00  0.0   15  8.1 14 210   M    M   4        17 210
 4  31  18  25  27  40   0 0.01  0.2   15 19.8 37 280   M    M   9 18     45 290
 5  18   3  11  13  54   0    T    T   15 11.0 39 290   M    M   8        45 290
 6   7   2   5   7  60   0    T    T   15 24.9 33 120   M    M   5        38 120
 7   9   3   6   8  59   0    T    T   15 23.4 29 120   M    M   9 18     34 120
 8   9   0   5   7  60   0 0.00  0.0   15 11.0 25 120   M    M   3        30 120
 9   3  -3   0   2  65   0 0.00  0.0   15  6.9 13  90   M    M   1        17 110
10  13  -3   5   8  60   0    T    T   15  6.7 15 110   M    M   5 168    19 110
11  21  -5   8  11  57   0 0.01  0.1   15 12.7 33 310   M    M   8 1289   38 320
12   0  -9  -4  -1  69   0 0.00  0.0   15 12.2 25 320   M    M   6        29 320
13  -7 -15 -11  -8  76   0 0.00  0.0   15  9.8 16 350   M    M   0        20 360
14   0 -10  -5  -2  70   0    T    T   15 10.3 24  50   M    M   5 8      31  50
15  -5 -20 -12  -9  77   0    T    T   15  4.3 17  80   M    M   2        21  80
16 -15 -24 -19 -16  84   0 0.00  0.0   15  6.2 15  10   M    M   0        18  10
17 -23 -31 -27 -24  92   0 0.00  0.0   15  3.8 13 120   M    M   0 18     14 120
================================================================================
SM  163  -17      1027   0  0.15     0.9 210.2          M       82
================================================================================
AV  9.6 -1.0                              12.4 FASTST   M    M   5    MAX(MPH)
                                 MISC ---->  # 40 160               # 47  180
================================================================================
NOTES:
# LAST OF SEVERAL OCCURRENCES

COLUMN 17 PEAK WIND IN M.P.H.

PRELIMINARY LOCAL CLIMATOLOGICAL DATA (WS FORM: F-6) , PAGE 2

                                          STATION:  KOTZEBUE AK
                                          MONTH:    JANUARY
                                          YEAR:     2017
                                          LATITUDE:   66 52 N
                                          LONGITUDE: 162 38 W

[TEMPERATURE DATA]      [PRECIPITATION DATA]       SYMBOLS USED IN COLUMN 16

AVERAGE MONTHLY:  4.3   TOTAL FOR MONTH:   0.15    1 = FOG OR MIST
DPTR FM NORMAL:     M   DPTR FM NORMAL:   -0.21    2 = FOG REDUCING VISIBILITY
HIGHEST:    38 ON  1    GRTST 24HR  0.13 ON  1- 2      TO 1/4 MILE OR LESS
LOWEST:    -31 ON 17                               3 = THUNDER
                        SNOW, ICE PELLETS, HAIL    4 = ICE PELLETS
                        TOTAL MONTH:   0.9 INCH    5 = HAIL
                        GRTST 24HR   0.6 ON   M    6 = FREEZING RAIN OR DRIZZLE
                        GRTST DEPTH:  15 ON 17,16  7 = DUSTSTORM OR SANDSTORM:
                                                       VSBY 1/2 MILE OR LESS
                                                   8 = SMOKE OR HAZE
[NO. OF DAYS WITH]      [WEATHER - DAYS WITH]      9 = BLOWING SNOW
                                                   X = TORNADO
MAX 32 OR BELOW:  15    0.01 INCH OR MORE:   4
MAX 90 OR ABOVE:   0    0.10 INCH OR MORE:   0
MIN 32 OR BELOW:  17    0.50 INCH OR MORE:   0
MIN  0 OR BELOW:  10    1.00 INCH OR MORE:   0

[HDD (BASE 65) ]
TOTAL THIS MO.  1027    CLEAR  (SCALE 0-3)   5
DPTR FM NORMAL  -118    PTCLDY (SCALE 4-7)   9
TOTAL FM JUL 1  6442    CLOUDY (SCALE 8-10)  3
DPTR FM NORMAL -1005

[CDD (BASE 65) ]
TOTAL THIS MO.     0
DPTR FM NORMAL     0    [PRESSURE DATA]
TOTAL FM JAN 1     0    HIGHEST SLP M ON M
DPTR FM NORMAL     0    LOWEST  SLP 29.55 ON 16

[REMARKS]
