000
CXUS53 KARX 190930
CF6OVS
PRELIMINARY LOCAL CLIMATOLOGICAL DATA (WS FORM: F-6)

                                          STATION:   BOSCOBEL_(ASOS) WI
                                          MONTH:     JANUARY
                                          YEAR:      2017
                                          LATITUDE:   43  9 N
                                          LONGITUDE:  90 41 W

  TEMPERATURE IN F:       :PCPN:    SNOW:  WIND      :SUNSHINE: SKY     :PK WND
================================================================================
1   2   3   4   5  6A  6B    7    8   9   10  11  12  13   14  15   16   17  18
                                     12Z  AVG MX 2MIN
DY MAX MIN AVG DEP HDD CDD  WTR  SNW DPTH SPD SPD DIR MIN PSBL S-S WX    SPD DR
================================================================================

 1  37  10  24   4  41   0 0.00  0.0    M  1.7  8 200   M    M   1 1      10 230
 2  37  24  31  11  34   0 0.04  0.0    M  4.4  8  40   M    M   9 18     14  50
 3  36   9  23   4  42   0 0.06  0.0    M  7.7 18 260   M    M   8 18     25 320
 4   9   2   6 -13  59   0 0.00  0.0    M 10.5 17 280   M    M   1        25 270
 5   8  -2   3 -16  62   0 0.00  0.0    M  6.9 15 300   M    M   5        20 300
 6   6  -7   0 -19  65   0 0.00  0.0    M  4.5 10 290   M    M   0 8      13 320
 7  15  -6   5 -14  60   0 0.00  0.0    M  4.0 16 300   M    M   1 8      24 300
 8  20  -7   7 -12  58   0    T    T    M  3.9 15 200   M    M   3 18     20 210
 9  30  17  24   5  41   0 0.01    M    M  3.5 12 190   M    M   7 8      16 190
10  39  16  28   9  37   0 0.56    M    M  8.8 26 250   M    M   9 18     41 260
11  28  15  22   3  43   0 0.04    M    M  5.7 14  10   M    M   6 8      20 360
12  22  10  16  -2  49   0    T    M    M  7.4 15 260   M    M   5        20 260
13  16   7  12  -6  53   0 0.00  0.0    M  5.0  9 360   M    M   5        13 340
14  30  10  20   2  45   0 0.00  0.0    M  1.4  8 250   M    M   1 8      10 310
15  35   6  21   3  44   0 0.00  0.0    M  0.6  6 230   M    M   0 18      8 220
16  34  20  27   9  38   0 0.41  0.0    M  3.7 10  60   M    M   9 168    16  60
17  36  33  35  17  30   0 0.05    M    M  2.8  7 220   M    M  10 1      10 230
18  37  33  35  17  30   0 0.00  0.0    M  7.5 17 210   M    M   9 18     22 210
================================================================================
SM  475  190       831   0  1.17    T     90.0          M       89
================================================================================
AV 26.4 10.6                               5.0 FASTST   M    M   5    MAX(MPH)
                                 MISC ---->  # 26 250               # 41  260
================================================================================
NOTES:
# LAST OF SEVERAL OCCURRENCES

COLUMN 17 PEAK WIND IN M.P.H.

PRELIMINARY LOCAL CLIMATOLOGICAL DATA (WS FORM: F-6) , PAGE 2

                                          STATION:  BOSCOBEL_(ASOS) WI
                                          MONTH:    JANUARY
                                          YEAR:     2017
                                          LATITUDE:   43  9 N
                                          LONGITUDE:  90 41 W

[TEMPERATURE DATA]      [PRECIPITATION DATA]       SYMBOLS USED IN COLUMN 16

AVERAGE MONTHLY: 18.5   TOTAL FOR MONTH:   1.17    1 = FOG OR MIST
DPTR FM NORMAL:  -0.2   DPTR FM NORMAL:    0.70    2 = FOG REDUCING VISIBILITY
HIGHEST:    39 ON 10    GRTST 24HR  0.57 ON  9-10      TO 1/4 MILE OR LESS
LOWEST:     -7 ON  8, 6                            3 = THUNDER
                        SNOW, ICE PELLETS, HAIL    4 = ICE PELLETS
                        TOTAL MONTH:    T          5 = HAIL
                        GRTST 24HR    T  ON  8- 8  6 = FREEZING RAIN OR DRIZZLE
                        GRTST DEPTH:  M  ON   M    7 = DUSTSTORM OR SANDSTORM:
                                                       VSBY 1/2 MILE OR LESS
                                                   8 = SMOKE OR HAZE
[NO. OF DAYS WITH]      [WEATHER - DAYS WITH]      9 = BLOWING SNOW
                                                   X = TORNADO
MAX 32 OR BELOW:  10    0.01 INCH OR MORE:   7
MAX 90 OR ABOVE:   0    0.10 INCH OR MORE:   2
MIN 32 OR BELOW:  16    0.50 INCH OR MORE:   1
MIN  0 OR BELOW:   4    1.00 INCH OR MORE:   0

[HDD (BASE 65) ]
TOTAL THIS MO.   831    CLEAR  (SCALE 0-3)   7
DPTR FM NORMAL     0    PTCLDY (SCALE 4-7)   6
TOTAL FM JUL 1  3080    CLOUDY (SCALE 8-10)  5
DPTR FM NORMAL  -555

[CDD (BASE 65) ]
TOTAL THIS MO.     0
DPTR FM NORMAL     0    [PRESSURE DATA]
TOTAL FM JAN 1     0    HIGHEST SLP M ON M
DPTR FM NORMAL     0    LOWEST  SLP 29.20 ON 10

[REMARKS]
