000
CXUS55 KPAH 260633
CF6OWB
PRELIMINARY LOCAL CLIMATOLOGICAL DATA (WS FORM: F-6)

                                          STATION:   OWENSBORO KY
                                          MONTH:     FEBRUARY
                                          YEAR:      2015
                                          LATITUDE:   37 45 N
                                          LONGITUDE:  87 10 W

  TEMPERATURE IN F:       :PCPN:    SNOW:  WIND      :SUNSHINE: SKY     :PK WND
================================================================================
1   2   3   4   5  6A  6B    7    8   9   10  11  12  13   14  15   16   17  18
                                     12Z  AVG MX 2MIN
DY MAX MIN AVG DEP HDD CDD  WTR  SNW DPTH SPD SPD DIR MIN PSBL S-S WX    SPD DR
================================================================================

 1  49  38  44   7  21   0 0.46    M    0 13.2 27 300   M    M   7 1      32 290
 2  38  21  30  -7  35   0    T    M    0 14.6 28 310   M    M  10        39 320
 3  41  20  31  -6  34   0 0.00  0.0    0  8.9 17 230   M    M   0        21 220
 4  53  24  39   1  26   0    T    M    0 10.8 19 360   M    M   5 1      31 340
 5  28  15  22 -16  43   0 0.00  0.0    0  7.1 17 360   M    M   0        27 360
 6  46  16  31  -7  34   0 0.00  0.0    0  6.2 12 220   M    M   0         M  M
 7  62  32  47   9  18   0 0.00  0.0    0 13.3 22 210   M    M   0        30 210
 8  60  45  53  15  12   0    T    M    0 12.6 23 230   M    M   7        33 230
 9  50  31  41   2  24   0    T    M    0 11.6 20 330   M    M  10 1      23 330
10  43  30  37  -2  28   0 0.00  0.0    0  6.4 13  20   M    M   4        16 350
11  51  26  39   0  26   0 0.00  0.0    0  8.3 22 320   M    M   6        25 320
12  32  20  26 -13  39   0    T    M    0 14.3 27 330   M    M   7        36 330
13  36  16  26 -14  39   0 0.00  0.0    0  6.1 16 230   M    M   3        17 230
14  36  11  24 -16  41   0    T    M    0 14.2 32 320   M    M   5 1      38 320
15  22   9  16 -24  49   0    T    M    M  9.0 15  70   M    M   5        18  90
16  22   7  15 -25  50   0 0.08    M    M  9.4 16 110   M    M   9 12     20 100
17  29  -8  11 -30  54   0    T    M    M  4.3 16 250   M    M   5 128    20 250
18  26  -4  11 -30  54   0    T    M    0 13.9 31 320   M    M   4 1      36 320
19  10  -8   1 -40  64   0 0.00  0.0    M  5.8 17 310   M    M   0        20 310
20  32  -6  13 -28  52   0 0.20    M    0  9.3 20 180   M    M   6 16     24 150
21  35  27  31 -11  34   0 1.26    M    0  5.2 14 170   M    M   9 16     15 360
22  34  21  28 -14  37   0 0.00  0.0    0  8.5 17  10   M    M   6 18     24 350
23  22  12  17 -25  48   0 0.00  0.0    0  9.6 16 350   M    M   3        20 360
24  32  14  23 -19  42   0 0.00  0.0    0  7.3 18 240   M    M   1        22 240
25  38  18  28 -15  37   0 0.00    M    0  3.5  8 220   M    M   1         8  30
================================================================================
SM  927  427       941   0  2.00     0.0 233.4          M      113
================================================================================
AV 37.1 17.1                               9.3 FASTST   M    M   5    MAX(MPH)
                                 MISC ---->  # 32 320                 39    M
================================================================================
NOTES:
# LAST OF SEVERAL OCCURRENCES

COLUMN 17 PEAK WIND IN M.P.H.

PRELIMINARY LOCAL CLIMATOLOGICAL DATA (WS FORM: F-6) , PAGE 2

                                          STATION:  OWENSBORO KY
                                          MONTH:    FEBRUARY
                                          YEAR:     2015
                                          LATITUDE:   37 45 N
                                          LONGITUDE:  87 10 W

[TEMPERATURE DATA]      [PRECIPITATION DATA]       SYMBOLS USED IN COLUMN 16

AVERAGE MONTHLY: 27.1   TOTAL FOR MONTH:   2.00    1 = FOG OR MIST
DPTR FM NORMAL: -12.6   DPTR FM NORMAL:   -1.73    2 = FOG REDUCING VISIBILITY
HIGHEST:    62 ON  7    GRTST 24HR  1.26 ON 21-21      TO 1/4 MILE OR LESS
LOWEST:     -8 ON 19,17                            3 = THUNDER
                        SNOW, ICE PELLETS, HAIL    4 = ICE PELLETS
                        TOTAL MONTH:   0.0 INCH    5 = HAIL
                        GRTST 24HR     0.0         6 = FREEZING RAIN OR DRIZZLE
                        GRTST DEPTH:   0           7 = DUSTSTORM OR SANDSTORM:
                                                       VSBY 1/2 MILE OR LESS
                                                   8 = SMOKE OR HAZE
[NO. OF DAYS WITH]      [WEATHER - DAYS WITH]      9 = BLOWING SNOW
                                                   X = TORNADO
MAX 32 OR BELOW:  10    0.01 INCH OR MORE:   4
MAX 90 OR ABOVE:   0    0.10 INCH OR MORE:   3
MIN 32 OR BELOW:  23    0.50 INCH OR MORE:   1
MIN  0 OR BELOW:   4    1.00 INCH OR MORE:   1

[HDD (BASE 65) ]
TOTAL THIS MO.   941    CLEAR  (SCALE 0-3)   8
DPTR FM NORMAL   309    PTCLDY (SCALE 4-7)  13
TOTAL FM JUL 1  3641    CLOUDY (SCALE 8-10)  4
DPTR FM NORMAL   617

[CDD (BASE 65) ]
TOTAL THIS MO.     0
DPTR FM NORMAL     0    [PRESSURE DATA]
TOTAL FM JAN 1     0    HIGHEST SLP M ON M
DPTR FM NORMAL     0    LOWEST  SLP M ON M

[REMARKS]
