000
CXUS55 KLOX 251655
CF6OXR
PRELIMINARY LOCAL CLIMATOLOGICAL DATA (WS FORM: F-6)

                                          STATION:   OXNARD AIRPORT CA
                                          MONTH:     JULY
                                          YEAR:      2017
                                          LATITUDE:   34 12 N
                                          LONGITUDE: 119 12 W

  TEMPERATURE IN F:       :PCPN:    SNOW:  WIND      :SUNSHINE: SKY     :PK WND
================================================================================
1   2   3   4   5  6A  6B    7    8   9   10  11  12  13   14  15   16   17  18
                                     12Z  AVG MX 2MIN
DY MAX MIN AVG DEP HDD CDD  WTR  SNW DPTH SPD SPD DIR MIN PSBL S-S WX    SPD DR
================================================================================

 1  69  59  64  -1   1   0 0.00  0.0    0  5.0 14 270   M    M   8 18     18 280
 2  71  61  66   1   0   1 0.00  0.0    0  5.7 13 240   M    M   5        19 240
 3  71  58  65   0   0   0 0.00  0.0    0  7.0 16 270   M    M   3 18     19 270
 4  69  60  65   0   0   0 0.00  0.0    0  7.8 17 280   M    M   5 18     24 250
 5  73  60  67   2   0   2 0.00  0.0    0  6.4 13 290   M    M   1 18     21 240
 6  75  61  68   3   0   3 0.00  0.0    0  6.8 16 290   M    M   0        21 270
 7  80  63  72   7   0   7 0.00  0.0    0  4.4 13 290   M    M   0 8      16 270
 8  85  65  75  10   0  10 0.00  0.0    0  4.6 13 260   M    M   0 18     16 270
 9  80  67  74   8   0   9 0.00  0.0    0  7.3 15 270   M    M   0 18      M 330
10  79  68  74   8   0   9    T  0.0    0  5.8 12 230   M    M   2        15 240
11  75  65  70   4   0   5 0.00  0.0    0  5.3 12 270   M    M   4 1      20 310
12  73  64  69   3   0   4 0.00  0.0    0  5.3 14 270   M    M   8 18      M  M
13  72  63  68   2   0   3 0.00  0.0    0  6.0 16 270   M    M   8 18      M  M
14  69  62  66   0   0   1 0.00  0.0    0  7.0 15 270   M    M   8         M  M
15  75  62  69   3   0   4 0.00  0.0    0  4.9 13 260   M    M   0 1       M  M
16  76  66  71   5   0   6 0.00  0.0    0  5.1 15 230   M    M   1        20 240
17  75  66  71   5   0   6 0.00  0.0    0  4.9 12 220   M    M   6 18     17 250
18  75  65  70   4   0   5 0.00  0.0    0  7.2 18 270   M    M   8 1      25 220
19  74  63  69   3   0   4 0.00  0.0    0  7.3 16 280   M    M   4 1      22 270
20  74  62  68   2   0   3 0.00  0.0    0  6.6 18 260   M    M   2 18     31 270
21  74  60  67   1   0   2 0.00  0.0    0  6.0 17 260   M    M   3        26 110
22  74  60  67   1   0   2 0.00  0.0    0  7.0 17 260   M    M   4 18     20 260
23  71  63  67   1   0   2 0.00  0.0    0  5.1 13 260   M    M   9 1      16 260
24  71  63  67   1   0   2 0.00  0.0    0  5.8 12 260   M    M   7        19 250
================================================================================
SM 1780 1506         1  90    T      0.0 144.3          M       96
================================================================================
AV 74.2 62.8                               6.0 FASTST   M    M   4    MAX(MPH)
                                 MISC ---->  # 18 270               # 31  270
================================================================================
NOTES:
# LAST OF SEVERAL OCCURRENCES

COLUMN 17 PEAK WIND IN M.P.H.

PRELIMINARY LOCAL CLIMATOLOGICAL DATA (WS FORM: F-6) , PAGE 2

                                          STATION:  OXNARD AIRPORT CA
                                          MONTH:    JULY
                                          YEAR:     2017
                                          LATITUDE:   34 12 N
                                          LONGITUDE: 119 12 W

[TEMPERATURE DATA]      [PRECIPITATION DATA]       SYMBOLS USED IN COLUMN 16

AVERAGE MONTHLY: 68.5   TOTAL FOR MONTH:      T    1 = FOG OR MIST
DPTR FM NORMAL:   2.8   DPTR FM NORMAL:   -0.02    2 = FOG REDUCING VISIBILITY
HIGHEST:    85 ON  8    GRTST 24HR    T  ON 10-10      TO 1/4 MILE OR LESS
LOWEST:     58 ON  3                               3 = THUNDER
                        SNOW, ICE PELLETS, HAIL    4 = ICE PELLETS
                        TOTAL MONTH:   0.0 INCH    5 = HAIL
                        GRTST 24HR     0.0         6 = FREEZING RAIN OR DRIZZLE
                        GRTST DEPTH:   0           7 = DUSTSTORM OR SANDSTORM:
                                                       VSBY 1/2 MILE OR LESS
                                                   8 = SMOKE OR HAZE
[NO. OF DAYS WITH]      [WEATHER - DAYS WITH]      9 = BLOWING SNOW
                                                   X = TORNADO
MAX 32 OR BELOW:   0    0.01 INCH OR MORE:   0
MAX 90 OR ABOVE:   0    0.10 INCH OR MORE:   0
MIN 32 OR BELOW:   0    0.50 INCH OR MORE:   0
MIN  0 OR BELOW:   0    1.00 INCH OR MORE:   0

[HDD (BASE 65) ]
TOTAL THIS MO.     1    CLEAR  (SCALE 0-3)  10
DPTR FM NORMAL   -23    PTCLDY (SCALE 4-7)  12
TOTAL FM JUL 1     1    CLOUDY (SCALE 8-10)  2
DPTR FM NORMAL   -23

[CDD (BASE 65) ]
TOTAL THIS MO.    90
DPTR FM NORMAL    55    [PRESSURE DATA]
TOTAL FM JAN 1   115    HIGHEST SLP M ON M
DPTR FM NORMAL    59    LOWEST  SLP 29.75 ON  8

[REMARKS]
