000
CXUS55 KLOX 241655
CF6OXR
PRELIMINARY LOCAL CLIMATOLOGICAL DATA (WS FORM: F-6)

                                          STATION:   OXNARD AIRPORT CA
                                          MONTH:     MAY
                                          YEAR:      2017
                                          LATITUDE:   34 12 N
                                          LONGITUDE: 119 12 W

  TEMPERATURE IN F:       :PCPN:    SNOW:  WIND      :SUNSHINE: SKY     :PK WND
================================================================================
1   2   3   4   5  6A  6B    7    8   9   10  11  12  13   14  15   16   17  18
                                     12Z  AVG MX 2MIN
DY MAX MIN AVG DEP HDD CDD  WTR  SNW DPTH SPD SPD DIR MIN PSBL S-S WX    SPD DR
================================================================================

 1  74  52  63   4   2   0 0.00  0.0    0  4.5 12 260   M    M   0 18     14 260
 2  74  56  65   6   0   0 0.00  0.0    0  4.4 12 270   M    M   0        14 270
 3  73  55  64   5   1   0 0.00  0.0    0  4.5 12 250   M    M   4 12     19 210
 4  66  55  61   2   4   0 0.00  0.0    0  6.2 16 280   M    M  10 18     20 280
 5  62  55  59   0   6   0 0.00  0.0    0  4.0 13 240   M    M  10 1      16 270
 6  66  53  60   1   5   0 0.01  0.0    0 15.3 36 270   M    M   7 1      45 260
 7  62  51  57  -2   8   0 0.12  0.0    0  5.4 15 280   M    M   5 3       M  M
 8  67  48  58  -2   7   0 0.00  0.0    0  8.8 24 260   M    M   1 18     27 280
 9  70  52  61   1   4   0 0.00  0.0    0  6.5 21 160   M    M   6 18     30 150
10  66  58  62   2   3   0 0.00  0.0    0  5.2 10 200   M    M   9        15 190
11  69  55  62   2   3   0 0.00  0.0    0  7.6 18 280   M    M   3        25 230
12  67  53  60   0   5   0 0.00  0.0    0  6.3 18 260   M    M   3 18     22 250
13  71  51  61   1   4   0 0.00  0.0    0  9.0 21 260   M    M   0        28 230
14  68  49  59  -1   6   0 0.00  0.0    0 11.2 22 260   M    M   0        33 230
15  66  51  59  -1   6   0 0.00  0.0    0 10.6 25 260   M    M   1        35 260
16  65  50  58  -2   7   0 0.00  0.0    0  6.6 15 240   M    M   0        19 220
17  66  52  59  -1   6   0 0.00  0.0    0  6.6 18 250   M    M   1         M  M
18  69  52  61   1   4   0 0.00  0.0    0  6.2 17 280   M    M   0        23 280
19  78  54  66   6   0   1 0.00  0.0    0  5.6 17 280   M    M   0         M  M
20  80  58  69   8   0   4 0.00  0.0    0  8.1 21 270   M    M   0        23 270
21  74  57  66   5   0   1 0.00  0.0    0  7.3 17 270   M    M   2 1      20 270
22  65  56  61   0   4   0 0.00  0.0    0  6.7 16 280   M    M   9 18     20 270
23  66  55  61   0   4   0 0.00  0.0    0  7.1 20 260   M    M   8 18     23 270
================================================================================
SM 1584 1228        89   6  0.13     0.0 163.7          M       79
================================================================================
AV 68.9 53.4                               7.1 FASTST   M    M   3    MAX(MPH)
                                 MISC ---->  # 36 270               # 45  260
================================================================================
NOTES:
# LAST OF SEVERAL OCCURRENCES

COLUMN 17 PEAK WIND IN M.P.H.

PRELIMINARY LOCAL CLIMATOLOGICAL DATA (WS FORM: F-6) , PAGE 2

                                          STATION:  OXNARD AIRPORT CA
                                          MONTH:    MAY
                                          YEAR:     2017
                                          LATITUDE:   34 12 N
                                          LONGITUDE: 119 12 W

[TEMPERATURE DATA]      [PRECIPITATION DATA]       SYMBOLS USED IN COLUMN 16

AVERAGE MONTHLY: 61.1   TOTAL FOR MONTH:   0.13    1 = FOG OR MIST
DPTR FM NORMAL:   1.3   DPTR FM NORMAL:   -0.01    2 = FOG REDUCING VISIBILITY
HIGHEST:    80 ON 20    GRTST 24HR  0.12 ON  7- 7      TO 1/4 MILE OR LESS
LOWEST:     48 ON  8                               3 = THUNDER
                        SNOW, ICE PELLETS, HAIL    4 = ICE PELLETS
                        TOTAL MONTH:   0.0 INCH    5 = HAIL
                        GRTST 24HR     0.0         6 = FREEZING RAIN OR DRIZZLE
                        GRTST DEPTH:   0           7 = DUSTSTORM OR SANDSTORM:
                                                       VSBY 1/2 MILE OR LESS
                                                   8 = SMOKE OR HAZE
[NO. OF DAYS WITH]      [WEATHER - DAYS WITH]      9 = BLOWING SNOW
                                                   X = TORNADO
MAX 32 OR BELOW:   0    0.01 INCH OR MORE:   2
MAX 90 OR ABOVE:   0    0.10 INCH OR MORE:   1
MIN 32 OR BELOW:   0    0.50 INCH OR MORE:   0
MIN  0 OR BELOW:   0    1.00 INCH OR MORE:   0

[HDD (BASE 65) ]
TOTAL THIS MO.    89    CLEAR  (SCALE 0-3)  14
DPTR FM NORMAL   -32    PTCLDY (SCALE 4-7)   5
TOTAL FM JUL 1  1181    CLOUDY (SCALE 8-10)  4
DPTR FM NORMAL  -750

[CDD (BASE 65) ]
TOTAL THIS MO.     6
DPTR FM NORMAL     6    [PRESSURE DATA]
TOTAL FM JAN 1    11    HIGHEST SLP M ON M
DPTR FM NORMAL    -1    LOWEST  SLP 29.67 ON  6

[REMARKS]
