000
CXUS55 KLOX 291155
CF6OXR
PRELIMINARY LOCAL CLIMATOLOGICAL DATA (WS FORM: F-6)

                                          STATION:   OXNARD AIRPORT CA
                                          MONTH:     APRIL
                                          YEAR:      2016
                                          LATITUDE:   34 12 N
                                          LONGITUDE: 119 12 W

  TEMPERATURE IN F:       :PCPN:    SNOW:  WIND      :SUNSHINE: SKY     :PK WND
================================================================================
1   2   3   4   5  6A  6B    7    8   9   10  11  12  13   14  15   16   17  18
                                     12Z  AVG MX 2MIN
DY MAX MIN AVG DEP HDD CDD  WTR  SNW DPTH SPD SPD DIR MIN PSBL S-S WX    SPD DR
================================================================================

 1  65  48  57   1   8   0 0.00  0.0    0  5.4 14 270   M    M   1        18 240
 2  69  50  60   4   5   0 0.00  0.0    0  6.1 16 260   M    M   0        18 270
 3  63  49  56   0   9   0 0.00  0.0    0  8.6 21 280   M    M   4 12     27 260
 4  71  49  60   4   5   0 0.00  0.0    0  3.7 12 270   M    M   0 1      15 260
 5  74  51  63   7   2   0 0.00  0.0    0  4.9 13 250   M    M   0        15 260
 6  68  55  62   6   3   0 0.00  0.0    0  5.5 12 200   M    M   1        15 200
 7  67  57  62   6   3   0    T  0.0    0  6.1 17 280   M    M   5        20 280
 8  63  58  61   5   4   0 0.09  0.0    0  4.3 10 290   M    M  10 18     12 280
 9  67  58  63   7   2   0 0.39  0.0    0  6.7 16  50   M    M   9 18     20  60
10  67  52  60   4   5   0 0.00  0.0    0  4.6 13 220   M    M   4        19 230
11  68  57  63   7   2   0 0.00  0.0    0  6.2 18 280   M    M   4        21 280
12  67  53  60   4   5   0 0.00  0.0    0  7.2 18 270   M    M   1        22 260
13  65  56  61   5   4   0 0.00  0.0    0  5.8 15 260   M    M   5 1      19 260
14  72  52  62   5   3   0 0.00  0.0    0  9.6 30 270   M    M   0        37 270
15  71  49  60   3   5   0 0.00  0.0    0  6.0  M   M   M    M   0         M  M
16  79  49  64   7   1   0 0.00  0.0    0  8.4 23 280   M    M   0        34 240
17  90  55  73  16   0   8 0.00  0.0    0  9.5 26  70   M    M   0        34  80
18  80  57  69  12   0   4 0.00  0.0    0  5.8 12 220   M    M   0        15 220
19  80  57  69  12   0   4 0.00  0.0    0  5.3 12 270   M    M   0 8      17  10
20  77  52  65   8   0   0 0.00  0.0    0  7.4 17 280   M    M   0        21 280
21  71  52  62   5   3   0 0.00  0.0    0  8.5 25 270   M    M   0        31 270
22  70  55  63   6   2   0 0.00  0.0    0 13.3 30 270   M    M   3        35 230
23  71  51  61   3   4   0 0.00  0.0    0  7.7 20 260   M    M   0        24 260
24  68  50  59   1   6   0 0.00  0.0    0 10.5 26 280   M    M   0        33 290
25  66  51  59   1   6   0 0.00  0.0    0 20.4 39 270   M    M   0 8      47 260
26  65  45  55  -3  10   0 0.00  0.0    0  5.8 16 240   M    M   0 8      21 250
27  69  50  60   2   5   0 0.00  0.0    0 15.8 40 260   M    M   0 8      52 260
28  65  47  56  -2   9   0 0.00  0.0    0 11.6 26 290   M    M   0        33 290
================================================================================
SM 1968 1465       111  16  0.48     0.0 220.7          M       47
================================================================================
AV 70.3 52.3                               7.9 FASTST   M    M   2    MAX(MPH)
                                 MISC ---->    40   M                 52    M
================================================================================
NOTES:
# LAST OF SEVERAL OCCURRENCES

COLUMN 17 PEAK WIND IN M.P.H.

PRELIMINARY LOCAL CLIMATOLOGICAL DATA (WS FORM: F-6) , PAGE 2

                                          STATION:  OXNARD AIRPORT CA
                                          MONTH:    APRIL
                                          YEAR:     2016
                                          LATITUDE:   34 12 N
                                          LONGITUDE: 119 12 W

[TEMPERATURE DATA]      [PRECIPITATION DATA]       SYMBOLS USED IN COLUMN 16

AVERAGE MONTHLY: 61.3   TOTAL FOR MONTH:   0.48    1 = FOG OR MIST
DPTR FM NORMAL:   4.6   DPTR FM NORMAL:   -0.42    2 = FOG REDUCING VISIBILITY
HIGHEST:    90 ON 17    GRTST 24HR  0.40 ON  8- 9      TO 1/4 MILE OR LESS
LOWEST:     45 ON 26                               3 = THUNDER
                        SNOW, ICE PELLETS, HAIL    4 = ICE PELLETS
                        TOTAL MONTH:   0.0 INCH    5 = HAIL
                        GRTST 24HR     0.0         6 = FREEZING RAIN OR DRIZZLE
                        GRTST DEPTH:   0           7 = DUSTSTORM OR SANDSTORM:
                                                       VSBY 1/2 MILE OR LESS
                                                   8 = SMOKE OR HAZE
[NO. OF DAYS WITH]      [WEATHER - DAYS WITH]      9 = BLOWING SNOW
                                                   X = TORNADO
MAX 32 OR BELOW:   0    0.01 INCH OR MORE:   2
MAX 90 OR ABOVE:   1    0.10 INCH OR MORE:   1
MIN 32 OR BELOW:   0    0.50 INCH OR MORE:   0
MIN  0 OR BELOW:   0    1.00 INCH OR MORE:   0

[HDD (BASE 65) ]
TOTAL THIS MO.   111    CLEAR  (SCALE 0-3)  21
DPTR FM NORMAL  -120    PTCLDY (SCALE 4-7)   5
TOTAL FM JUL 1  1142    CLOUDY (SCALE 8-10)  2
DPTR FM NORMAL  -655

[CDD (BASE 65) ]
TOTAL THIS MO.    16
DPTR FM NORMAL    16    [PRESSURE DATA]
TOTAL FM JAN 1    69    HIGHEST SLP M ON M
DPTR FM NORMAL    58    LOWEST  SLP 29.69 ON 27

[REMARKS]
