000
CXUS55 KLOX 251155
CF6OXR
PRELIMINARY LOCAL CLIMATOLOGICAL DATA (WS FORM: F-6)

                                          STATION:   OXNARD AIRPORT CA
                                          MONTH:     APRIL
                                          YEAR:      2017
                                          LATITUDE:   34 12 N
                                          LONGITUDE: 119 12 W

  TEMPERATURE IN F:       :PCPN:    SNOW:  WIND      :SUNSHINE: SKY     :PK WND
================================================================================
1   2   3   4   5  6A  6B    7    8   9   10  11  12  13   14  15   16   17  18
                                     12Z  AVG MX 2MIN
DY MAX MIN AVG DEP HDD CDD  WTR  SNW DPTH SPD SPD DIR MIN PSBL S-S WX    SPD DR
================================================================================

 1  71  49  60   4   5   0 0.00  0.0    0  7.1 17 290   M    M   0        20 280
 2  68  51  60   4   5   0 0.00  0.0    0  5.1 12 270   M    M   2        16 230
 3  64  55  60   4   5   0 0.00  0.0    0  4.9 13 270   M    M   9 18     17 240
 4  66  54  60   4   5   0 0.00  0.0    0  6.2 18 270   M    M   4 8      23 270
 5  77  52  65   9   0   0 0.00  0.0    0  5.4 12 270   M    M   0 1      15 270
 6  67  52  60   4   5   0 0.00  0.0    0  4.3 12 240   M    M   2 128    15 220
 7  66  51  59   3   6   0 0.16  0.0    0  6.2 10 220   M    M   5 18     15 230
 8  66  52  59   3   6   0 0.01  0.0    0 12.0 35 270   M    M   4 1      43 260
 9  66  48  57   1   8   0 0.00  0.0    0  9.2 24 290   M    M   0        42 310
10  70  48  59   3   6   0 0.00  0.0    0  6.4 17 260   M    M   0        20 270
11  67  48  58   2   7   0 0.00  0.0    0  6.9 18 270   M    M   0        22 270
12  70  50  60   4   5   0 0.00  0.0    0  8.0 22 280   M    M   2 1      27 290
13  65  52  59   3   6   0    T  0.0    0 10.0 26 260   M    M   5 12     33 260
14  67  47  57   0   8   0 0.00  0.0    0  7.0 17 270   M    M   0        23 270
15  70  52  61   4   4   0 0.00  0.0    0  6.0 14 270   M    M   0        16 270
16  68  49  59   2   6   0 0.00  0.0    0  7.5 20 270   M    M   0        24 270
17  69  52  61   4   4   0 0.00  0.0    0  5.1 13 230   M    M   7 1      16 240
18  70  57  64   7   1   0    T  0.0    0  4.4 15 200   M    M   9 1      18 200
19  70  56  63   6   2   0 0.00  0.0    0  6.2 16 270   M    M   4        20 270
20  72  50  61   4   4   0 0.00  0.0    0  6.2 20 270   M    M   0 18     24 270
21  80  53  67  10   0   2 0.00  0.0    0  6.9 20 270   M    M   0 1      25 290
22  74  55  65   8   0   0 0.00  0.0    0  5.9 15 260   M    M   0        18 290
23  67  53  60   2   5   0 0.00  0.0    0  6.6 16 250   M    M   0 1      20 240
24  67  53  60   2   5   0 0.00  0.0    0  6.7 17 250   M    M   1        21 250
================================================================================
SM 1657 1239       108   2  0.17     0.0 160.2          M       54
================================================================================
AV 69.0 51.6                               6.7 FASTST   M    M   2    MAX(MPH)
                                 MISC ---->  # 35 270               # 43  260
================================================================================
NOTES:
# LAST OF SEVERAL OCCURRENCES

COLUMN 17 PEAK WIND IN M.P.H.

PRELIMINARY LOCAL CLIMATOLOGICAL DATA (WS FORM: F-6) , PAGE 2

                                          STATION:  OXNARD AIRPORT CA
                                          MONTH:    APRIL
                                          YEAR:     2017
                                          LATITUDE:   34 12 N
                                          LONGITUDE: 119 12 W

[TEMPERATURE DATA]      [PRECIPITATION DATA]       SYMBOLS USED IN COLUMN 16

AVERAGE MONTHLY: 60.3   TOTAL FOR MONTH:   0.17    1 = FOG OR MIST
DPTR FM NORMAL:   3.8   DPTR FM NORMAL:   -0.62    2 = FOG REDUCING VISIBILITY
HIGHEST:    80 ON 21    GRTST 24HR  0.17 ON  7- 8      TO 1/4 MILE OR LESS
LOWEST:     47 ON 14                               3 = THUNDER
                        SNOW, ICE PELLETS, HAIL    4 = ICE PELLETS
                        TOTAL MONTH:   0.0 INCH    5 = HAIL
                        GRTST 24HR     0.0         6 = FREEZING RAIN OR DRIZZLE
                        GRTST DEPTH:   0           7 = DUSTSTORM OR SANDSTORM:
                                                       VSBY 1/2 MILE OR LESS
                                                   8 = SMOKE OR HAZE
[NO. OF DAYS WITH]      [WEATHER - DAYS WITH]      9 = BLOWING SNOW
                                                   X = TORNADO
MAX 32 OR BELOW:   0    0.01 INCH OR MORE:   2
MAX 90 OR ABOVE:   0    0.10 INCH OR MORE:   1
MIN 32 OR BELOW:   0    0.50 INCH OR MORE:   0
MIN  0 OR BELOW:   0    1.00 INCH OR MORE:   0

[HDD (BASE 65) ]
TOTAL THIS MO.   108    CLEAR  (SCALE 0-3)  16
DPTR FM NORMAL   -95    PTCLDY (SCALE 4-7)   6
TOTAL FM JUL 1  1078    CLOUDY (SCALE 8-10)  2
DPTR FM NORMAL  -691

[CDD (BASE 65) ]
TOTAL THIS MO.     2
DPTR FM NORMAL     2    [PRESSURE DATA]
TOTAL FM JAN 1     3    HIGHEST SLP M ON M
DPTR FM NORMAL    -8    LOWEST  SLP 29.77 ON 23

[REMARKS]
