000
CXUS53 KDDC 251200
CF6P28
PRELIMINARY LOCAL CLIMATOLOGICAL DATA (WS FORM: F-6)

                                          STATION:   MEDICINE LODGE KS
                                          MONTH:     OCTOBER
                                          YEAR:      2014
                                          LATITUDE:   37 17 N
                                          LONGITUDE:  98 35 W

  TEMPERATURE IN F:       :PCPN:    SNOW:  WIND      :SUNSHINE: SKY     :PK WND
================================================================================
1   2   3   4   5  6A  6B    7    8   9   10  11  12  13   14  15   16   17  18
                                     12Z  AVG MX 2MIN
DY MAX MIN AVG DEP HDD CDD  WTR  SNW DPTH SPD SPD DIR MIN PSBL S-S WX    SPD DR
================================================================================

 1  91  65  78  13   0  13 0.00  0.0    0  6.9 17 200   M    M   0        24 200
 2  70  47  59  -5   6   0 0.02  0.0    0 11.5 26 360   M    M   0        33  20
 3  64  38  51 -13  14   0 0.00  0.0    0 11.5 32 360   M    M   0        48 350
 4  83  34  59  -5   6   0 0.00  0.0    0  5.1 18 300   M    M   0        23 330
 5  84  44  64   1   1   0 0.00  0.0    0  7.2 30  10   M    M   0        43  20
 6  85  48  67   4   0   2 0.00  0.0    0  5.8 21 220   M    M   0        25 230
 7  92  48  70   8   0   5 0.00  0.0    0  5.6 15  50   M    M   0        20  70
 8  87  65  76  14   0  11 0.00  0.0    0 10.1 17 180   M    M   0        24 180
 9  80  59  70   8   0   5 0.00  0.0    0  9.7 23  20   M    M   0        30  20
10  60  45  53  -8  12   0 0.07  0.0    0 15.0 24  10   M    M   0        31  40
11  66  43  55  -6  10   0 0.00  0.0    0  6.1 15  20   M    M   0        20  20
12  69  39  54  -6  11   0 0.42  0.0    0 10.4 26 170   M    M   0        35 180
13  66  51  59  -1   6   0 0.13  0.0    0 20.5 35 360   M    M   0        48  20
14  71  44  58  -1   7   0 0.00  0.0    0  9.6 23 340   M    M   0        32 320
15  75  39  57  -2   8   0 0.00  0.0    0  5.7 15 180   M    M   0        19 180
16  80  49  65   6   0   0 0.00  0.0    0  7.0 16  20   M    M   0        20  20
17  74  45  60   2   5   0 0.00  0.0    0  7.4 17  20   M    M   0        22  10
18  66  43  55  -3  10   0 0.00  0.0    0  4.1 12  50   M    M   0        14  50
19  74  46  60   2   5   0 0.00  0.0    0  7.0 15 170   M    M   0        20 170
20  82  50  66   9   0   1 0.00  0.0    0  4.9 16  90   M    M   0        20  80
21  83  52  68  11   0   3 0.00  0.0    0  6.3 16 180   M    M   0        22 190
22  80  55  68  12   0   3 0.03  0.0    0  9.5 24 180   M    M   0        32 180
23  76  57  67  11   0   2 0.03  0.0    0  5.4 20 200   M    M   0        24 200
24  85  55  70  14   0   5 0.00  0.0    0  5.0 13 170   M    M   0        17 190
================================================================================
SM 1843 1161       101  50  0.70     0.0 197.3          M        0
================================================================================
AV 76.8 48.4                               8.2 FASTST   M    M   0    MAX(MPH)
                                 MISC ---->  # 35 360               # 48  350
================================================================================
NOTES:
# LAST OF SEVERAL OCCURRENCES

COLUMN 17 PEAK WIND IN M.P.H.

PRELIMINARY LOCAL CLIMATOLOGICAL DATA (WS FORM: F-6) , PAGE 2

                                          STATION:  MEDICINE LODGE KS
                                          MONTH:    OCTOBER
                                          YEAR:     2014
                                          LATITUDE:   37 17 N
                                          LONGITUDE:  98 35 W

[TEMPERATURE DATA]      [PRECIPITATION DATA]       SYMBOLS USED IN COLUMN 16

AVERAGE MONTHLY: 62.6   TOTAL FOR MONTH:   0.70    1 = FOG OR MIST
DPTR FM NORMAL:   2.4   DPTR FM NORMAL:   -1.59    2 = FOG REDUCING VISIBILITY
HIGHEST:    92 ON  7    GRTST 24HR  0.55 ON 12-13      TO 1/4 MILE OR LESS
LOWEST:     34 ON  4                               3 = THUNDER
                        SNOW, ICE PELLETS, HAIL    4 = ICE PELLETS
                        TOTAL MONTH:   0.0 INCH    5 = HAIL
                        GRTST 24HR     0.0         6 = FREEZING RAIN OR DRIZZLE
                        GRTST DEPTH:   0           7 = DUSTSTORM OR SANDSTORM:
                                                       VSBY 1/2 MILE OR LESS
                                                   8 = SMOKE OR HAZE
[NO. OF DAYS WITH]      [WEATHER - DAYS WITH]      9 = BLOWING SNOW
                                                   X = TORNADO
MAX 32 OR BELOW:   0    0.01 INCH OR MORE:   6
MAX 90 OR ABOVE:   2    0.10 INCH OR MORE:   2
MIN 32 OR BELOW:   0    0.50 INCH OR MORE:   0
MIN  0 OR BELOW:   0    1.00 INCH OR MORE:   0

[HDD (BASE 65) ]
TOTAL THIS MO.   101    CLEAR  (SCALE 0-3)  24
DPTR FM NORMAL   -56    PTCLDY (SCALE 4-7)   0
TOTAL FM JUL 1   125    CLOUDY (SCALE 8-10)  0
DPTR FM NORMAL   -66

[CDD (BASE 65) ]
TOTAL THIS MO.    50
DPTR FM NORMAL    13    [PRESSURE DATA]
TOTAL FM JAN 1  1787    HIGHEST SLP M ON M
DPTR FM NORMAL    19    LOWEST  SLP 29.52 ON 12

[REMARKS]
