000
CXUS54 KLZK 251330
CF6PBF
PRELIMINARY LOCAL CLIMATOLOGICAL DATA (WS FORM: F-6)

                                          STATION:   Pine Bluff
                                          MONTH:     MAY
                                          YEAR:      2015
                                          LATITUDE:   34 10 N
                                          LONGITUDE:  91 56 W

  TEMPERATURE IN F:       :PCPN:    SNOW:  WIND      :SUNSHINE: SKY     :PK WND
================================================================================
1   2   3   4   5  6A  6B    7    8   9   10  11  12  13   14  15   16   17  18
                                     12Z  AVG MX 2MIN
DY MAX MIN AVG DEP HDD CDD  WTR  SNW DPTH SPD SPD DIR MIN PSBL S-S WX    SPD DR
================================================================================

 1  73  52  63  -4   2   0 0.00  0.0    0  5.8 13  30   M    M   0        19  20
 2  78  46  62  -6   3   0 0.00  0.0    0  2.2  8 160   M    M   0        13 190
 3  84  53  69   1   0   4 0.00  0.0    0  5.8 15 180   M    M   2        23 190
 4  83  60  72   4   0   7 0.00  0.0    0  5.8 14 150   M    M   0        19 180
 5  85  64  75   7   0  10 0.00  0.0    0  9.0 21 170   M    M   2 8      29 170
 6  85  60  73   4   0   8 0.00  0.0    0  7.3 17 170   M    M   1        23 160
 7  86  63  75   6   0  10 0.00  0.0    0  7.4 17 150   M    M   3 8      22 150
 8  82  70  76   7   0  11 0.02  0.0    0  8.7 20 180   M    M   5        24 180
 9  82  67  75   5   0  10 1.08  0.0    0  7.6 23 270   M    M   8 13     29 260
10  84  70  77   7   0  12    T  0.0    0  7.5 15 180   M    M   3        19 170
11  76  65  71   1   0   6 0.93  0.0    0  6.7 28 270   M    M   4 13     35 260
12  72  60  66  -4   0   1 0.00  0.0    0  7.5 16  70   M    M   1        20  60
13  72  59  66  -5   0   1 0.00  0.0    0  6.6 15  70   M    M   7        18  60
14  86  63  75   4   0  10    T  0.0    0  6.1 17 170   M    M   3        19 170
15  86  68  77   6   0  12    T  0.0    0  7.4 17 170   M    M   3 3      22 170
16  85  70  78   6   0  13 0.01  0.0    0  9.8 17 230   M    M   6 3      24 170
17  87  71  79   7   0  14 0.06  0.0    0 10.2 22 180   M    M   5 13     28 180
18  79  66  73   1   0   8 0.00  0.0    0  7.2 15 210   M    M   5        19 210
19  83  64  74   2   0   9 0.05  0.0    0  5.7 12  60   M    M   7 12     15  30
20  82  67  75   2   0  10 0.94  0.0    0  7.1 20 290   M    M   5 13     25 290
21  69  52  61 -12   4   0    T  0.0    0 11.9 20  10   M    M   7 1      24  20
22  73  49  61 -12   4   0 0.00  0.0    0  6.3 14  80   M    M   0        18  80
23  84  59  72  -2   0   7 0.00  0.0    0  6.4 16 140   M    M   3        18 130
24  85  69  77   3   0  12 0.15  0.0    0 11.7 44 200   M    M   5 13     59 200
================================================================================
SM 1941 1487        13 175  3.24     0.0 177.7          M       85
================================================================================
AV 80.9 62.0                               7.4 FASTST   M    M   4    MAX(MPH)
                                 MISC ---->  # 44 200               # 59  200
================================================================================
NOTES:
# LAST OF SEVERAL OCCURRENCES

COLUMN 17 PEAK WIND IN M.P.H.

PRELIMINARY LOCAL CLIMATOLOGICAL DATA (WS FORM: F-6) , PAGE 2

                                          STATION:  Pine Bluff
                                          MONTH:    MAY
                                          YEAR:     2015
                                          LATITUDE:   34 10 N
                                          LONGITUDE:  91 56 W

[TEMPERATURE DATA]      [PRECIPITATION DATA]       SYMBOLS USED IN COLUMN 16

AVERAGE MONTHLY: 71.4   TOTAL FOR MONTH:   3.24    1 = FOG OR MIST
DPTR FM NORMAL:   0.8   DPTR FM NORMAL:   -0.72    2 = FOG REDUCING VISIBILITY
HIGHEST:    87 ON 17    GRTST 24HR  1.08 ON  9- 9      TO 1/4 MILE OR LESS
LOWEST:     46 ON  2                               3 = THUNDER
                        SNOW, ICE PELLETS, HAIL    4 = ICE PELLETS
                        TOTAL MONTH:   0.0 INCH    5 = HAIL
                        GRTST 24HR     0.0         6 = FREEZING RAIN OR DRIZZLE
                        GRTST DEPTH:   0           7 = DUSTSTORM OR SANDSTORM:
                                                       VSBY 1/2 MILE OR LESS
                                                   8 = SMOKE OR HAZE
[NO. OF DAYS WITH]      [WEATHER - DAYS WITH]      9 = BLOWING SNOW
                                                   X = TORNADO
MAX 32 OR BELOW:   0    0.01 INCH OR MORE:   8
MAX 90 OR ABOVE:   0    0.10 INCH OR MORE:   4
MIN 32 OR BELOW:   0    0.50 INCH OR MORE:   3
MIN  0 OR BELOW:   0    1.00 INCH OR MORE:   1

[HDD (BASE 65) ]
TOTAL THIS MO.    13    CLEAR  (SCALE 0-3)  10
DPTR FM NORMAL    -2    PTCLDY (SCALE 4-7)  13
TOTAL FM JUL 1  3249    CLOUDY (SCALE 8-10)  1
DPTR FM NORMAL   370

[CDD (BASE 65) ]
TOTAL THIS MO.   175
DPTR FM NORMAL    24    [PRESSURE DATA]
TOTAL FM JAN 1   260    HIGHEST SLP M ON M
DPTR FM NORMAL    22    LOWEST  SLP 29.81 ON 24

[REMARKS]
ALL SNOWFALL DATA IS FROM THE PINE BLUFF WATER PLANT SITE
