696
CXUS54 KLZK 171130
CF6PBF
PRELIMINARY LOCAL CLIMATOLOGICAL DATA (WS FORM: F-6)

                                          STATION:   Pine Bluff
                                          MONTH:     DECEMBER
                                          YEAR:      2017
                                          LATITUDE:   34 10 N
                                          LONGITUDE:  91 56 W

  TEMPERATURE IN F:       :PCPN:    SNOW:  WIND      :SUNSHINE: SKY     :PK WND
================================================================================
1   2   3   4   5  6A  6B    7    8   9   10  11  12  13   14  15   16   17  18
                                     12Z  AVG MX 2MIN
DY MAX MIN AVG DEP HDD CDD  WTR  SNW DPTH SPD SPD DIR MIN PSBL S-S WX    SPD DR
================================================================================

 1  64  35  50   2  15   0 0.00  0.0    0  4.2  9  20   M    M   0        13  40
 2  71  38  55   8  10   0 0.00  0.0    0  1.4  8 190   M    M   0        11 180
 3  74  45  60  13   5   0 0.00  0.0    0  4.6 15 140   M    M   5        18 140
 4  70  48  59  12   6   0 0.08  0.0    0 10.6 21 180   M    M   7 1      26 180
 5  68  39  54   8  11   0 0.98    M    0  9.6 23 340   M    M   4 13     31 320
 6  50  35  43  -3  22   0 0.00  0.0    0  3.6 10 340   M    M   0        14 330
 7  42  34  38  -8  27   0 0.00  0.0    0  8.6 17  10   M    M   0        23 360
 8  40  24  32 -14  33   0 0.00  0.0    0  6.3 15  10   M    M   0        18 360
 9  57  23  40  -5  25   0 0.00  0.0    0  7.9 18 330   M    M   0        27 270
10  61  25  43  -2  22   0 0.00  0.0    0  6.4 20 220   M    M   0        25 240
11  72  31  52   7  13   0 0.00  0.0    0  7.7 21 220   M    M   0        26 220
12  53  27  40  -4  25   0 0.00  0.0    0  8.1 25 340   M    M   0        33 330
13  64  25  45   1  20   0 0.00  0.0    0  7.6 24 220   M    M   0 8      29 230
14  54  30  42  -2  23   0 0.00  0.0    0  6.8 21  20   M    M   0        24  30
15  51  27  39  -5  26   0 0.00  0.0    0  5.2 12 220   M    M   0        14 220
16  57  30  44   0  21   0 0.06    M    0  6.7 16 190   M    M   2 1      21 190
================================================================================
SM  948  516       304   0  1.12     0.0 105.3          M       18
================================================================================
AV 59.3 32.3                               6.6 FASTST   M    M   1    MAX(MPH)
                                 MISC ---->  # 25 340               # 33  330
================================================================================
NOTES:
# LAST OF SEVERAL OCCURRENCES

COLUMN 17 PEAK WIND IN M.P.H.

PRELIMINARY LOCAL CLIMATOLOGICAL DATA (WS FORM: F-6) , PAGE 2

                                          STATION:  Pine Bluff
                                          MONTH:    DECEMBER
                                          YEAR:     2017
                                          LATITUDE:   34 10 N
                                          LONGITUDE:  91 56 W

[TEMPERATURE DATA]      [PRECIPITATION DATA]       SYMBOLS USED IN COLUMN 16

AVERAGE MONTHLY: 45.8   TOTAL FOR MONTH:   1.12    1 = FOG OR MIST
DPTR FM NORMAL:   0.2   DPTR FM NORMAL:   -1.87    2 = FOG REDUCING VISIBILITY
HIGHEST:    74 ON  3    GRTST 24HR  0.98 ON  5- 5      TO 1/4 MILE OR LESS
LOWEST:     23 ON  9                               3 = THUNDER
                        SNOW, ICE PELLETS, HAIL    4 = ICE PELLETS
                        TOTAL MONTH:   0.0 INCH    5 = HAIL
                        GRTST 24HR     0.0         6 = FREEZING RAIN OR DRIZZLE
                        GRTST DEPTH:   0           7 = DUSTSTORM OR SANDSTORM:
                                                       VSBY 1/2 MILE OR LESS
                                                   8 = SMOKE OR HAZE
[NO. OF DAYS WITH]      [WEATHER - DAYS WITH]      9 = BLOWING SNOW
                                                   X = TORNADO
MAX 32 OR BELOW:   0    0.01 INCH OR MORE:   3
MAX 90 OR ABOVE:   0    0.10 INCH OR MORE:   1
MIN 32 OR BELOW:   9    0.50 INCH OR MORE:   1
MIN  0 OR BELOW:   0    1.00 INCH OR MORE:   0

[HDD (BASE 65) ]
TOTAL THIS MO.   304    CLEAR  (SCALE 0-3)  13
DPTR FM NORMAL   -10    PTCLDY (SCALE 4-7)   3
TOTAL FM JUL 1   767    CLOUDY (SCALE 8-10)  0
DPTR FM NORMAL   -51

[CDD (BASE 65) ]
TOTAL THIS MO.     0
DPTR FM NORMAL     0    [PRESSURE DATA]
TOTAL FM JAN 1  2094    HIGHEST SLP M ON M
DPTR FM NORMAL   -37    LOWEST  SLP 29.74 ON  4

[REMARKS]
ALL SNOWFALL DATA IS FROM THE PINE BLUFF WATER PLANT SITE
