000
CXUS54 KLZK 281130
CF6PBF
PRELIMINARY LOCAL CLIMATOLOGICAL DATA (WS FORM: F-6)

                                          STATION:   Pine Bluff
                                          MONTH:     SEPTEMBER
                                          YEAR:      2016
                                          LATITUDE:   34 10 N
                                          LONGITUDE:  91 56 W

  TEMPERATURE IN F:       :PCPN:    SNOW:  WIND      :SUNSHINE: SKY     :PK WND
================================================================================
1   2   3   4   5  6A  6B    7    8   9   10  11  12  13   14  15   16   17  18
                                     12Z  AVG MX 2MIN
DY MAX MIN AVG DEP HDD CDD  WTR  SNW DPTH SPD SPD DIR MIN PSBL S-S WX    SPD DR
================================================================================

 1  90  71  81   2   0  16 0.00  0.0    0  9.5 17  20   M    M   0        23  30
 2  82  65  74  -5   0   9 0.00  0.0    0  9.2 18  10   M    M   0        24  30
 3  85  61  73  -5   0   8 0.00  0.0    0  5.1 12  50   M    M   0 8      16  20
 4  91  63  77  -1   0  12 0.00  0.0    0  1.8  9 210   M    M   1        12 200
 5  93  72  83   5   0  18 0.00  0.0    0  4.5 12 160   M    M   1 1      16 130
 6  91  73  82   4   0  17    T  0.0    0  4.2 10 130   M    M   2 8      15 280
 7  91  73  82   5   0  17 0.00  0.0    0  4.9 13 190   M    M   1 1      17 160
 8  92  75  84   7   0  19 0.00  0.0    0  7.3 14 220   M    M   1 1      18 220
 9  91  74  83   6   0  18 0.00  0.0    0  7.5 14 210   M    M   3        17 200
10  90  68  79   3   0  14 0.00  0.0    0  7.9 23 340   M    M   3        29 340
11  85  63  74  -2   0   9 0.00  0.0    0  6.0 14  60   M    M   2 8      18  80
12  91  63  77   1   0  12 0.00  0.0    0  2.6 10 150   M    M   4        14 140
13  92  68  80   5   0  15 0.00  0.0    0  2.2 15 120   M    M   1 18     23 120
14  94  68  81   6   0  16    T  0.0    0  3.6 14  40   M    M   2 18     18  60
15  93  71  82   8   0  17 0.24  0.0    0  4.1 25 100   M    M   2 1      30 100
16  92  70  81   7   0  16 0.00  0.0    0  5.0 16 190   M    M   1 1      20 220
17  90  74  82   8   0  17 0.00  0.0    0  3.5  9 330   M    M   5        12 320
18  81  67  74   1   0   9 0.95  0.0    0  2.9 28 310   M    M   3 123    37 300
19  88  65  77   4   0  12 0.00  0.0    0  1.6  7 330   M    M   4 128    12  30
20  91  66  79   6   0  14 0.00  0.0    0  3.1  8  70   M    M   0 1      13 100
21  92  65  79   7   0  14 0.00  0.0    0  3.2 10  60   M    M   0 1      17  70
22  91  65  78   6   0  13 0.00  0.0    0  1.9 10 240   M    M   0 1      12 250
23  92  67  80   8   0  15 0.00  0.0    0  2.4  9 190   M    M   1 1      12 200
24  93  68  81  10   0  16 0.00  0.0    0  1.9 12 190   M    M   1 1      17 200
25  93  70  82  11   0  17 0.00  0.0    0  2.3 12 150   M    M   2 13     14 140
26  75  62  69  -1   0   4 0.13  0.0    0  9.5 21  10   M    M   2 1      29  10
27  79  55  67  -3   0   2 0.00  0.0    0  4.2 13 320   M    M   0        18 320
================================================================================
SM 2408 1822         0 366  1.32     0.0 121.9          M       42
================================================================================
AV 89.2 67.5                               4.5 FASTST   M    M   2    MAX(MPH)
                                 MISC ---->  # 28 310               # 37  300
================================================================================
NOTES:
# LAST OF SEVERAL OCCURRENCES

COLUMN 17 PEAK WIND IN M.P.H.

PRELIMINARY LOCAL CLIMATOLOGICAL DATA (WS FORM: F-6) , PAGE 2

                                          STATION:  Pine Bluff
                                          MONTH:    SEPTEMBER
                                          YEAR:     2016
                                          LATITUDE:   34 10 N
                                          LONGITUDE:  91 56 W

[TEMPERATURE DATA]      [PRECIPITATION DATA]       SYMBOLS USED IN COLUMN 16

AVERAGE MONTHLY: 78.3   TOTAL FOR MONTH:   1.32    1 = FOG OR MIST
DPTR FM NORMAL:   3.6   DPTR FM NORMAL:   -0.99    2 = FOG REDUCING VISIBILITY
HIGHEST:    94 ON 14    GRTST 24HR  0.95 ON 18-18      TO 1/4 MILE OR LESS
LOWEST:     55 ON 27                               3 = THUNDER
                        SNOW, ICE PELLETS, HAIL    4 = ICE PELLETS
                        TOTAL MONTH:   0.0 INCH    5 = HAIL
                        GRTST 24HR     0.0         6 = FREEZING RAIN OR DRIZZLE
                        GRTST DEPTH:   0           7 = DUSTSTORM OR SANDSTORM:
                                                       VSBY 1/2 MILE OR LESS
                                                   8 = SMOKE OR HAZE
[NO. OF DAYS WITH]      [WEATHER - DAYS WITH]      9 = BLOWING SNOW
                                                   X = TORNADO
MAX 32 OR BELOW:   0    0.01 INCH OR MORE:   3
MAX 90 OR ABOVE:  20    0.10 INCH OR MORE:   3
MIN 32 OR BELOW:   0    0.50 INCH OR MORE:   1
MIN  0 OR BELOW:   0    1.00 INCH OR MORE:   0

[HDD (BASE 65) ]
TOTAL THIS MO.     0    CLEAR  (SCALE 0-3)  24
DPTR FM NORMAL    -7    PTCLDY (SCALE 4-7)   3
TOTAL FM JUL 1     0    CLOUDY (SCALE 8-10)  0
DPTR FM NORMAL    -7

[CDD (BASE 65) ]
TOTAL THIS MO.   366
DPTR FM NORMAL    97    [PRESSURE DATA]
TOTAL FM JAN 1  2174    HIGHEST SLP M ON M
DPTR FM NORMAL   147    LOWEST  SLP 29.86 ON  9

[REMARKS]
ALL SNOWFALL DATA IS FROM THE PINE BLUFF WATER PLANT SITE
