375
CXUS51 KBTV 260700
CF6PBG
PRELIMINARY LOCAL CLIMATOLOGICAL DATA (WS FORM: F-6)

                                          STATION:   PLATTSBURGH NY
                                          MONTH:     JULY
                                          YEAR:      2017
                                          LATITUDE:   44 39 N
                                          LONGITUDE:  73 28 W

  TEMPERATURE IN F:       :PCPN:    SNOW:  WIND      :SUNSHINE: SKY     :PK WND
================================================================================
1   2   3   4   5  6A  6B    7    8   9   10  11  12  13   14  15   16   17  18
                                     12Z  AVG MX 2MIN
DY MAX MIN AVG DEP HDD CDD  WTR  SNW DPTH SPD SPD DIR MIN PSBL S-S WX    SPD DR
================================================================================

 1  75  62  69   1   0   4 0.19  0.0    0  4.2 14 150   M    M   7 12     17 170
 2  83  64  74   6   0   9 0.00  0.0    0  5.3 15 240   M    M   2        25 220
 3  80  60  70   2   0   5 0.01  0.0    0  5.6 16 330   M    M   2        24 330
 4  81  56  69   1   0   4 0.00  0.0    0  4.0 15 360   M    M   2        21 360
 5  81  51  66  -3   0   1 0.00  0.0    0  5.5 15 160   M    M   1        20 160
 6  81  57  69   0   0   4 0.00  0.0    0  8.6 24 150   M    M   2        31 160
 7  79  62  71   2   0   6 0.74  0.0    0  5.1 20 150   M    M   3 13     23 150
 8  77  60  69   0   0   4 0.58  0.0    0  2.7 15 330   M    M   6 123    21 300
 9  80  59  70   1   0   5 0.02  0.0    0  4.8 15 290   M    M   4        24 310
10  79  61  70   1   0   5 0.02  0.0    0  2.7 14 130   M    M   5        17 130
11  81  60  71   2   0   6 0.00  0.0    0  5.8 17 160   M    M   5        22 150
12  74  63  69   0   0   4 0.00  0.0    0  9.7 21  10   M    M   7        25  10
13  65  57  61  -9   4   0 0.01  0.0    0  6.9 17 360   M    M   9 1      20 350
14  70  57  64  -6   1   0 0.07  0.0    0  7.5 16 140   M    M   8 1      22 140
15  77  61  69  -1   0   4 0.05  0.0    0  4.0 14  70   M    M   6 1      20  90
16  81  62  72   2   0   7 0.09  0.0    0  4.2 15 120   M    M   4 1      18 120
17  73  61  67  -3   0   2 0.34  0.0    0  3.4 14 150   M    M   4 13     19 150
18  82  59  71   1   0   6    T  0.0    0  3.5 14 140   M    M   2 1      18 180
19  84  60  72   2   0   7    T  0.0    0  3.5 16 130   M    M   3 1      19 130
20  84  60  72   2   0   7 0.00  0.0    0  3.6 16  40   M    M   2 3      20  30
21  87  57  72   2   0   7 0.00  0.0    0  5.4 16 130   M    M   1        22  10
22  76  59  68  -2   0   3 0.00  0.0    0  5.8 16 360   M    M   0        19 360
23  74  57  66  -4   0   1 0.00  0.0    0  5.9 13  20   M    M   2        18  30
24  63  58  61  -9   4   0 0.52  0.0    0  4.0 15 160   M    M  10 1      19 160
25  71  55  63  -7   2   0 0.32  0.0    0  3.0  8  80   M    M   8 1      11 140
================================================================================
SM 1938 1478        11 101  2.96     0.0 124.7          M      105
================================================================================
AV 77.5 59.1                               5.0 FASTST   M    M   4    MAX(MPH)
                                 MISC ---->  # 24 150               # 31  160
================================================================================
NOTES:
# LAST OF SEVERAL OCCURRENCES

COLUMN 17 PEAK WIND IN M.P.H.

PRELIMINARY LOCAL CLIMATOLOGICAL DATA (WS FORM: F-6) , PAGE 2

                                          STATION:  PLATTSBURGH NY
                                          MONTH:    JULY
                                          YEAR:     2017
                                          LATITUDE:   44 39 N
                                          LONGITUDE:  73 28 W

[TEMPERATURE DATA]      [PRECIPITATION DATA]       SYMBOLS USED IN COLUMN 16

AVERAGE MONTHLY: 68.3   TOTAL FOR MONTH:   2.96    1 = FOG OR MIST
DPTR FM NORMAL:  -1.0   DPTR FM NORMAL:       M    2 = FOG REDUCING VISIBILITY
HIGHEST:    87 ON 21    GRTST 24HR  0.74 ON  7- 7      TO 1/4 MILE OR LESS
LOWEST:     51 ON  5                               3 = THUNDER
                        SNOW, ICE PELLETS, HAIL    4 = ICE PELLETS
                        TOTAL MONTH:   0.0 INCH    5 = HAIL
                        GRTST 24HR     0.0         6 = FREEZING RAIN OR DRIZZLE
                        GRTST DEPTH:   0           7 = DUSTSTORM OR SANDSTORM:
                                                       VSBY 1/2 MILE OR LESS
                                                   8 = SMOKE OR HAZE
[NO. OF DAYS WITH]      [WEATHER - DAYS WITH]      9 = BLOWING SNOW
                                                   X = TORNADO
MAX 32 OR BELOW:   0    0.01 INCH OR MORE:  13
MAX 90 OR ABOVE:   0    0.10 INCH OR MORE:   6
MIN 32 OR BELOW:   0    0.50 INCH OR MORE:   3
MIN  0 OR BELOW:   0    1.00 INCH OR MORE:   0

[HDD (BASE 65) ]
TOTAL THIS MO.    11    CLEAR  (SCALE 0-3)  10
DPTR FM NORMAL    -1    PTCLDY (SCALE 4-7)  13
TOTAL FM JUL 1    11    CLOUDY (SCALE 8-10)  2
DPTR FM NORMAL    -1

[CDD (BASE 65) ]
TOTAL THIS MO.   101
DPTR FM NORMAL   -18    [PRESSURE DATA]
TOTAL FM JAN 1   212    HIGHEST SLP M ON M
DPTR FM NORMAL    23    LOWEST  SLP 29.66 ON  8

[REMARKS]
