000
CXUS51 KBTV 230700
CF6PBG
PRELIMINARY LOCAL CLIMATOLOGICAL DATA (WS FORM: F-6)

                                          STATION:   PLATTSBURGH NY
                                          MONTH:     NOVEMBER
                                          YEAR:      2017
                                          LATITUDE:   44 39 N
                                          LONGITUDE:  73 28 W

  TEMPERATURE IN F:       :PCPN:    SNOW:  WIND      :SUNSHINE: SKY     :PK WND
================================================================================
1   2   3   4   5  6A  6B    7    8   9   10  11  12  13   14  15   16   17  18
                                     12Z  AVG MX 2MIN
DY MAX MIN AVG DEP HDD CDD  WTR  SNW DPTH SPD SPD DIR MIN PSBL S-S WX    SPD DR
================================================================================

 1  51  31  41  -1  24   0 0.03    M    0  6.2 18 150   M    M   7        23 150
 2  62  45  54  12  11   0 0.12    M    0  7.3 17 160   M    M   6 1      23 150
 3  63  39  51  10  14   0 0.34    M    0  7.9 18 300   M    M   7 1      29 320
 4  45  30  38  -3  27   0 0.00  0.0    0  3.1 10  30   M    M   4        12  40
 5  55  35  45   4  20   0 0.12    M    0 14.9 30 160   M    M   9        39 180
 6  60  34  47   7  18   0 0.06    M    0  7.4 20 330   M    M   7 1      25 330
 7  40  26  33  -7  32   0 0.00  0.0    0  4.2 16 340   M    M   5        21 340
 8  45  22  34  -6  31   0 0.00  0.0    0  3.4 13 150   M    M   3        16 140
 9  46  24  35  -4  30   0    T    M    0  8.6 20 170   M    M   3        27 170
10  44  18  31  -8  34   0 0.03    M    0 11.3 22 290   M    M   4 1      37 280
11  29  14  22 -16  43   0 0.00  0.0    0  2.7 20 330   M    M   1        25 320
12  38  23  31  -7  34   0 0.00  0.0    0  1.9  8 140   M    M   4        11 120
13  36  21  29  -9  36   0    T    M    0  2.3  9 350   M    M   8        10 350
14  36  30  33  -4  32   0 0.00  0.0    0  3.9  9  10   M    M  10        11 350
15  44  27  36  -1  29   0 0.00  0.0    0  7.8 24 160   M    M   3        35 160
16  50  36  43   6  22   0    T    M    0 11.0 28 160   M    M   9        36 160
17  36  18  27  -9  38   0 0.00  0.0    0  8.1 21 300   M    M   5        35 310
18  41  19  30  -6  35   0 0.12    M    0  5.9 17 150   M    M   6 1      23 160
19  44  30  37   2  28   0 0.18    M    0  6.8 21 310   M    M  10 1      35 300
20  30  23  27  -8  38   0    T    M    0  4.4 20 300   M    M   9        28 280
21  53  21  37   2  28   0    T    M    0  6.8 21 170   M    M   2        28 160
22  43  26  35   1  30   0 0.08    M    0  5.3 16 300   M    M   8        23 310
================================================================================
SM  991  592       634   0  1.08     0.0 141.2          M      130
================================================================================
AV 45.1 26.9                               6.4 FASTST   M    M   6    MAX(MPH)
                                 MISC ---->  # 30 160               # 39  180
================================================================================
NOTES:
# LAST OF SEVERAL OCCURRENCES

COLUMN 17 PEAK WIND IN M.P.H.

PRELIMINARY LOCAL CLIMATOLOGICAL DATA (WS FORM: F-6) , PAGE 2

                                          STATION:  PLATTSBURGH NY
                                          MONTH:    NOVEMBER
                                          YEAR:     2017
                                          LATITUDE:   44 39 N
                                          LONGITUDE:  73 28 W

[TEMPERATURE DATA]      [PRECIPITATION DATA]       SYMBOLS USED IN COLUMN 16

AVERAGE MONTHLY: 36.0   TOTAL FOR MONTH:   1.08    1 = FOG OR MIST
DPTR FM NORMAL:  -2.2   DPTR FM NORMAL:       M    2 = FOG REDUCING VISIBILITY
HIGHEST:    63 ON  3    GRTST 24HR  0.34 ON  3- 3      TO 1/4 MILE OR LESS
LOWEST:     14 ON 11                               3 = THUNDER
                        SNOW, ICE PELLETS, HAIL    4 = ICE PELLETS
                        TOTAL MONTH:   0.0 INCH    5 = HAIL
                        GRTST 24HR     0.0         6 = FREEZING RAIN OR DRIZZLE
                        GRTST DEPTH:   0           7 = DUSTSTORM OR SANDSTORM:
                                                       VSBY 1/2 MILE OR LESS
                                                   8 = SMOKE OR HAZE
[NO. OF DAYS WITH]      [WEATHER - DAYS WITH]      9 = BLOWING SNOW
                                                   X = TORNADO
MAX 32 OR BELOW:   2    0.01 INCH OR MORE:   9
MAX 90 OR ABOVE:   0    0.10 INCH OR MORE:   5
MIN 32 OR BELOW:  17    0.50 INCH OR MORE:   0
MIN  0 OR BELOW:   0    1.00 INCH OR MORE:   0

[HDD (BASE 65) ]
TOTAL THIS MO.   634    CLEAR  (SCALE 0-3)   4
DPTR FM NORMAL    46    PTCLDY (SCALE 4-7)  13
TOTAL FM JUL 1  1125    CLOUDY (SCALE 8-10)  5
DPTR FM NORMAL  -246

[CDD (BASE 65) ]
TOTAL THIS MO.     0
DPTR FM NORMAL     0    [PRESSURE DATA]
TOTAL FM JAN 1   384    HIGHEST SLP M ON M
DPTR FM NORMAL    38    LOWEST  SLP 29.07 ON 19

[REMARKS]
