000
CXUS56 KPDT 281032
CF6PDT
PRELIMINARY LOCAL CLIMATOLOGICAL DATA (WS FORM: F-6)

                                          STATION:   PENDLETON OR
                                          MONTH:     JULY
                                          YEAR:      2016
                                          LATITUDE:   45 40 N
                                          LONGITUDE: 118 51 W

  TEMPERATURE IN F:       :PCPN:    SNOW:  WIND      :SUNSHINE: SKY     :PK WND
================================================================================
1   2   3   4   5  6A  6B    7    8   9   10  11  12  13   14  15   16   17  18
                                     12Z  AVG MX 2MIN
DY MAX MIN AVG DEP HDD CDD  WTR  SNW DPTH SPD SPD DIR MIN PSBL S-S WX    SPD DR
================================================================================

 1  90  52  71   2   0   6 0.00  0.0    0  7.2 20 290   M    M   0        25 270
 2  92  59  76   7   0  11    T  0.0    0 10.5 22 290   M    M   1        29 280
 3  85  61  73   3   0   8 0.00  0.0    0 18.5 31 280   M    M   0        37 280
 4  81  57  69  -1   0   4 0.00  0.0    0 12.1 23 290   M    M   0        30 260
 5  79  53  66  -4   0   1 0.00  0.0    0 11.2 28 260   M    M   3        32 260
 6  80  56  68  -3   0   3 0.00  0.0    0  8.1 16 240   M    M   2        20 250
 7  81  55  68  -3   0   3    T  0.0    0  8.0 26 310   M    M   2        31 310
 8  77  58  68  -3   0   3 0.45  0.0    0  5.9 23 270   M    M   7 13     28 270
 9  76  57  67  -4   0   2 0.28  0.0    0  6.8 22 280   M    M   6 18     26 270
10  73  56  65  -7   0   0    T  0.0    0 13.6 26 250   M    M   8        34 260
11  78  55  67  -5   0   2 0.00  0.0    0  9.0 24 270   M    M   4        29 240
12  81  54  68  -4   0   3 0.07  0.0    0 11.3 29 280   M    M   4 1      34 270
13  83  54  69  -3   0   4 0.00  0.0    0  6.7 15 310   M    M   1        20 300
14  89  53  71  -2   0   6 0.00  0.0    0  8.3 30 260   M    M   0        37 260
15  81  55  68  -5   0   3 0.00  0.0    0  8.7 24 270   M    M   0        29 270
16  82  52  67  -6   0   2 0.00  0.0    0  5.9 16 300   M    M   0        20 290
17  87  53  70  -3   0   5    T  0.0    0  5.7 17 350   M    M   0        22 320
18  81  60  71  -3   0   6    T  0.0    0  6.5 20 280   M    M   3 3      28 270
19  79  56  68  -6   0   3 0.00  0.0    0  7.1 15 310   M    M   2        20 310
20  87  58  73  -1   0   8    T  0.0    0  6.5 17 320   M    M   1 8      24 320
21  95  56  76   2   0  11 0.00  0.0    0  9.6 32 270   M    M   0 8      41 270
22  82  58  70  -4   0   5 0.00  0.0    0 18.2 26 260   M    M   2        35 270
23  83  53  68  -6   0   3 0.00  0.0    0  6.4 17 290   M    M   0        24 290
24  91  53  72  -2   0   7 0.00  0.0    0  6.5 16 310   M    M   0        21 310
25  98  59  79   5   0  14 0.00  0.0    0  7.2 16 350   M    M   0        25 360
26  95  63  79   5   0  14 0.00  0.0    0  8.9 18 270   M    M   0        25 290
27  96  59  78   4   0  13    M  0.0    0  7.4 15  20   M    M   0        22 360
================================================================================
SM 2282 1515         0 150  0.80     0.0 241.8          M       46
================================================================================
AV 84.5 56.1                               9.0 FASTST   M    M   2    MAX(MPH)
                                 MISC ---->  # 32 270               # 41  270
================================================================================
NOTES:
# LAST OF SEVERAL OCCURRENCES

COLUMN 17 PEAK WIND IN M.P.H.

PRELIMINARY LOCAL CLIMATOLOGICAL DATA (WS FORM: F-6) , PAGE 2

                                          STATION:  PENDLETON OR
                                          MONTH:    JULY
                                          YEAR:     2016
                                          LATITUDE:   45 40 N
                                          LONGITUDE: 118 51 W

[TEMPERATURE DATA]      [PRECIPITATION DATA]       SYMBOLS USED IN COLUMN 16

AVERAGE MONTHLY: 70.3   TOTAL FOR MONTH:   0.80    1 = FOG OR MIST
DPTR FM NORMAL:  -2.0   DPTR FM NORMAL:    0.51    2 = FOG REDUCING VISIBILITY
HIGHEST:    98 ON 25    GRTST 24HR  0.64 ON  8- 9      TO 1/4 MILE OR LESS
LOWEST:     52 ON 16, 1                            3 = THUNDER
                        SNOW, ICE PELLETS, HAIL    4 = ICE PELLETS
                        TOTAL MONTH:   0.0 INCH    5 = HAIL
                        GRTST 24HR     0.0         6 = FREEZING RAIN OR DRIZZLE
                        GRTST DEPTH:   0           7 = DUSTSTORM OR SANDSTORM:
                                                       VSBY 1/2 MILE OR LESS
                                                   8 = SMOKE OR HAZE
[NO. OF DAYS WITH]      [WEATHER - DAYS WITH]      9 = BLOWING SNOW
                                                   X = TORNADO
MAX 32 OR BELOW:   0    0.01 INCH OR MORE:   3
MAX 90 OR ABOVE:   7    0.10 INCH OR MORE:   2
MIN 32 OR BELOW:   0    0.50 INCH OR MORE:   0
MIN  0 OR BELOW:   0    1.00 INCH OR MORE:   0

[HDD (BASE 65) ]
TOTAL THIS MO.     0    CLEAR  (SCALE 0-3)  22
DPTR FM NORMAL    -7    PTCLDY (SCALE 4-7)   4
TOTAL FM JUL 1     0    CLOUDY (SCALE 8-10)  1
DPTR FM NORMAL    -7

[CDD (BASE 65) ]
TOTAL THIS MO.   150
DPTR FM NORMAL   -57    [PRESSURE DATA]
TOTAL FM JAN 1   305    HIGHEST SLP M ON M
DPTR FM NORMAL    -4    LOWEST  SLP 29.78 ON M

[REMARKS]
