000
CXUS56 KFGZ 290900
CF6PGA
PRELIMINARY LOCAL CLIMATOLOGICAL DATA (WS FORM: F-6)

                                          STATION:   PAGE AZ AIRPORT
                                          MONTH:     JULY
                                          YEAR:      2015
                                          LATITUDE:   36 55 N
                                          LONGITUDE: 111 27 W

  TEMPERATURE IN F:       :PCPN:    SNOW:  WIND      :SUNSHINE: SKY     :PK WND
================================================================================
1   2   3   4   5  6A  6B    7    8   9   10  11  12  13   14  15   16   17  18
                                     12Z  AVG MX 2MIN
DY MAX MIN AVG DEP HDD CDD  WTR  SNW DPTH SPD SPD DIR MIN PSBL S-S WX    SPD DR
================================================================================

 1 107  79  93  11   0  28 0.00    M    M  5.2 20 280   M    M   0        30 280
 2 102  79  91   9   0  26 0.00    M    M  7.2 18 310   M    M   0        25 300
 3  98  76  87   4   0  22 0.00    M    M  5.3 16 190   M    M   0        24 220
 4  92  77  85   2   0  20    T    M    M  6.6 20 180   M    M   3 8      26 190
 5  99  74  87   4   0  22 0.00    M    M  5.1 17 290   M    M   2        28 280
 6  88  70  79  -4   0  14    T    M    M  4.6 20 300   M    M   4        27 310
 7  87  65  76  -7   0  11 0.19    M    M  4.4 21 360   M    M   2        26  80
 8  87  64  76  -7   0  11 0.05    M    M  4.7 20 160   M    M   2        24 190
 9  90  61  76  -7   0  11 0.00    M    M  9.3 33 160   M    M   1        43 150
10  89  63  76  -8   0  11 0.00  0.0    0  5.7 16 160   M    M   0        24 190
11  92  63  78  -6   0  13 0.02    M    0  6.2 15 240   M    M   1        24 240
12  96  68  82  -2   0  17 0.00    M    M  6.6 25 160   M    M   0        34 170
13  95  70  83  -1   0  18 0.00    M    M  7.5 24 170   M    M   0        33 170
14  93  72  83  -1   0  18    T    M    M  7.6 26 150   M    M   1 8      32 150
15  96  69  83  -1   0  18    T    M    M  7.7 23 180   M    M   0        31 170
16  98  69  84   0   0  19 0.00    M    M  5.4 15 190   M    M   0        22 190
17  98  70  84   0   0  19 0.00    M    M  5.5 15 200   M    M   0        22 230
18  90  65  78  -6   0  13 0.04    M    M  5.6 20 300   M    M   3        32 300
19  84  63  74 -10   0   9 0.00    M    M  3.3 10 350   M    M   3        14 340
20  81  67  74 -10   0   9 0.24    M    M  3.9 17 210   M    M   2 1      26 190
21  91  64  78  -6   0  13 0.00    M    M  3.8 10 170   M    M   1        15 150
22  95  68  82  -2   0  17 0.00    M    M  4.8 15 240   M    M   0        22 230
23  96  69  83  -1   0  18 0.00    M    M  4.1 18 250   M    M   0        29 180
24  96  69  83  -1   0  18 0.00    M    M  4.6 16  60   M    M   0        26 140
25  97  68  83  -1   0  18 0.00    M    M  4.1 15  20   M    M   0        21  40
26  99  70  85   1   0  20 0.00    M    M  5.2 16 170   M    M   0        24 150
27  98  73  86   2   0  21 0.00    M    M  6.7 15 220   M    M   0        22 280
28  97  69  83  -1   0  18 0.00    M    M  4.3 14  30   M    M   0        19  10
================================================================================
SM 2631 1934         0 472  0.54     0.0 155.0          M       25
================================================================================
AV 94.0 69.1                               5.5 FASTST   M    M   1    MAX(MPH)
                                 MISC ---->  # 33 160               # 43  150
================================================================================
NOTES:
# LAST OF SEVERAL OCCURRENCES

COLUMN 17 PEAK WIND IN M.P.H.

PRELIMINARY LOCAL CLIMATOLOGICAL DATA (WS FORM: F-6) , PAGE 2

                                          STATION:  PAGE AZ AIRPORT
                                          MONTH:    JULY
                                          YEAR:     2015
                                          LATITUDE:   36 55 N
                                          LONGITUDE: 111 27 W

[TEMPERATURE DATA]      [PRECIPITATION DATA]       SYMBOLS USED IN COLUMN 16

AVERAGE MONTHLY: 81.5   TOTAL FOR MONTH:   0.54    1 = FOG OR MIST
DPTR FM NORMAL:  -2.1   DPTR FM NORMAL:    0.00    2 = FOG REDUCING VISIBILITY
HIGHEST:   107 ON  1    GRTST 24HR  0.24 ON 20-20      TO 1/4 MILE OR LESS
LOWEST:     61 ON  9                               3 = THUNDER
                        SNOW, ICE PELLETS, HAIL    4 = ICE PELLETS
                        TOTAL MONTH:   0.0 INCH    5 = HAIL
                        GRTST 24HR     0.0         6 = FREEZING RAIN OR DRIZZLE
                        GRTST DEPTH:   0           7 = DUSTSTORM OR SANDSTORM:
                                                       VSBY 1/2 MILE OR LESS
                                                   8 = SMOKE OR HAZE
[NO. OF DAYS WITH]      [WEATHER - DAYS WITH]      9 = BLOWING SNOW
                                                   X = TORNADO
MAX 32 OR BELOW:   0    0.01 INCH OR MORE:   5
MAX 90 OR ABOVE:  22    0.10 INCH OR MORE:   2
MIN 32 OR BELOW:   0    0.50 INCH OR MORE:   0
MIN  0 OR BELOW:   0    1.00 INCH OR MORE:   0

[HDD (BASE 65) ]
TOTAL THIS MO.     0    CLEAR  (SCALE 0-3)  26
DPTR FM NORMAL     0    PTCLDY (SCALE 4-7)   2
TOTAL FM JUL 1     0    CLOUDY (SCALE 8-10)  0
DPTR FM NORMAL     0

[CDD (BASE 65) ]
TOTAL THIS MO.   472
DPTR FM NORMAL   -48    [PRESSURE DATA]
TOTAL FM JAN 1  1064    HIGHEST SLP M ON M
DPTR FM NORMAL   -10    LOWEST  SLP 29.80 ON M

[REMARKS]
