000
CXUS56 KFGZ 280900
CF6PGA
PRELIMINARY LOCAL CLIMATOLOGICAL DATA (WS FORM: F-6)

                                          STATION:   PAGE AZ AIRPORT
                                          MONTH:     AUGUST
                                          YEAR:      2014
                                          LATITUDE:   36 55 N
                                          LONGITUDE: 111 27 W

  TEMPERATURE IN F:       :PCPN:    SNOW:  WIND      :SUNSHINE: SKY     :PK WND
================================================================================
1   2   3   4   5  6A  6B    7    8   9   10  11  12  13   14  15   16   17  18
                                     12Z  AVG MX 2MIN
DY MAX MIN AVG DEP HDD CDD  WTR  SNW DPTH SPD SPD DIR MIN PSBL S-S WX    SPD DR
================================================================================

 1  97  71  84   1   0  19    T    M    M  4.5 18 300   M    M   1        27 300
 2  97  73  85   2   0  20 0.00    M    M  6.0 14 200   M    M   0        22 200
 3  81  69  75  -8   0  10 0.05    M    M  4.7 15  70   M    M   5        23 180
 4  91  66  79  -4   0  14    T    M    M  5.3 16 250   M    M   2        26 250
 5  93  69  81  -2   0  16 0.00    M    M  4.7 12  10   M    M   1        18  40
 6  95  71  83   1   0  18 0.00    M    M  3.6 14 240   M    M   1        22 210
 7  97  68  83   1   0  18 0.00    M    M  3.7 12 290   M    M   0        17 290
 8  97  67  82   0   0  17 0.00    M    M  3.6 13 190   M    M   0        18 190
 9  98  70  84   2   0  19 0.00    M    M  4.6 12 340   M    M   0        15 320
10  99  72  86   4   0  21 0.00    M    M  5.1 17 360   M    M   0        23 360
11  98  74  86   5   0  21    T    M    M  7.9 30 150   M    M   1 3      38 180
12  92  74  83   2   0  18 0.05    M    M  6.9 20 300   M    M   3 3      30 290
13  75  65  70 -11   0   5 0.87    M    M  3.8 14 150   M    M   9 1      18 140
14  89  66  78  -3   0  13 0.00    M    M  3.1 10  30   M    M   1        13  10
15  94  70  82   1   0  17 0.00    M    M  3.0 10 250   M    M   0        17 240
16  99  72  86   6   0  21 0.00    M    M  4.4 12  20   M    M   0        17  20
17 100  72  86   6   0  21 0.00    M    M  4.1 10 300   M    M   0        15  20
18  98  73  86   6   0  21 0.01    M    M  4.6 21 150   M    M   2        29 230
19  80  67  74  -6   0   9 0.20    M    M  4.0 15 300   M    M   5        24 310
20  88  65  77  -3   0  12 0.01    M    M  4.1 16 210   M    M   1 3      23 210
21  87  65  76  -3   0  11 0.09    M    M  4.2 18 180   M    M   0        24 180
22  83  63  73  -6   0   8 0.00    M    M  3.7 12 130   M    M   5        19 310
23  88  67  78  -1   0  13 0.00    M    M  4.5 13 290   M    M   2        20 280
24  91  67  79   0   0  14 0.00    M    M  4.9 15 120   M    M   3        22 200
25  89  71  80   1   0  15 0.00    M    M  7.1 22 160   M    M   0        33 150
26  85  59  72  -6   0   7 0.09    M    M  5.5 21 310   M    M   2 3      32 300
27  84  58  71  -7   0   6    T    M    M  4.1 13 360   M    M   1        17  40
================================================================================
SM 2465 1844         0 404  1.37    M    125.7          M       45
================================================================================
AV 91.3 68.3                               4.7 FASTST   M    M   2    MAX(MPH)
                                 MISC ---->  # 30 150               # 38  180
================================================================================
NOTES:
# LAST OF SEVERAL OCCURRENCES

COLUMN 17 PEAK WIND IN M.P.H.

PRELIMINARY LOCAL CLIMATOLOGICAL DATA (WS FORM: F-6) , PAGE 2

                                          STATION:  PAGE AZ AIRPORT
                                          MONTH:    AUGUST
                                          YEAR:     2014
                                          LATITUDE:   36 55 N
                                          LONGITUDE: 111 27 W

[TEMPERATURE DATA]      [PRECIPITATION DATA]       SYMBOLS USED IN COLUMN 16

AVERAGE MONTHLY: 79.8   TOTAL FOR MONTH:   1.37    1 = FOG OR MIST
DPTR FM NORMAL:  -1.0   DPTR FM NORMAL:    0.31    2 = FOG REDUCING VISIBILITY
HIGHEST:   100 ON 17    GRTST 24HR  0.90 ON 12-13      TO 1/4 MILE OR LESS
LOWEST:     58 ON 27                               3 = THUNDER
                        SNOW, ICE PELLETS, HAIL    4 = ICE PELLETS
                        TOTAL MONTH:    M          5 = HAIL
                        GRTST 24HR    M  ON   M    6 = FREEZING RAIN OR DRIZZLE
                        GRTST DEPTH:  M  ON   M    7 = DUSTSTORM OR SANDSTORM:
                                                       VSBY 1/2 MILE OR LESS
                                                   8 = SMOKE OR HAZE
[NO. OF DAYS WITH]      [WEATHER - DAYS WITH]      9 = BLOWING SNOW
                                                   X = TORNADO
MAX 32 OR BELOW:   0    0.01 INCH OR MORE:   8
MAX 90 OR ABOVE:  16    0.10 INCH OR MORE:   2
MIN 32 OR BELOW:   0    0.50 INCH OR MORE:   1
MIN  0 OR BELOW:   0    1.00 INCH OR MORE:   0

[HDD (BASE 65) ]
TOTAL THIS MO.     0    CLEAR  (SCALE 0-3)  22
DPTR FM NORMAL     0    PTCLDY (SCALE 4-7)   4
TOTAL FM JUL 1     0    CLOUDY (SCALE 8-10)  1
DPTR FM NORMAL     0

[CDD (BASE 65) ]
TOTAL THIS MO.   404
DPTR FM NORMAL   -20    [PRESSURE DATA]
TOTAL FM JAN 1  1817    HIGHEST SLP M ON M
DPTR FM NORMAL   265    LOWEST  SLP 29.87 ON 19

[REMARKS]
