000
CXUS56 KFGZ 270900
CF6PGA
PRELIMINARY LOCAL CLIMATOLOGICAL DATA (WS FORM: F-6)

                                          STATION:   PAGE AZ AIRPORT
                                          MONTH:     FEBRUARY
                                          YEAR:      2015
                                          LATITUDE:   36 55 N
                                          LONGITUDE: 111 27 W

  TEMPERATURE IN F:       :PCPN:    SNOW:  WIND      :SUNSHINE: SKY     :PK WND
================================================================================
1   2   3   4   5  6A  6B    7    8   9   10  11  12  13   14  15   16   17  18
                                     12Z  AVG MX 2MIN
DY MAX MIN AVG DEP HDD CDD  WTR  SNW DPTH SPD SPD DIR MIN PSBL S-S WX    SPD DR
================================================================================

 1  51  32  42   3  23   0 0.00    M    M  2.0  7  10   M    M   M 18      9  50
 2  55  34  45   6  20   0 0.00    M    M  2.1  8  40   M    M   M 8      10  50
 3  56  37  47   8  18   0 0.00    M    M  1.4  6 210   M    M   M 8       9  60
 4  61  40  51  12  14   0 0.00    M    M  1.9  8  40   M    M   M 8      11  30
 5  61  41  51  11  14   0 0.00    M    M  3.1  9  10   M    M   0 8      11  10
 6  60  37  49   9  16   0 0.00    M    M  2.4  8  50   M    M   0 8      10  60
 7  65  37  51  11  14   0 0.00    M    M  3.2  9 150   M    M   0 8      11 300
 8  66  44  55  15  10   0 0.00    M    M  3.7 10 130   M    M   0 8      11 130
 9  68  42  55  15  10   0 0.00    M    M  2.1  7 160   M    M   0        10  60
10  65  44  55  14  10   0 0.00    M    M  4.3 12 280   M    M   1        17 300
11  60  41  51  10  14   0 0.00    M    M  5.5 16  40   M    M   0 8      23  50
12  60  38  49   8  16   0 0.00    M    M  2.7  8  50   M    M   0 8      11  40
13  63  37  50   9  15   0 0.00    M    M  2.2  8 360   M    M   0        11  10
14  65  38  52  10  13   0 0.00    M    M  2.6  8 360   M    M   0 8      10 330
15  70  40  55  13  10   0 0.00    M    M  4.5 16 320   M    M   0        24 320
16  59  38  49   7  16   0 0.00    M    M  5.1 14  40   M    M   0         M  M
17  55  34  45   3  20   0 0.00  0.0    M  2.4 12  60   M    M   M         9  30
18  61  34  48   5  17   0 0.00    M    M  2.4  8  10   M    M   0 8      10  10
19  62  37  50   7  15   0 0.00    M    M  2.4  8  10   M    M   0 8      10 360
20  70  39  55  12  10   0 0.00    M    M  5.0 15 260   M    M   0        25 270
21  57  42  50   6  15   0 0.00    M    M  4.5 16  50   M    M   5        20  50
22  50  33  42  -2  23   0 0.53    M    M  8.1 14  30   M    M  10 1       M  M
23  37  30  34 -10  31   0 0.24    M    M  6.3 20  20   M    M  10 12     27  20
24  51  33  42  -2  23   0 0.03    M    M  2.9  7 280   M    M   5 18     11 270
25  59  33  46   1  19   0 0.00    M    M  3.2 15 280   M    M   0 8      21 290
26  54  37  46   1  19   0    T    M    M  3.9 23 330   M    M   4 8      33 310
================================================================================
SM 1541  972       425   0  0.80     0.0  89.9          M       35
================================================================================
AV 59.3 37.4                               3.5 FASTST   M    M   2    MAX(MPH)
                                 MISC ---->  # 23 330               # 33  310
================================================================================
NOTES:
# LAST OF SEVERAL OCCURRENCES

COLUMN 17 PEAK WIND IN M.P.H.

PRELIMINARY LOCAL CLIMATOLOGICAL DATA (WS FORM: F-6) , PAGE 2

                                          STATION:  PAGE AZ AIRPORT
                                          MONTH:    FEBRUARY
                                          YEAR:     2015
                                          LATITUDE:   36 55 N
                                          LONGITUDE: 111 27 W

[TEMPERATURE DATA]      [PRECIPITATION DATA]       SYMBOLS USED IN COLUMN 16

AVERAGE MONTHLY: 48.3   TOTAL FOR MONTH:   0.80    1 = FOG OR MIST
DPTR FM NORMAL:   6.7   DPTR FM NORMAL:    0.20    2 = FOG REDUCING VISIBILITY
HIGHEST:    70 ON 20,15 GRTST 24HR  0.53 ON 22-22      TO 1/4 MILE OR LESS
LOWEST:     30 ON 23                               3 = THUNDER
                        SNOW, ICE PELLETS, HAIL    4 = ICE PELLETS
                        TOTAL MONTH:   0.0 INCH    5 = HAIL
                        GRTST 24HR     0.0         6 = FREEZING RAIN OR DRIZZLE
                        GRTST DEPTH:  M  ON   M    7 = DUSTSTORM OR SANDSTORM:
                                                       VSBY 1/2 MILE OR LESS
                                                   8 = SMOKE OR HAZE
[NO. OF DAYS WITH]      [WEATHER - DAYS WITH]      9 = BLOWING SNOW
                                                   X = TORNADO
MAX 32 OR BELOW:   0    0.01 INCH OR MORE:   3
MAX 90 OR ABOVE:   0    0.10 INCH OR MORE:   2
MIN 32 OR BELOW:   2    0.50 INCH OR MORE:   1
MIN  0 OR BELOW:   0    1.00 INCH OR MORE:   0

[HDD (BASE 65) ]
TOTAL THIS MO.   425    CLEAR  (SCALE 0-3)  16
DPTR FM NORMAL  -182    PTCLDY (SCALE 4-7)   3
TOTAL FM JUL 1  2550    CLOUDY (SCALE 8-10)  2
DPTR FM NORMAL  -606

[CDD (BASE 65) ]
TOTAL THIS MO.     0
DPTR FM NORMAL     0    [PRESSURE DATA]
TOTAL FM JAN 1     0    HIGHEST SLP M ON M
DPTR FM NORMAL     0    LOWEST  SLP 29.73 ON 23

[REMARKS]
