000
CXUS55 KPIH 301200
CF6PIH

PRELIMINARY LOCAL CLIMATOLOGICAL DATA (WS FORM: F-6)

                                          STATION:   POCATELLO ID
                                          MONTH:     OCTOBER
                                          YEAR:      2014
                                          LATITUDE:   42 55 N
                                          LONGITUDE: 112 36 W

  TEMPERATURE IN F:       :PCPN:    SNOW:  WIND      :SUNSHINE: SKY     :PK WND
================================================================================
1   2   3   4   5  6A  6B    7    8   9   10  11  12  13   14  15   16   17  18
                                     12Z  AVG MX 2MIN
DY MAX MIN AVG DEP HDD CDD  WTR  SNW DPTH SPD SPD DIR MIN PSBL S-S WX    SPD DR
================================================================================

 1  57  41  49  -4  16   0 0.03  0.0    0 12.5 22 240 583    M   5        26 270
 2  64  40  52   0  13   0 0.00  0.0    0 13.6 25 250 619    M   2        30 250
 3  65  30  48  -4  17   0 0.00  0.0    0  4.3 13 230 639    M   0        16 260
 4  71  32  52   1  13   0 0.00  0.0    0  8.1 17 220 638    M   0 8      23 250
 5  75  37  56   5   9   0 0.00  0.0    0  8.7 18 260 573    M   0        22 250
 6  75  40  58   7   7   0 0.00  0.0    0  8.6 18 260 552    M   0        24 230
 7  75  40  58   8   7   0 0.00  0.0    0  5.3 14 270 575    M   0        18 250
 8  78  36  57   7   8   0 0.00  0.0    0  3.5  9 300 562    M   0        12 310
 9  73  34  54   4  11   0 0.00  0.0    0  5.9 13 200 561    M   0        16 210
10  70  41  56   7   9   0 0.00  0.0    0  9.8 20 240 492    M   1        25 240
11  71  36  54   5  11   0    T  0.0    0 12.3 30 240 558    M   1        38 230
12  61  41  51   3  14   0    T  0.0    0 14.5 24 240 472    M   6 3      29 240
13  65  29  47  -1  18   0 0.00  0.0    0  5.1 15 250 519    M   0        19 250
14  75  31  53   5  12   0 0.00  0.0    0  8.7 28 180 499    M   0        33 180
15  73  42  58  11   7   0 0.00  0.0    0 20.0 36 270 429    M   1 78     44 180
16  60  29  45  -2  20   0 0.00  0.0    0  3.5 12 210 501    M   0        14 210
17  71  27  49   2  16   0 0.00  0.0    0  4.5 13  70 468    M   0        16  50
18  68  32  50   4  15   0 0.00  0.0    0  5.8 16 270 428    M   0        20 260
19  74  27  51   5  14   0 0.00  0.0    0  4.3 10 340 455    M   0 1      12  30
20  79  31  55   9  10   0 0.00  0.0    0  8.3 22 180 419    M   2        28 180
21  68  38  53   8  12   0    T  0.0    0 17.2 37 240 394    M   5        45 240
22  61  24  43  -2  22   0 0.00  0.0    0  3.6 12 170 432    M   1        15 180
23  67  37  52   8  13   0 0.00  0.0    0  7.4 18 250 357    M   3        23 260
24  75  43  59  15   6   0 0.00  0.0    0  7.5 20 170 415    M   3        25 170
25  76  33  55  11  10   0 0.01  0.0    0 15.6 41 200 372    M   1        53 190
26  55  38  47   4  18   0    T  0.0    0 19.6 33 230 418    M   4        40 250
27  48  29  39  -4  26   0 0.00  0.0    0 12.0 21 240 413    M   3        28 240
28  56  19  38  -5  27   0 0.00  0.0    0  3.2 13 210 448    M   0        16 200
29  64  25  45   3  20   0 0.00  0.0    0  8.4 22 250 405    M   6        26 250
================================================================================
SM 1970  982       401   0  0.04     0.0 261.8        14196     44
================================================================================
AV 67.9 33.9                               9.0 FASTST  490   M   2    MAX(MPH)
                                 MISC ---->  # 41 200               # 53  190
================================================================================
NOTES:
# LAST OF SEVERAL OCCURRENCES

COLUMN 17 PEAK WIND IN M.P.H.

PRELIMINARY LOCAL CLIMATOLOGICAL DATA (WS FORM: F-6) , PAGE 2

                                          STATION:  POCATELLO ID
                                          MONTH:    OCTOBER
                                          YEAR:     2014
                                          LATITUDE:   42 55 N
                                          LONGITUDE: 112 36 W

[TEMPERATURE DATA]      [PRECIPITATION DATA]       SYMBOLS USED IN COLUMN 16

AVERAGE MONTHLY: 50.9   TOTAL FOR MONTH:   0.04    1 = FOG OR MIST
DPTR FM NORMAL:   3.5   DPTR FM NORMAL:   -0.77    2 = FOG REDUCING VISIBILITY
HIGHEST:    79 ON 20    GRTST 24HR  0.03 ON  1- 1      TO 1/4 MILE OR LESS
LOWEST:     19 ON 28                               3 = THUNDER
                        SNOW, ICE PELLETS, HAIL    4 = ICE PELLETS
                        TOTAL MONTH:   0.0 INCH    5 = HAIL
                        GRTST 24HR     0.0         6 = FREEZING RAIN OR DRIZZLE
                        GRTST DEPTH:   0           7 = DUSTSTORM OR SANDSTORM:
                                                       VSBY 1/2 MILE OR LESS
                                                   8 = SMOKE OR HAZE
[NO. OF DAYS WITH]      [WEATHER - DAYS WITH]      9 = BLOWING SNOW
                                                   X = TORNADO
MAX 32 OR BELOW:   0    0.01 INCH OR MORE:   2
MAX 90 OR ABOVE:   0    0.10 INCH OR MORE:   0
MIN 32 OR BELOW:  13    0.50 INCH OR MORE:   0
MIN  0 OR BELOW:   0    1.00 INCH OR MORE:   0

[HDD (BASE 65) ]
TOTAL THIS MO.   401    CLEAR  (SCALE 0-3)  23
DPTR FM NORMAL  -110    PTCLDY (SCALE 4-7)   6
TOTAL FM JUL 1   579    CLOUDY (SCALE 8-10)  0
DPTR FM NORMAL  -181

[CDD (BASE 65) ]
TOTAL THIS MO.     0
DPTR FM NORMAL     0    [PRESSURE DATA]
TOTAL FM JAN 1   421    HIGHEST SLP M ON M
DPTR FM NORMAL    29    LOWEST  SLP 29.62 ON 21

[REMARKS]
