000
CXUS55 KABR 281400
CF6PIR
PRELIMINARY LOCAL CLIMATOLOGICAL DATA (WS FORM: F-6)

                                          STATION:   PIERRE SD
                                          MONTH:     MARCH
                                          YEAR:      2015
                                          LATITUDE:   44 22 N
                                          LONGITUDE: 100 17 W

  TEMPERATURE IN F:       :PCPN:    SNOW:  WIND      :SUNSHINE: SKY     :PK WND
================================================================================
1   2   3   4   5  6A  6B    7    8   9   10  11  12  13   14  15   16   17  18
                                     12Z  AVG MX 2MIN
DY MAX MIN AVG DEP HDD CDD  WTR  SNW DPTH SPD SPD DIR MIN PSBL S-S WX    SPD DR
================================================================================

 1  35   9  22  -7  43   0 0.00  0.0    0 12.2 28 320   M    M   2        34 320
 2  48   6  27  -2  38   0    T    T    0 14.8 35 180   M    M   2        42 170
 3  34   2  18 -12  47   0 0.18  1.8    2 19.6 39 350   M    M   6 1289   49 350
 4  14  -9   3 -27  62   0 0.00  0.0    1 13.3 25 320   M    M   0        30 320
 5  35  -9  13 -17  52   0 0.00  0.0    1  7.9 17 190   M    M   0        20 170
 6  54  23  39   8  26   0 0.00  0.0    1  8.0 14 250   M    M   4        17 240
 7  51  29  40   9  25   0 0.00  0.0    0  9.0 18  10   M    M   4        23 330
 8  57  24  41  10  24   0 0.00  0.0    0  7.7 17 320   M    M   2 12     23 320
 9  66  27  47  15  18   0 0.00  0.0    0  6.0 18 230   M    M   0        24 230
10  66  30  48  16  17   0 0.00  0.0    0  9.3 20 350   M    M   0 8      24 340
11  79  30  55  23  10   0 0.00  0.0    0 11.7 24 200   M    M   0        31 200
12  74  40  57  24   8   0 0.00  0.0    0 10.1 18 210   M    M   0        27 230
13  67  38  53  20  12   0 0.00  0.0    0 12.9 25 340   M    M   0        32 350
14  73  29  51  17  14   0 0.00  0.0    0 12.3 26 180   M    M   0        34 200
15  83  56  70  36   0   5 0.00  0.0    0 10.2 21 220   M    M   0        31 210
16  65  31  48  14  17   0    T  0.0    0 13.2 33  10   M    M   3        40 360
17  43  22  33  -2  32   0 0.00  0.0    0  6.3 14 130   M    M   4        16 140
18  55  35  45  10  20   0 0.00  0.0    0 17.1 28 140   M    M   8        33 130
19  51  23  37   1  28   0 0.00  0.0    0 12.2 35 300   M    M   3        39 290
20  71  22  47  11  18   0 0.00  0.0    0 12.2 31 310   M    M   0 1      36 320
21  55  22  39   3  26   0 0.00  0.0    0 17.0 29 110   M    M   3 1      34 110
22  46  23  35  -2  30   0    T    T    0 12.9 28  70   M    M   4        32  60
23  67  18  43   6  22   0    T    T    0 12.6 24 160   M    M   2        30 160
24  64  36  50  12  15   0 0.00  0.0    0 17.7 30 300   M    M   7        37 140
25  44  23  34  -4  31   0 0.00  0.0    0 18.9 32 330   M    M   6        41 330
26  37  18  28 -10  37   0 0.15  3.0    0  4.0 10  90   M    M   6 12     12  70
27  51  26  39   0  26   0    M    M    T 11.7 22 130   M    M   5 1      26 140
================================================================================
SM 1485  624       698   5  0.33     4.8 320.8          M       71
================================================================================
AV 55.0 23.1                              11.9 FASTST   M    M   3    MAX(MPH)
                                 MISC ---->  # 39 350               # 49  350
================================================================================
NOTES:
# LAST OF SEVERAL OCCURRENCES

COLUMN 17 PEAK WIND IN M.P.H.

PRELIMINARY LOCAL CLIMATOLOGICAL DATA (WS FORM: F-6) , PAGE 2

                                          STATION:  PIERRE SD
                                          MONTH:    MARCH
                                          YEAR:     2015
                                          LATITUDE:   44 22 N
                                          LONGITUDE: 100 17 W

[TEMPERATURE DATA]      [PRECIPITATION DATA]       SYMBOLS USED IN COLUMN 16

AVERAGE MONTHLY: 39.1   TOTAL FOR MONTH:   0.33    1 = FOG OR MIST
DPTR FM NORMAL:   5.4   DPTR FM NORMAL:   -0.68    2 = FOG REDUCING VISIBILITY
HIGHEST:    83 ON 15    GRTST 24HR  0.18 ON  3- 3      TO 1/4 MILE OR LESS
LOWEST:     -9 ON  5, 4                            3 = THUNDER
                        SNOW, ICE PELLETS, HAIL    4 = ICE PELLETS
                        TOTAL MONTH:   4.8 INCHES  5 = HAIL
                        GRTST 24HR   3.0 ON 26-26  6 = FREEZING RAIN OR DRIZZLE
                        GRTST DEPTH:   2 ON  3     7 = DUSTSTORM OR SANDSTORM:
                                                       VSBY 1/2 MILE OR LESS
                                                   8 = SMOKE OR HAZE
[NO. OF DAYS WITH]      [WEATHER - DAYS WITH]      9 = BLOWING SNOW
                                                   X = TORNADO
MAX 32 OR BELOW:   1    0.01 INCH OR MORE:   2
MAX 90 OR ABOVE:   0    0.10 INCH OR MORE:   2
MIN 32 OR BELOW:  22    0.50 INCH OR MORE:   0
MIN  0 OR BELOW:   2    1.00 INCH OR MORE:   0

[HDD (BASE 65) ]
TOTAL THIS MO.   698    CLEAR  (SCALE 0-3)  16
DPTR FM NORMAL  -148    PTCLDY (SCALE 4-7)  11
TOTAL FM JUL 1  6207    CLOUDY (SCALE 8-10)  0
DPTR FM NORMAL  -137

[CDD (BASE 65) ]
TOTAL THIS MO.     5
DPTR FM NORMAL     5    [PRESSURE DATA]
TOTAL FM JAN 1     5    HIGHEST SLP M ON M
DPTR FM NORMAL     5    LOWEST  SLP 29.72 ON 16

[REMARKS]
