000
CXUS55 KABR 261400
CF6PIR
PRELIMINARY LOCAL CLIMATOLOGICAL DATA (WS FORM: F-6)

                                          STATION:   PIERRE SD
                                          MONTH:     DECEMBER
                                          YEAR:      2014
                                          LATITUDE:   44 22 N
                                          LONGITUDE: 100 17 W

  TEMPERATURE IN F:       :PCPN:    SNOW:  WIND      :SUNSHINE: SKY     :PK WND
================================================================================
1   2   3   4   5  6A  6B    7    8   9   10  11  12  13   14  15   16   17  18
                                     12Z  AVG MX 2MIN
DY MAX MIN AVG DEP HDD CDD  WTR  SNW DPTH SPD SPD DIR MIN PSBL S-S WX    SPD DR
================================================================================

 1  26  -9   9 -17  56   0 0.00  0.0    1 13.8 30 160   M    M   0        36 160
 2  41  13  27   2  38   0 0.00  0.0    1  9.6 25 310   M    M   4        33 300
 3  37  11  24  -1  41   0 0.00  0.0    1 11.7 22 300   M    M   0        26 300
 4  39  19  29   4  36   0 0.00  0.0    T  6.4 16 130   M    M   1        21 130
 5  40  19  30   6  35   0 0.00  0.0    T  7.8 15 360   M    M   2        18 350
 6  39  11  25   1  40   0 0.00  0.0    0 12.7 24 140   M    M   1        30 140
 7  58  24  41  17  24   0 0.00  0.0    0 14.6 37 310   M    M   4        44 300
 8  42  22  32   9  33   0 0.00  0.0    0 10.7 24 340   M    M   4        29 330
 9  36  17  27   4  38   0 0.00  0.0    0 11.3 23 120   M    M   5        28 130
10  40  13  27   4  38   0 0.00  0.0    0  5.2 10 110   M    M   0        13 110
11  47  22  35  13  30   0 0.00  0.0    0  9.7 17 130   M    M   1 128    21 130
12  60  30  45  23  20   0 0.00  0.0    0 11.3 20 120   M    M   0        21 130
13  55  32  44  22  21   0 0.00  0.0    0 10.0 18 190   M    M   0 1      21 180
14  39  27  33  11  32   0 0.00  0.0    0 12.6 25 330   M    M   6 18     31 330
15  30  24  27   6  38   0 0.35  4.0    4 24.3 38 350   M    M  10 129    48 340
16  24  18  21   0  44   0 0.00  0.0    4 10.6 22 350   M    M  10        26 350
17  18  16  17  -4  48   0    T  0.0    4 11.8 18 130   M    M  10 16     22 130
18  29  15  22   1  43   0    T    T    4  7.1 16 130   M    M   9 12     18 130
19  30  10  20  -1  45   0    T    T    4  2.3  8 160   M    M   4 128     9 160
20  30  12  21   1  44   0 0.00  0.0    3  3.9 10 120   M    M   6 128    12 120
21  35  21  28   8  37   0 0.00  0.0    3  6.9 13 120   M    M   3 1      14 120
22  38  28  33  13  32   0 0.09  1.1    3 17.8 33 310   M    M  10 1      41 310
23  31  26  29   9  36   0    M    M    3 22.6 30 330   M    M  10 1      36 330
24  29  12  21   1  44   0    T    T    4  6.5 14 330   M    M   5 1      15 340
25  33  25  29   9  36   0    M    M    3 13.7 25  20   M    M  10 1      29  10
================================================================================
SM  926  458       929   0  0.44     5.1 274.9          M      115
================================================================================
AV 37.0 18.3                              11.0 FASTST   M    M   5    MAX(MPH)
                                 MISC ---->  # 38 350               # 48  340
================================================================================
NOTES:
# LAST OF SEVERAL OCCURRENCES

COLUMN 17 PEAK WIND IN M.P.H.

PRELIMINARY LOCAL CLIMATOLOGICAL DATA (WS FORM: F-6) , PAGE 2

                                          STATION:  PIERRE SD
                                          MONTH:    DECEMBER
                                          YEAR:     2014
                                          LATITUDE:   44 22 N
                                          LONGITUDE: 100 17 W

[TEMPERATURE DATA]      [PRECIPITATION DATA]       SYMBOLS USED IN COLUMN 16

AVERAGE MONTHLY: 27.7   TOTAL FOR MONTH:   0.44    1 = FOG OR MIST
DPTR FM NORMAL:   5.5   DPTR FM NORMAL:   -0.01    2 = FOG REDUCING VISIBILITY
HIGHEST:    60 ON 12    GRTST 24HR  0.35 ON 15-15      TO 1/4 MILE OR LESS
LOWEST:     -9 ON  1                               3 = THUNDER
                        SNOW, ICE PELLETS, HAIL    4 = ICE PELLETS
                        TOTAL MONTH:   5.1 INCHES  5 = HAIL
                        GRTST 24HR   4.0 ON 15-15  6 = FREEZING RAIN OR DRIZZLE
                        GRTST DEPTH:   4 ON 24,19  7 = DUSTSTORM OR SANDSTORM:
                                                       VSBY 1/2 MILE OR LESS
                                                   8 = SMOKE OR HAZE
[NO. OF DAYS WITH]      [WEATHER - DAYS WITH]      9 = BLOWING SNOW
                                                   X = TORNADO
MAX 32 OR BELOW:   9    0.01 INCH OR MORE:   2
MAX 90 OR ABOVE:   0    0.10 INCH OR MORE:   1
MIN 32 OR BELOW:  25    0.50 INCH OR MORE:   0
MIN  0 OR BELOW:   1    1.00 INCH OR MORE:   0

[HDD (BASE 65) ]
TOTAL THIS MO.   929    CLEAR  (SCALE 0-3)  10
DPTR FM NORMAL  -141    PTCLDY (SCALE 4-7)   8
TOTAL FM JUL 1  2651    CLOUDY (SCALE 8-10)  7
DPTR FM NORMAL   -39

[CDD (BASE 65) ]
TOTAL THIS MO.     0
DPTR FM NORMAL     0    [PRESSURE DATA]
TOTAL FM JAN 1   622    HIGHEST SLP M ON M
DPTR FM NORMAL  -246    LOWEST  SLP 29.43 ON 22

[REMARKS]
