000
CXUS53 KAPX 250631
CF6PLN
PRELIMINARY LOCAL CLIMATOLOGICAL DATA (WS FORM: F-6)

                                          STATION:   PELLSTON
                                          MONTH:     NOVEMBER
                                          YEAR:      2017
                                          LATITUDE:   45 34 N
                                          LONGITUDE:  84 48 W

  TEMPERATURE IN F:       :PCPN:    SNOW:  WIND      :SUNSHINE: SKY     :PK WND
================================================================================
1   2   3   4   5  6A  6B    7    8   9   10  11  12  13   14  15   16   17  18
                                     12Z  AVG MX 2MIN
DY MAX MIN AVG DEP HDD CDD  WTR  SNW DPTH SPD SPD DIR MIN PSBL S-S WX    SPD DR
================================================================================

 1  42  34  38  -2  27   0 0.01    M    M  8.2 14 180   M    M   9        21 200
 2  49  37  43   4  22   0    T    M    M  6.9 16 300   M    M  10 1      22 310
 3  43  32  38  -1  27   0    T    M    M 10.6 22 310   M    M   9        31 310
 4  43  32  38   0  27   0 0.31    M    M  4.5 13 110   M    M  10 1      20 100
 5  48  38  43   5  22   0 0.03    M    M  8.2 21 330   M    M  10 1      28 330
 6  38  24  31  -7  34   0    T    M    M  7.4 17 340   M    M   8        22 320
 7  39  17  28 -10  37   0    T    M    M  3.5 15 310   M    M   6        20 320
 8  41  21  31  -6  34   0 0.00    M    M  6.1 20 270   M    M   7        28 250
 9  34  16  25 -12  40   0 0.44    M    M 15.7 35 310   M    M  10 189    43 310
10  24  -5  10 -26  55   0    T    M    M  3.9 24 360   M    M   2 19     31 360
11  30   5  18 -18  47   0 0.01    M    M  8.3 16 170   M    M   9 18     24 180
12  35  29  32  -4  33   0    T    M    M  1.4  8 200   M    M  10 1      12 200
13  37  30  34  -2  31   0 0.03    M    M  0.4  6 220   M    M  10 1       6 230
14  41  28  35   0  30   0    T    M    M  5.4 15 220   M    M   9 18     20 220
15  42  38  40   5  25   0 0.91    M    M  8.5 18 280   M    M   9 1      24 280
16  40  23  32  -2  33   0 0.21    M    M 13.7 26 340   M    M   9 1      36 320
17  37  24  31  -3  34   0 0.25    M    M  8.2 17 140   M    M   8 1      23 140
18  40  33  37   3  28   0 0.14    M    M  8.6 24 340   M    M  10 1      33 340
19  34  26  30  -3  35   0 0.12    M    M 12.6 26 340   M    M  10 128    34 320
20  47  16  32  -1  33   0 0.00    M    M  5.9 20 200   M    M   5 1      30 220
21  48  25  37   5  28   0 0.01    M    M 16.1 28 310   M    M   7 1      40 300
22  32  20  26  -6  39   0    T    M    M  7.3 17 320   M    M   9        20 340
23  37  26  32   0  33   0    T    M    M  6.8 15 260   M    M   9        20 260
24  62  34  48  17  17   0 0.07    M    M 13.5 28 220   M    M   7        44 220
================================================================================
SM  963  603       771   0  2.54    M    191.7          M      202
================================================================================
AV 40.1 25.1                               8.0 FASTST   M    M   8    MAX(MPH)
                                 MISC ---->  # 35 310               # 44  220
================================================================================
NOTES:
# LAST OF SEVERAL OCCURRENCES

COLUMN 17 PEAK WIND IN M.P.H.

PRELIMINARY LOCAL CLIMATOLOGICAL DATA (WS FORM: F-6) , PAGE 2

                                          STATION:  PELLSTON
                                          MONTH:    NOVEMBER
                                          YEAR:     2017
                                          LATITUDE:   45 34 N
                                          LONGITUDE:  84 48 W

[TEMPERATURE DATA]      [PRECIPITATION DATA]       SYMBOLS USED IN COLUMN 16

AVERAGE MONTHLY: 32.6   TOTAL FOR MONTH:   2.54    1 = FOG OR MIST
DPTR FM NORMAL:  -2.9   DPTR FM NORMAL:    0.28    2 = FOG REDUCING VISIBILITY
HIGHEST:    62 ON 24    GRTST 24HR  0.91 ON 15-15      TO 1/4 MILE OR LESS
LOWEST:     -5 ON 10                               3 = THUNDER
                        SNOW, ICE PELLETS, HAIL    4 = ICE PELLETS
                        TOTAL MONTH:    M          5 = HAIL
                        GRTST 24HR    M  ON   M    6 = FREEZING RAIN OR DRIZZLE
                        GRTST DEPTH:  M  ON   M    7 = DUSTSTORM OR SANDSTORM:
                                                       VSBY 1/2 MILE OR LESS
                                                   8 = SMOKE OR HAZE
[NO. OF DAYS WITH]      [WEATHER - DAYS WITH]      9 = BLOWING SNOW
                                                   X = TORNADO
MAX 32 OR BELOW:   3    0.01 INCH OR MORE:  13
MAX 90 OR ABOVE:   0    0.10 INCH OR MORE:   7
MIN 32 OR BELOW:  18    0.50 INCH OR MORE:   1
MIN  0 OR BELOW:   1    1.00 INCH OR MORE:   0

[HDD (BASE 65) ]
TOTAL THIS MO.   771    CLEAR  (SCALE 0-3)   1
DPTR FM NORMAL    65    PTCLDY (SCALE 4-7)   6
TOTAL FM JUL 1  1506    CLOUDY (SCALE 8-10) 17
DPTR FM NORMAL  -280

[CDD (BASE 65) ]
TOTAL THIS MO.     0
DPTR FM NORMAL     0    [PRESSURE DATA]
TOTAL FM JAN 1   226    HIGHEST SLP M ON M
DPTR FM NORMAL     6    LOWEST  SLP 29.32 ON 24

[REMARKS]
