000
CXUS55 KPAH 310629
CF6POF
PRELIMINARY LOCAL CLIMATOLOGICAL DATA (WS FORM: F-6)

                                          STATION:   POPLAR BLUFF MO
                                          MONTH:     JULY
                                          YEAR:      2015
                                          LATITUDE:   36 46 N
                                          LONGITUDE:  90 19 W

  TEMPERATURE IN F:       :PCPN:    SNOW:  WIND      :SUNSHINE: SKY     :PK WND
================================================================================
1   2   3   4   5  6A  6B    7    8   9   10  11  12  13   14  15   16   17  18
                                     12Z  AVG MX 2MIN
DY MAX MIN AVG DEP HDD CDD  WTR  SNW DPTH SPD SPD DIR MIN PSBL S-S WX    SPD DR
================================================================================

 1  82  70  76  -3   0  11 1.07  0.0    0  6.5 24 300   M    M   7 13     32 290
 2  86  72  79   0   0  14 0.34  0.0    M  6.7 18 300   M    M   8 1      25 300
 3  82  70  76  -3   0  11 0.27  0.0    0  3.7 16 210   M    M   8 13     20 260
 4  81  68  75  -4   0  10 0.00  0.0    0  3.2  8  80   M    M   1 18     14  80
 5  85  69  77  -2   0  12 0.00  0.0    0  4.0  9 170   M    M   5 128    16 160
 6  86  73  80   0   0  15 0.17  0.0    0  8.5 17 190   M    M   7 13     22 190
 7  84  73  79  -1   0  14 0.27  0.0    0  8.1 18 210   M    M   5 13     25 190
 8  85  71  78  -2   0  13 2.04  0.0    0  8.0 22 210   M    M   7 13     30 270
 9  88  71  80   0   0  15 0.55  0.0    0  6.3 29 290   M    M   6 13     49 300
10  89  70  80   0   0  15 0.03  0.0    0  4.7 14  10   M    M   2 13     17  20
11  91  73  82   2   0  17 0.00  0.0    0  5.1 14 210   M    M   0 1      20 210
12  91  77  84   4   0  19 0.00  0.0    0  4.9 13 200   M    M   0 1      21 150
13  93  76  85   5   0  20 0.00  0.0    0  7.5 17 220   M    M   0        23 190
14  95  73  84   4   0  19 0.00  0.0    0  5.8 13 220   M    M   1        19 320
15  91  73  82   2   0  17 0.00  0.0    0  4.9 12  70   M    M   1 1      22  60
16  91  72  82   2   0  17 0.00  0.0    0  5.9 13 160   M    M   3 1      20 320
17  92  75  84   4   0  19 0.00  0.0    0  6.9 14 230   M    M   0 1      22 210
18  93  77  85   5   0  20 0.00  0.0    0  6.0 13 220   M    M   1        21 180
19  95  77  86   6   0  21 0.00  0.0    0  4.5 10 360   M    M   1        17  50
20  93  73  83   3   0  18 0.87  0.0    0  7.3 37 320   M    M   4 13     50 320
21  89  72  81   1   0  16    T  0.0    0  5.7 12 350   M    M   2        20 360
22  85  71  78  -2   0  13 0.02  0.0    0  3.9 10 150   M    M   6 13     17 110
23  88  75  82   2   0  17 0.40  0.0    0  2.6 12 200   M    M   7 13     14 210
24  91  75  83   3   0  18 0.00  0.0    0  2.6  8 120   M    M   5 18     16 140
25  93  76  85   5   0  20 0.00  0.0    0  1.8  8 130   M    M   2 13     17 150
26  87  75  81   2   0  16 0.19  0.0    0  3.7 20  50   M    M   1 13     25  50
27  93  76  85   6   0  20    T  0.0    0  3.7 10 190   M    M   2 1      24 130
28  94  76  85   6   0  20    T  0.0    0  3.6 12 210   M    M   0 1      20 210
29  97  77  87   8   0  22 0.00  0.0    0  4.9 20 360   M    M   1 1      26  20
30  88  67  78  -1   0  13 0.00  0.0    0  6.1 13  70   M    M   0        20  50
================================================================================
SM 2678 2193         0 492  6.22     0.0 157.1          M       93
================================================================================
AV 89.3 73.1                               5.2 FASTST   M    M   3    MAX(MPH)
                                 MISC ---->  # 37 320               # 50  320
================================================================================
NOTES:
# LAST OF SEVERAL OCCURRENCES

COLUMN 17 PEAK WIND IN M.P.H.

PRELIMINARY LOCAL CLIMATOLOGICAL DATA (WS FORM: F-6) , PAGE 2

                                          STATION:  POPLAR BLUFF MO
                                          MONTH:    JULY
                                          YEAR:     2015
                                          LATITUDE:   36 46 N
                                          LONGITUDE:  90 19 W

[TEMPERATURE DATA]      [PRECIPITATION DATA]       SYMBOLS USED IN COLUMN 16

AVERAGE MONTHLY: 81.2   TOTAL FOR MONTH:   6.22    1 = FOG OR MIST
DPTR FM NORMAL:   1.5   DPTR FM NORMAL:    2.42    2 = FOG REDUCING VISIBILITY
HIGHEST:    97 ON 29    GRTST 24HR  2.42 ON  8- 9      TO 1/4 MILE OR LESS
LOWEST:     67 ON 30                               3 = THUNDER
                        SNOW, ICE PELLETS, HAIL    4 = ICE PELLETS
                        TOTAL MONTH:   0.0 INCH    5 = HAIL
                        GRTST 24HR     0.0         6 = FREEZING RAIN OR DRIZZLE
                        GRTST DEPTH:   0           7 = DUSTSTORM OR SANDSTORM:
                                                       VSBY 1/2 MILE OR LESS
                                                   8 = SMOKE OR HAZE
[NO. OF DAYS WITH]      [WEATHER - DAYS WITH]      9 = BLOWING SNOW
                                                   X = TORNADO
MAX 32 OR BELOW:   0    0.01 INCH OR MORE:  12
MAX 90 OR ABOVE:  15    0.10 INCH OR MORE:  10
MIN 32 OR BELOW:   0    0.50 INCH OR MORE:   4
MIN  0 OR BELOW:   0    1.00 INCH OR MORE:   2

[HDD (BASE 65) ]
TOTAL THIS MO.     0    CLEAR  (SCALE 0-3)  18
DPTR FM NORMAL     0    PTCLDY (SCALE 4-7)  11
TOTAL FM JUL 1     0    CLOUDY (SCALE 8-10)  1
DPTR FM NORMAL     0

[CDD (BASE 65) ]
TOTAL THIS MO.   492
DPTR FM NORMAL    55    [PRESSURE DATA]
TOTAL FM JAN 1  1068    HIGHEST SLP M ON M
DPTR FM NORMAL   131    LOWEST  SLP 29.63 ON 14

[REMARKS]
