000
CXUS55 KALY 260710
CF6POU
PRELIMINARY LOCAL CLIMATOLOGICAL DATA (WS FORM: F-6)

                                          STATION:   POUGHKEEPSIE NY
                                          MONTH:     FEBRUARY
                                          YEAR:      2015
                                          LATITUDE:   41 37 N
                                          LONGITUDE:  73 53 W

  TEMPERATURE IN F:       :PCPN:    SNOW:  WIND      :SUNSHINE: SKY     :PK WND
================================================================================
1   2   3   4   5  6A  6B    7    8   9   10  11  12  13   14  15   16   17  18
                                     12Z  AVG MX 2MIN
DY MAX MIN AVG DEP HDD CDD  WTR  SNW DPTH SPD SPD DIR MIN PSBL S-S WX    SPD DR
================================================================================

 1  35   2  19  -7  46   0 0.02    M    M  2.5 10 240   M    M   7 1      13 240
 2  25  11  18  -8  47   0 0.46    M    M  9.2 18 360   M    M   9 18     25 360
 3  26  -6  10 -16  55   0 0.00    M    M  2.9 16 250   M    M   0 18     19 240
 4  35   2  19  -8  46   0    T    M    M  1.2  8 160   M    M   9 8      11 180
 5  31   1  16 -11  49   0 0.07    M    M  9.1 22 330   M    M   5 18     31 350
 6  24 -10   7 -20  58   0    T    M    M  5.3 22 240   M    M   1 18     30 240
 7  32   8  20  -7  45   0    T    M    M  3.0 10 230   M    M   8 8      15 190
 8  32  25  29   2  36   0 0.09    M    M  4.0 10  80   M    M  10 18     12  80
 9  25  21  23  -4  42   0 0.33    M    M  6.9 12  10   M    M  10 18     14  10
10  36  23  30   2  35   0    T    M    M 11.5 21  20   M    M   5 8      26  10
11  32  12  22  -6  43   0 0.00    M    M  5.3 21  10   M    M   0        28  10
12  38  15  27  -1  38   0 0.03    M    M  6.7 22 330   M    M   9 128    32 330
13  20  -3   9 -19  56   0 0.00    M    M  7.1 20 330   M    M   1        26 350
14  24  -7   9 -19  56   0 0.09    M    M  1.3 12 190   M    M   8 18     18 200
15  19   2  11 -17  54   0 0.00    M    M 13.5 26 350   M    M   5 18     40  10
16  20 -14   3 -26  62   0 0.00    M    M  4.1 22 330   M    M   1 8      29 320
17  26   1  14 -15  51   0    T    M    M  2.7 10  20   M    M   5 8      12 350
18  31  -8  12 -17  53   0    T    M    M  1.2  8 220   M    M   2 18     13 200
19  21   5  13 -16  52   0 0.00    M    M 11.7 24 270   M    M   6 18     32 290
20  20  -1  10 -20  55   0 0.00    M    M 10.1 22 260   M    M   0        27 280
21  27  -8  10 -20  55   0 0.21    M    M  3.0 16 190   M    M   6 18     25 200
22  42  25  34   4  31   0 0.06    M    M  1.0  6 280   M    M   6 18      8 350
23  28  -1  14 -16  51   0    T    M    M  7.8 20 340   M    M   1 18     29 330
24  22 -12   5 -25  60   0 0.00    M    M  3.5 13 170   M    M   1 8      21 140
25  36   1  19 -12  46   0 0.00    M    M  6.0 22 250   M    M   1 18     26 280
================================================================================
SM  707   84      1222   0  1.36    M    140.6          M      116
================================================================================
AV 28.3  3.4                               5.6 FASTST   M    M   5    MAX(MPH)
                                 MISC ---->  # 26 350               # 40   10
================================================================================
NOTES:
# LAST OF SEVERAL OCCURRENCES

COLUMN 17 PEAK WIND IN M.P.H.

PRELIMINARY LOCAL CLIMATOLOGICAL DATA (WS FORM: F-6) , PAGE 2

                                          STATION:  POUGHKEEPSIE NY
                                          MONTH:    FEBRUARY
                                          YEAR:     2015
                                          LATITUDE:   41 37 N
                                          LONGITUDE:  73 53 W

[TEMPERATURE DATA]      [PRECIPITATION DATA]       SYMBOLS USED IN COLUMN 16

AVERAGE MONTHLY: 15.8   TOTAL FOR MONTH:   1.36    1 = FOG OR MIST
DPTR FM NORMAL: -12.4   DPTR FM NORMAL:   -0.99    2 = FOG REDUCING VISIBILITY
HIGHEST:    42 ON 22    GRTST 24HR  0.48 ON  1- 2      TO 1/4 MILE OR LESS
LOWEST:    -14 ON 16                               3 = THUNDER
                        SNOW, ICE PELLETS, HAIL    4 = ICE PELLETS
                        TOTAL MONTH:    M          5 = HAIL
                        GRTST 24HR    M  ON   M    6 = FREEZING RAIN OR DRIZZLE
                        GRTST DEPTH:  M  ON   M    7 = DUSTSTORM OR SANDSTORM:
                                                       VSBY 1/2 MILE OR LESS
                                                   8 = SMOKE OR HAZE
[NO. OF DAYS WITH]      [WEATHER - DAYS WITH]      9 = BLOWING SNOW
                                                   X = TORNADO
MAX 32 OR BELOW:  19    0.01 INCH OR MORE:   9
MAX 90 OR ABOVE:   0    0.10 INCH OR MORE:   3
MIN 32 OR BELOW:  25    0.50 INCH OR MORE:   0
MIN  0 OR BELOW:  10    1.00 INCH OR MORE:   0

[HDD (BASE 65) ]
TOTAL THIS MO.  1222    CLEAR  (SCALE 0-3)  10
DPTR FM NORMAL   305    PTCLDY (SCALE 4-7)   9
TOTAL FM JUL 1  4533    CLOUDY (SCALE 8-10)  6
DPTR FM NORMAL    64

[CDD (BASE 65) ]
TOTAL THIS MO.     0
DPTR FM NORMAL     0    [PRESSURE DATA]
TOTAL FM JAN 1     0    HIGHEST SLP M ON M
DPTR FM NORMAL     0    LOWEST  SLP 29.52 ON  2

[REMARKS]
