000
CXUS55 KLOX 311155
CF6PRB
PRELIMINARY LOCAL CLIMATOLOGICAL DATA (WS FORM: F-6)

                                          STATION:   PASO ROBLES AIRPORT CA
                                          MONTH:     MAY
                                          YEAR:      2016
                                          LATITUDE:   35 40 N
                                          LONGITUDE: 120 38 W

  TEMPERATURE IN F:       :PCPN:    SNOW:  WIND      :SUNSHINE: SKY     :PK WND
================================================================================
1   2   3   4   5  6A  6B    7    8   9   10  11  12  13   14  15   16   17  18
                                     12Z  AVG MX 2MIN
DY MAX MIN AVG DEP HDD CDD  WTR  SNW DPTH SPD SPD DIR MIN PSBL S-S WX    SPD DR
================================================================================

 1  83  43  63   3   2   0 0.00  0.0    0  7.0 20 190   M    M   0        24 200
 2  85  45  65   5   0   0 0.00  0.0    0  7.3 23 210   M    M   1        30 160
 3  84  46  65   4   0   0 0.00  0.0    0  6.4 20 210   M    M   0 1      23 210
 4  66  51  59  -2   6   0 0.00  0.0    0  8.5 21 240   M    M   1        24 240
 5  70  51  61   0   4   0    T  0.0    0  8.5 20 230   M    M   8        30 240
 6  71  48  60  -1   5   0    T    M    0  7.2 18 240   M    M   5        27 230
 7  71  47  59  -3   6   0 0.00  0.0    0  7.0 18 210   M    M   5        23 230
 8  77  43  60  -2   5   0 0.00  0.0    0  6.8 20 200   M    M   4 12     26 210
 9  80  47  64   2   1   0 0.00  0.0    0  8.1 23 210   M    M   2        28 220
10  80  49  65   3   0   0 0.00  0.0    0  7.2 24 200   M    M   3 1      30 210
11  85  50  68   6   0   3 0.00  0.0    0  7.0 23 200   M    M   3 1       M  M
12  90  52  71   8   0   6 0.00  0.0    0  7.5 21 200   M    M   2 1      24 210
13  76  50  63   0   2   0 0.00  0.0    0 10.1 25 200   M    M   2 1      31 190
14  83  47  65   2   0   0 0.00  0.0    0 10.2 24 320   M    M   0        29 330
15  82  54  68   5   0   3 0.00  0.0    0 13.4 28 320   M    M   3        33 320
16  86  51  69   5   0   4 0.00  0.0    0  9.6 22 310   M    M   2        28 320
17  90  48  69   5   0   4 0.00  0.0    0  4.3 16 210   M    M   1 1      20 210
18  95  51  73   9   0   8 0.00  0.0    0  6.9 21 330   M    M   0 8      27 340
19  74  50  62  -2   3   0 0.00  0.0    0 10.5 26 210   M    M   1 18     32 210
20  68  46  57  -7   8   0 0.00  0.0    0  9.2 22 210   M    M   1        27 200
21  70  39  55  -9  10   0 0.00  0.0    0  7.6 22 200   M    M   1        27 210
22  74  41  58  -6   7   0 0.00  0.0    0  7.8 20 340   M    M   1 8      24 320
23  75  44  60  -5   5   0 0.00  0.0    0  8.5 20 230   M    M   1        26 210
24  70  53  62  -3   3   0 0.00  0.0    0  9.2 22 210   M    M   5        27 180
25  75  51  63  -2   2   0 0.00  0.0    0 10.9 23 300   M    M   3        29 300
26  81  51  66   1   0   1 0.00  0.0    0 10.1 22 210   M    M   3        26 210
27  90  49  70   5   0   5 0.00  0.0    0  5.2 17 240   M    M   2 8      20 230
28  89  50  70   4   0   5 0.00  0.0    0  8.1 26 200   M    M   0        33 210
29  81  50  66   0   0   1 0.00  0.0    0 10.4 23 190   M    M   1        30 210
30  93  49  71   5   0   6 0.00  0.0    0  6.7 23 300   M    M   1 1      28 310
================================================================================
SM 2394 1446        69  46    T      0.0 247.1          M       62
================================================================================
AV 79.8 48.2                               8.2 FASTST   M    M   2    MAX(MPH)
                                 MISC ---->  # 28 320               # 33  320
================================================================================
NOTES:
# LAST OF SEVERAL OCCURRENCES

COLUMN 17 PEAK WIND IN M.P.H.

PRELIMINARY LOCAL CLIMATOLOGICAL DATA (WS FORM: F-6) , PAGE 2

                                          STATION:  PASO ROBLES AIRPORT CA
                                          MONTH:    MAY
                                          YEAR:     2016
                                          LATITUDE:   35 40 N
                                          LONGITUDE: 120 38 W

[TEMPERATURE DATA]      [PRECIPITATION DATA]       SYMBOLS USED IN COLUMN 16

AVERAGE MONTHLY: 64.0   TOTAL FOR MONTH:      T    1 = FOG OR MIST
DPTR FM NORMAL:   0.8   DPTR FM NORMAL:   -0.26    2 = FOG REDUCING VISIBILITY
HIGHEST:    95 ON 18    GRTST 24HR    T  ON  6- 6      TO 1/4 MILE OR LESS
LOWEST:     39 ON 21                               3 = THUNDER
                        SNOW, ICE PELLETS, HAIL    4 = ICE PELLETS
                        TOTAL MONTH:   0.0 INCH    5 = HAIL
                        GRTST 24HR     0.0         6 = FREEZING RAIN OR DRIZZLE
                        GRTST DEPTH:   0           7 = DUSTSTORM OR SANDSTORM:
                                                       VSBY 1/2 MILE OR LESS
                                                   8 = SMOKE OR HAZE
[NO. OF DAYS WITH]      [WEATHER - DAYS WITH]      9 = BLOWING SNOW
                                                   X = TORNADO
MAX 32 OR BELOW:   0    0.01 INCH OR MORE:   0
MAX 90 OR ABOVE:   5    0.10 INCH OR MORE:   0
MIN 32 OR BELOW:   0    0.50 INCH OR MORE:   0
MIN  0 OR BELOW:   0    1.00 INCH OR MORE:   0

[HDD (BASE 65) ]
TOTAL THIS MO.    69    CLEAR  (SCALE 0-3)  23
DPTR FM NORMAL   -37    PTCLDY (SCALE 4-7)   6
TOTAL FM JUL 1  2258    CLOUDY (SCALE 8-10)  1
DPTR FM NORMAL  -560

[CDD (BASE 65) ]
TOTAL THIS MO.    46
DPTR FM NORMAL   -10    [PRESSURE DATA]
TOTAL FM JAN 1    51    HIGHEST SLP M ON M
DPTR FM NORMAL   -14    LOWEST  SLP 29.77 ON M

[REMARKS]
