000
CXUS54 KFWD 210730
CF6PRX
PRELIMINARY LOCAL CLIMATOLOGICAL DATA (WS FORM: F-6)

                                          STATION:   PARIS
                                          MONTH:     OCTOBER
                                          YEAR:      2014
                                          LATITUDE:   33 37 N
                                          LONGITUDE:  95 27 W

  TEMPERATURE IN F:       :PCPN:    SNOW:  WIND      :SUNSHINE: SKY     :PK WND
================================================================================
1   2   3   4   5  6A  6B    7    8   9   10  11  12  13   14  15   16   17  18
                                     12Z  AVG MX 2MIN
DY MAX MIN AVG DEP HDD CDD  WTR  SNW DPTH SPD SPD DIR MIN PSBL S-S WX    SPD DR
================================================================================

 1  90  70  80   9   0  15 0.00  0.0    0  8.3 13 190   M    M   3        17 150
 2  91  63  77   7   0  12 0.56  0.0    0 11.1 21 210   M    M   3 3      25 200
 3  77  52  65  -5   0   0 0.00  0.0    0 11.5 17 340   M    M   0        23 330
 4  73  46  60 -10   5   0 0.00  0.0    0  1.8  8 180   M    M   0         M  M
 5  82  52  67  -3   0   2 0.00  0.0    0  9.6 15 220   M    M   0        21 220
 6  81  61  71   2   0   6 0.34  0.0    0  6.5 10 180   M    M   1 3       M  M
 7  90  63  77   8   0  12 0.00  0.0    0  8.4 14 220   M    M   1        20 220
 8  84  70  77   9   0  12 0.00  0.0    0  7.8 10 140   M    M   5         M  M
 9  88  70  79  11   0  14 0.00  0.0    0  8.8 16 210   M    M   3        20 210
10  88  63  76   8   0  11 0.58  0.0    0 10.1 17 220   M    M   5 3      24 220
11  64  57  61  -7   4   0 0.55  0.0    0  8.2 17 300   M    M   9         M  M
12  70  55  63  -4   2   0 0.00  0.0    0  7.4 21 160   M    M  10        27 160
13  73  57  65  -2   0   0 1.89  0.0    0 13.7 23 250   M    M   9 3      30 170
14  72  52  62  -5   3   0 0.00  0.0    0 11.9 22 300   M    M   0        29 310
15  75  50  63  -3   2   0 0.00  0.0    0  2.5  8 330   M    M   0        16 330
16  84  48  66   0   0   1 0.00  0.0    0  8.1 17 200   M    M   0         M  M
17  79  54  67   1   0   2 0.00  0.0    0  4.9  9 160   M    M   0         M  M
18  73  55  64  -1   1   0 0.00  0.0    0  7.0 15  80   M    M   0        21  90
19  72  50  61  -4   4   0 0.00  0.0    0  6.4 16 120   M    M   0         M  M
20  79  52  66   1   0   1 0.00  0.0    0  3.7  8 100   M    M   0         M  M
================================================================================
SM 1585 1140        21  88  3.92     0.0 157.7          M       49
================================================================================
AV 79.2 57.0                               7.9 FASTST   M    M   2    MAX(MPH)
                                 MISC ---->  # 23 250                 30    M
================================================================================
NOTES:
# LAST OF SEVERAL OCCURRENCES

COLUMN 17 PEAK WIND IN M.P.H.

PRELIMINARY LOCAL CLIMATOLOGICAL DATA (WS FORM: F-6) , PAGE 2

                                          STATION:  PARIS
                                          MONTH:    OCTOBER
                                          YEAR:     2014
                                          LATITUDE:   33 37 N
                                          LONGITUDE:  95 27 W

[TEMPERATURE DATA]      [PRECIPITATION DATA]       SYMBOLS USED IN COLUMN 16

AVERAGE MONTHLY: 68.1   TOTAL FOR MONTH:   3.92    1 = FOG OR MIST
DPTR FM NORMAL:   0.4   DPTR FM NORMAL:    0.86    2 = FOG REDUCING VISIBILITY
HIGHEST:    91 ON  2    GRTST 24HR  1.89 ON 13-13      TO 1/4 MILE OR LESS
LOWEST:     46 ON  4                               3 = THUNDER
                        SNOW, ICE PELLETS, HAIL    4 = ICE PELLETS
                        TOTAL MONTH:   0.0 INCH    5 = HAIL
                        GRTST 24HR     0.0         6 = FREEZING RAIN OR DRIZZLE
                        GRTST DEPTH:   0           7 = DUSTSTORM OR SANDSTORM:
                                                       VSBY 1/2 MILE OR LESS
                                                   8 = SMOKE OR HAZE
[NO. OF DAYS WITH]      [WEATHER - DAYS WITH]      9 = BLOWING SNOW
                                                   X = TORNADO
MAX 32 OR BELOW:   0    0.01 INCH OR MORE:   5
MAX 90 OR ABOVE:   3    0.10 INCH OR MORE:   5
MIN 32 OR BELOW:   0    0.50 INCH OR MORE:   4
MIN  0 OR BELOW:   0    1.00 INCH OR MORE:   1

[HDD (BASE 65) ]
TOTAL THIS MO.    21    CLEAR  (SCALE 0-3)  14
DPTR FM NORMAL   -19    PTCLDY (SCALE 4-7)   3
TOTAL FM JUL 1    24    CLOUDY (SCALE 8-10)  3
DPTR FM NORMAL   -27

[CDD (BASE 65) ]
TOTAL THIS MO.    88
DPTR FM NORMAL    -5    [PRESSURE DATA]
TOTAL FM JAN 1  2052    HIGHEST SLP M ON M
DPTR FM NORMAL  -442    LOWEST  SLP M ON M

[REMARKS]
