000
CXUS56 KPDT 171832
CF6PSC
PRELIMINARY LOCAL CLIMATOLOGICAL DATA (WS FORM: F-6)

                                          STATION:   PASCO WA
                                          MONTH:     NOVEMBER
                                          YEAR:      2017
                                          LATITUDE:   46 16 N
                                          LONGITUDE: 119  7 W

  TEMPERATURE IN F:       :PCPN:    SNOW:  WIND      :SUNSHINE: SKY     :PK WND
================================================================================
1   2   3   4   5  6A  6B    7    8   9   10  11  12  13   14  15   16   17  18
                                     12Z  AVG MX 2MIN
DY MAX MIN AVG DEP HDD CDD  WTR  SNW DPTH SPD SPD DIR MIN PSBL S-S WX    SPD DR
================================================================================

 1  65  40  53   7  12   0 0.00  0.0    0  6.8 18 320   M    M   2        22 310
 2  63  34  49   3  16   0    T  0.0    0  8.7 25 200   M    M   5        31 200
 3  51  30  41  -5  24   0    T  0.0    0  6.6 18 220   M    M   6        21 230
 4  48  24  36  -9  29   0    T  0.0    0  3.1 17 240   M    M   8        21 250
 5  37  32  35 -10  30   0 0.17    T    T  6.7 13 320   M    M  10 1      15 320
 6  44  26  35 -10  30   0    T    T    0  3.1  8 350   M    M   5        10  20
 7  38  21  30 -14  35   0 0.00  0.0    0  3.6 12 330   M    M   2        13 330
 8  46  32  39  -5  26   0 0.09  0.0    0  7.6 17 310   M    M   6 1      22 320
 9  50  34  42  -2  23   0 0.03  0.0    0  6.0 17 260   M    M   6 1      21 260
10  43  32  38  -5  27   0 0.07  0.0    0  3.7  9 310   M    M   8 1      10 310
11  49  37  43   0  22   0    T  0.0    0  3.6 14 310   M    M   7 1      16 320
12  49  35  42  -1  23   0 0.00  0.0    0  2.3  8  50   M    M   6 128     9  50
13  55  37  46   4  19   0 0.04  0.0    0  9.6 25 200   M    M   6 12     32 200
14  57  42  50   8  15   0 0.00  0.0    0  8.3 24 200   M    M   0        30 200
15  67  40  54  12  11   0 0.26  0.0    0  7.5 22 180   M    M   6 1      29 190
16  55  41  48   7  17   0 0.06  0.0    0 10.7 26 230   M    M   4 1      33 240
================================================================================
SM  817  537       359   0  0.72    T     97.9          M       87
================================================================================
AV 51.1 33.6                               6.1 FASTST   M    M   5    MAX(MPH)
                                 MISC ---->  # 26 230               # 33  240
================================================================================
NOTES:
# LAST OF SEVERAL OCCURRENCES

COLUMN 17 PEAK WIND IN M.P.H.

PRELIMINARY LOCAL CLIMATOLOGICAL DATA (WS FORM: F-6) , PAGE 2

                                          STATION:  PASCO WA
                                          MONTH:    NOVEMBER
                                          YEAR:     2017
                                          LATITUDE:   46 16 N
                                          LONGITUDE: 119  7 W

[TEMPERATURE DATA]      [PRECIPITATION DATA]       SYMBOLS USED IN COLUMN 16

AVERAGE MONTHLY: 42.3   TOTAL FOR MONTH:   0.72    1 = FOG OR MIST
DPTR FM NORMAL:  -1.5   DPTR FM NORMAL:    0.19    2 = FOG REDUCING VISIBILITY
HIGHEST:    67 ON 15    GRTST 24HR  0.26 ON 15-15      TO 1/4 MILE OR LESS
LOWEST:     21 ON  7                               3 = THUNDER
                        SNOW, ICE PELLETS, HAIL    4 = ICE PELLETS
                        TOTAL MONTH:    T          5 = HAIL
                        GRTST 24HR    T  ON  6- 6  6 = FREEZING RAIN OR DRIZZLE
                        GRTST DEPTH:   T           7 = DUSTSTORM OR SANDSTORM:
                                                       VSBY 1/2 MILE OR LESS
                                                   8 = SMOKE OR HAZE
[NO. OF DAYS WITH]      [WEATHER - DAYS WITH]      9 = BLOWING SNOW
                                                   X = TORNADO
MAX 32 OR BELOW:   0    0.01 INCH OR MORE:   7
MAX 90 OR ABOVE:   0    0.10 INCH OR MORE:   2
MIN 32 OR BELOW:   7    0.50 INCH OR MORE:   0
MIN  0 OR BELOW:   0    1.00 INCH OR MORE:   0

[HDD (BASE 65) ]
TOTAL THIS MO.   359    CLEAR  (SCALE 0-3)   3
DPTR FM NORMAL    20    PTCLDY (SCALE 4-7)  12
TOTAL FM JUL 1   860    CLOUDY (SCALE 8-10)  1
DPTR FM NORMAL     3

[CDD (BASE 65) ]
TOTAL THIS MO.     0
DPTR FM NORMAL     0    [PRESSURE DATA]
TOTAL FM JAN 1   981    HIGHEST SLP 30.15 ON 11
DPTR FM NORMAL   271    LOWEST  SLP 29.51 ON 15

[REMARKS]
