000
CXUS54 KFWD 280730
CF6PSN
PRELIMINARY LOCAL CLIMATOLOGICAL DATA (WS FORM: F-6)

                                          STATION:   PALESTINE
                                          MONTH:     APRIL
                                          YEAR:      2016
                                          LATITUDE:   31 46 N
                                          LONGITUDE:  95 42 W

  TEMPERATURE IN F:       :PCPN:    SNOW:  WIND      :SUNSHINE: SKY     :PK WND
================================================================================
1   2   3   4   5  6A  6B    7    8   9   10  11  12  13   14  15   16   17  18
                                     12Z  AVG MX 2MIN
DY MAX MIN AVG DEP HDD CDD  WTR  SNW DPTH SPD SPD DIR MIN PSBL S-S WX    SPD DR
================================================================================

 1  62  41  52  -8  13   0 0.03  0.0    0  5.9 15  20   M    M   5 1      24  10
 2  68  37  53  -8  12   0 0.00  0.0    0  2.8 10 320   M    M   0 1      16 350
 3  75  36  56  -5   9   0 0.00  0.0    0  2.9  8 230   M    M   0         M  M
 4  82  49  66   5   0   1 0.00  0.0    0  4.8 12 210   M    M   0        16 200
 5  83  49  66   5   0   1 0.00  0.0    0  4.9 10 200   M    M   0        18 200
 6  78  48  63   1   2   0 0.00  0.0    0  8.6 20 240   M    M   1        28 240
 7  84  42  63   1   2   0 0.00  0.0    0  3.4 13 270   M    M   0        17 250
 8  77  55  66   4   0   1 0.00  0.0    0  6.0 13  50   M    M   0        18  50
 9  72  49  61  -1   4   0 0.00  0.0    0  4.4  9 150   M    M   5        16 140
10  81  63  72   9   0   7 0.00  0.0    0 10.8 16 170   M    M   9        24 170
11  82  64  73  10   0   8 0.28  0.0    0  8.4 16 360   M    M   8        21 360
12  67  61  64   1   1   0 0.00  0.0    0  6.9 10  60   M    M  10        16  30
13  72  56  64   1   1   0 0.10  0.0    0  4.2 10  60   M    M   9         M  M
14  70  54  62  -2   3   0 0.00  0.0    0  3.9  9  30   M    M   7 1       M  M
15  76  51  64   0   1   0 0.00  0.0    0  3.4  8 100   M    M   5 12      M  M
16  80  65  73   9   0   8 0.00  0.0    0 10.5 18 100   M    M   9        24 100
17  74  64  69   5   0   4 1.77  0.0    0 10.3 14 100   M    M   9        20 100
18  71  64  68   3   0   3 1.01  0.0    0  6.4 20 100   M    M   9        29 100
19  82  64  73   8   0   8 0.00  0.0    0  3.0  9 130   M    M   8 1       M  M
20  77  59  68   3   0   3 0.40  0.0    0  4.8 13 300   M    M   6        22 300
21  78  57  68   2   0   3 0.49  0.0    0  2.7  9 350   M    M   3         M  M
22  80  54  67   1   0   2 0.00  0.0    0  2.9 10 320   M    M   1        16 320
23  82  53  68   2   0   3 0.00  0.0    0  2.0  8 170   M    M   2         M  M
24  80  58  69   3   0   4 0.00  0.0    0  6.1 14 180   M    M   3        21 160
25  86  68  77  10   0  12 0.00  0.0    0  8.1 13 160   M    M   7        18 160
26  86  73  80  13   0  15 0.00  0.0    0 10.4 14 130   M    M   8        21 150
27  84  59  72   5   0   7 1.07  0.0    0  6.7 25 290   M    M   2        41 290
================================================================================
SM 2089 1493        48  90  5.15     0.0 155.2          M      126
================================================================================
AV 77.4 55.3                               5.7 FASTST   M    M   5    MAX(MPH)
                                 MISC ---->    25   M                 41    M
================================================================================
NOTES:
# LAST OF SEVERAL OCCURRENCES

COLUMN 17 PEAK WIND IN M.P.H.

PRELIMINARY LOCAL CLIMATOLOGICAL DATA (WS FORM: F-6) , PAGE 2

                                          STATION:  PALESTINE
                                          MONTH:    APRIL
                                          YEAR:     2016
                                          LATITUDE:   31 46 N
                                          LONGITUDE:  95 42 W

[TEMPERATURE DATA]      [PRECIPITATION DATA]       SYMBOLS USED IN COLUMN 16

AVERAGE MONTHLY: 66.3   TOTAL FOR MONTH:   5.15    1 = FOG OR MIST
DPTR FM NORMAL:   2.6   DPTR FM NORMAL:    2.24    2 = FOG REDUCING VISIBILITY
HIGHEST:    86 ON 26,25 GRTST 24HR  1.77 ON 17-17      TO 1/4 MILE OR LESS
LOWEST:     36 ON  3                               3 = THUNDER
                        SNOW, ICE PELLETS, HAIL    4 = ICE PELLETS
                        TOTAL MONTH:   0.0 INCH    5 = HAIL
                        GRTST 24HR     0.0         6 = FREEZING RAIN OR DRIZZLE
                        GRTST DEPTH:   0           7 = DUSTSTORM OR SANDSTORM:
                                                       VSBY 1/2 MILE OR LESS
                                                   8 = SMOKE OR HAZE
[NO. OF DAYS WITH]      [WEATHER - DAYS WITH]      9 = BLOWING SNOW
                                                   X = TORNADO
MAX 32 OR BELOW:   0    0.01 INCH OR MORE:   8
MAX 90 OR ABOVE:   0    0.10 INCH OR MORE:   7
MIN 32 OR BELOW:   0    0.50 INCH OR MORE:   3
MIN  0 OR BELOW:   0    1.00 INCH OR MORE:   3

[HDD (BASE 65) ]
TOTAL THIS MO.    48    CLEAR  (SCALE 0-3)  12
DPTR FM NORMAL   -54    PTCLDY (SCALE 4-7)   8
TOTAL FM JUL 1  1485    CLOUDY (SCALE 8-10)  7
DPTR FM NORMAL  -872

[CDD (BASE 65) ]
TOTAL THIS MO.    90
DPTR FM NORMAL    24    [PRESSURE DATA]
TOTAL FM JAN 1   158    HIGHEST SLP M ON M
DPTR FM NORMAL    62    LOWEST  SLP M ON M

[REMARKS]
