000
CXUS56 KSGX 301445
CF6PSP
PRELIMINARY LOCAL CLIMATOLOGICAL DATA (WS FORM: F-6)

                                          STATION:   PALM SPRINGS INTL AIRPORT CA
                                          MONTH:     MAY
                                          YEAR:      2015
                                          LATITUDE:   33 49 N
                                          LONGITUDE: 116 30 W

  TEMPERATURE IN F:       :PCPN:    SNOW:  WIND      :SUNSHINE: SKY     :PK WND
================================================================================
1   2   3   4   5  6A  6B    7    8   9   10  11  12  13   14  15   16   17  18
                                     12Z  AVG MX 2MIN
DY MAX MIN AVG DEP HDD CDD  WTR  SNW DPTH SPD SPD DIR MIN PSBL S-S WX    SPD DR
================================================================================

 1 102  73  88  13   0  23 0.00  0.0    0  6.5 26 310   M    M   2        36 310
 2 100  73  87  12   0  22 0.00  0.0    0  7.5 24 320   M    M   1        30 290
 3  96  70  83   7   0  18 0.00  0.0    0  8.1 22 330   M    M   1        30 340
 4  90  67  79   3   0  14 0.00  0.0    0  7.8 24 320   M    M   2        36 320
 5  87  63  75  -1   0  10 0.00  0.0    0 10.8 25 320   M    M   0        30 310
 6  84  64  74  -2   0   9 0.00  0.0    0 14.6 26 320   M    M   1        34 310
 7  78  59  69  -8   0   4 0.00  0.0    0 11.9 25 330   M    M   0        35 220
 8  71  55  63 -14   2   0    T  0.0    0  6.8 26 330   M    M   4        33 320
 9  79  55  67 -10   0   2 0.00  0.0    0 10.6 24 330   M    M   1        29 340
10  95  62  79   1   0  14 0.00  0.0    0  5.0 18 320   M    M   0        24 310
11  96  68  82   4   0  17 0.00  0.0    0  7.7 22 320   M    M   0        25 320
12  92  66  79   1   0  14 0.00  0.0    0  9.3 28 330   M    M   1        33 320
13  86  60  73  -5   0   8 0.00  0.0    0  8.4 26 330   M    M   1        32 320
14  78  57  68 -11   0   3 0.02  0.0    0  9.6 26 320   M    M   4        35 330
15  66  56  61 -18   4   0 0.10  0.0    0  3.5 12 110   M    M   6        15 110
16  80  52  66 -13   0   1 0.00  0.0    0  8.1 21 330   M    M   1        28 330
17  84  61  73  -7   0   8 0.00  0.0    0  7.6 25 320   M    M   2        32 320
18  85  61  73  -7   0   8 0.00  0.0    0 14.3 29 330   M    M   2        36 310
19  86  61  74  -6   0   9 0.00  0.0    0 12.6 25 320   M    M   0        32 310
20  89  63  76  -4   0  11 0.00  0.0    0 10.1 26 320   M    M   0        34 320
21  81  64  73  -7   0   8 0.00  0.0    0 16.4 31 330   M    M   1        40 320
22  80  62  71 -10   0   6 0.00  0.0    0 12.0 26 330   M    M   1        31 330
23  83  59  71 -10   0   6 0.00  0.0    0 13.2 28 330   M    M   1        37 320
24  87  63  75  -6   0  10 0.00  0.0    0 11.4 24 320   M    M   2        31 320
25  91  63  77  -4   0  12 0.00  0.0    0  7.8 22 320   M    M   1        29 310
26  92  64  78  -4   0  13 0.00  0.0    0  7.0 21 320   M    M   2        26 340
27  96  66  81  -1   0  16 0.00  0.0    0  5.9 20 320   M    M   0        24 320
28  99  68  84   2   0  19 0.00  0.0    0  4.9 14 330   M    M   0        16  90
29 100  72  86   4   0  21 0.00  0.0    0  5.9 15 110   M    M   1        20 140
================================================================================
SM 2533 1827         6 306  0.12     0.0 265.3          M       38
================================================================================
AV 87.3 63.0                               9.1 FASTST   M    M   1    MAX(MPH)
                                 MISC ---->  # 31 330               # 40  320
================================================================================
NOTES:
# LAST OF SEVERAL OCCURRENCES

COLUMN 17 PEAK WIND IN M.P.H.

PRELIMINARY LOCAL CLIMATOLOGICAL DATA (WS FORM: F-6) , PAGE 2

                                          STATION:  PALM SPRINGS INTL AIRPORT CA
                                          MONTH:    MAY
                                          YEAR:     2015
                                          LATITUDE:   33 49 N
                                          LONGITUDE: 116 30 W

[TEMPERATURE DATA]      [PRECIPITATION DATA]       SYMBOLS USED IN COLUMN 16

AVERAGE MONTHLY: 75.2   TOTAL FOR MONTH:   0.12    1 = FOG OR MIST
DPTR FM NORMAL:  -3.7   DPTR FM NORMAL:   -0.01    2 = FOG REDUCING VISIBILITY
HIGHEST:   102 ON  1    GRTST 24HR  0.12 ON 14-15      TO 1/4 MILE OR LESS
LOWEST:     52 ON 16                               3 = THUNDER
                        SNOW, ICE PELLETS, HAIL    4 = ICE PELLETS
                        TOTAL MONTH:   0.0 INCH    5 = HAIL
                        GRTST 24HR     0.0         6 = FREEZING RAIN OR DRIZZLE
                        GRTST DEPTH:   0           7 = DUSTSTORM OR SANDSTORM:
                                                       VSBY 1/2 MILE OR LESS
                                                   8 = SMOKE OR HAZE
[NO. OF DAYS WITH]      [WEATHER - DAYS WITH]      9 = BLOWING SNOW
                                                   X = TORNADO
MAX 32 OR BELOW:   0    0.01 INCH OR MORE:   2
MAX 90 OR ABOVE:  12    0.10 INCH OR MORE:   1
MIN 32 OR BELOW:   0    0.50 INCH OR MORE:   0
MIN  0 OR BELOW:   0    1.00 INCH OR MORE:   0

[HDD (BASE 65) ]
TOTAL THIS MO.     6    CLEAR  (SCALE 0-3)  26
DPTR FM NORMAL     6    PTCLDY (SCALE 4-7)   3
TOTAL FM JUL 1   407    CLOUDY (SCALE 8-10)  0
DPTR FM NORMAL  -465

[CDD (BASE 65) ]
TOTAL THIS MO.   306
DPTR FM NORMAL   -97    [PRESSURE DATA]
TOTAL FM JAN 1  1017    HIGHEST SLP M ON M
DPTR FM NORMAL   294    LOWEST  SLP 29.78 ON M

[REMARKS]
