222
CXUS56 KSGX 211445
CF6PSP
PRELIMINARY LOCAL CLIMATOLOGICAL DATA (WS FORM: F-6)

                                          STATION:   PALM SPRINGS INTL AIRPORT CA
                                          MONTH:     AUGUST
                                          YEAR:      2017
                                          LATITUDE:   33 49 N
                                          LONGITUDE: 116 30 W

  TEMPERATURE IN F:       :PCPN:    SNOW:  WIND      :SUNSHINE: SKY     :PK WND
================================================================================
1   2   3   4   5  6A  6B    7    8   9   10  11  12  13   14  15   16   17  18
                                     12Z  AVG MX 2MIN
DY MAX MIN AVG DEP HDD CDD  WTR  SNW DPTH SPD SPD DIR MIN PSBL S-S WX    SPD DR
================================================================================

 1 107  88  98   5   0  33 0.01  0.0    0  8.1 23 360   M    M   2 3      26 300
 2 102  90  96   3   0  31    T  0.0    0  4.5 25 320   M    M   3 3      35 310
 3 100  75  88  -5   0  23 0.70  0.0    0  3.8 22 340   M    M   3 138    27  10
 4 109  82  96   3   0  31 0.00  0.0    0  5.6 21 320   M    M   1        28 310
 5 109  83  96   4   0  31 0.00  0.0    0  7.5 24 320   M    M   0        30 320
 6 107  82  95   3   0  30 0.00  0.0    0  8.3 22 320   M    M   0        28 320
 7 111  83  97   5   0  32 0.00  0.0    0  6.4 24 320   M    M   0        29 340
 8 111  80  96   4   0  31 0.00  0.0    0  6.4 21 340   M    M   0        24 340
 9 111  82  97   5   0  32 0.00  0.0    0  8.3 23 310   M    M   0        30 310
10 111  77  94   2   0  29 0.00  0.0    0  4.5 17 320   M    M   0        23 330
11 110  87  99   7   0  34 0.00  0.0    0  5.9 17 320   M    M   0        22 310
12 110  85  98   6   0  33 0.00  0.0    0  6.6 20 320   M    M   0        25 330
13 110  83  97   5   0  32 0.00  0.0    0  6.6 25 340   M    M   0        31 330
14 107  75  91  -1   0  26 0.00  0.0    0  7.2 26 340   M    M   0 8      32 340
15  99  73  86  -6   0  21 0.00  0.0    0 10.1 24 320   M    M   0        30 310
16 101  71  86  -6   0  21 0.00  0.0    0  8.3 22 320   M    M   0        30 300
17 106  75  91  -1   0  26 0.00  0.0    0  6.3 21 320   M    M   0        25 320
18 108  76  92   0   0  27 0.00  0.0    0  6.0 20 320   M    M   0        23 320
19 106  78  92   0   0  27 0.00  0.0    0  7.5 24 320   M    M   0        30 320
20 106  77  92   0   0  27 0.00  0.0    0  5.8 22 340   M    M   0        27 340
================================================================================
SM 2141 1602         0 577  0.71     0.0 133.7          M        9
================================================================================
AV107.1 80.1                               6.7 FASTST   M    M   0    MAX(MPH)
                                 MISC ---->  # 26 340               # 35  310
================================================================================
NOTES:
# LAST OF SEVERAL OCCURRENCES

COLUMN 17 PEAK WIND IN M.P.H.

PRELIMINARY LOCAL CLIMATOLOGICAL DATA (WS FORM: F-6) , PAGE 2

                                          STATION:  PALM SPRINGS INTL AIRPORT CA
                                          MONTH:    AUGUST
                                          YEAR:     2017
                                          LATITUDE:   33 49 N
                                          LONGITUDE: 116 30 W

[TEMPERATURE DATA]      [PRECIPITATION DATA]       SYMBOLS USED IN COLUMN 16

AVERAGE MONTHLY: 93.6   TOTAL FOR MONTH:   0.71    1 = FOG OR MIST
DPTR FM NORMAL:   1.4   DPTR FM NORMAL:    0.49    2 = FOG REDUCING VISIBILITY
HIGHEST:   111 ON 10, 9 GRTST 24HR  0.70 ON  3- 3      TO 1/4 MILE OR LESS
LOWEST:     71 ON 16                               3 = THUNDER
                        SNOW, ICE PELLETS, HAIL    4 = ICE PELLETS
                        TOTAL MONTH:   0.0 INCH    5 = HAIL
                        GRTST 24HR     0.0         6 = FREEZING RAIN OR DRIZZLE
                        GRTST DEPTH:   0           7 = DUSTSTORM OR SANDSTORM:
                                                       VSBY 1/2 MILE OR LESS
                                                   8 = SMOKE OR HAZE
[NO. OF DAYS WITH]      [WEATHER - DAYS WITH]      9 = BLOWING SNOW
                                                   X = TORNADO
MAX 32 OR BELOW:   0    0.01 INCH OR MORE:   2
MAX 90 OR ABOVE:  20    0.10 INCH OR MORE:   1
MIN 32 OR BELOW:   0    0.50 INCH OR MORE:   1
MIN  0 OR BELOW:   0    1.00 INCH OR MORE:   0

[HDD (BASE 65) ]
TOTAL THIS MO.     0    CLEAR  (SCALE 0-3)  19
DPTR FM NORMAL     0    PTCLDY (SCALE 4-7)   1
TOTAL FM JUL 1     0    CLOUDY (SCALE 8-10)  0
DPTR FM NORMAL     0

[CDD (BASE 65) ]
TOTAL THIS MO.   577
DPTR FM NORMAL    32    [PRESSURE DATA]
TOTAL FM JAN 1  3514    HIGHEST SLP M ON M
DPTR FM NORMAL   717    LOWEST  SLP 29.78 ON 11

[REMARKS]
