000
CXUS55 KPUB 181059
CF6PUB
PRELIMINARY LOCAL CLIMATOLOGICAL DATA (WS FORM: F-6)

                                          STATION:   PUEBLO CO
                                          MONTH:     SEPTEMBER
                                          YEAR:      2014
                                          LATITUDE:   38 16 N
                                          LONGITUDE: 104 31 W

  TEMPERATURE IN F:       :PCPN:    SNOW:  WIND      :SUNSHINE: SKY     :PK WND
================================================================================
1   2   3   4   5  6A  6B    7    8   9   10  11  12  13   14  15   16   17  18
                                     12Z  AVG MX 2MIN
DY MAX MIN AVG DEP HDD CDD  WTR  SNW DPTH SPD SPD DIR MIN PSBL S-S WX    SPD DR
================================================================================

 1  90  53  72   2   0   7 0.00  0.0    0  8.0 22 110   M    M   0        26 110
 2  90  58  74   4   0   9 0.00  0.0    0 10.0 22 110   M    M   3        26 120
 3 100  56  78   8   0  13 0.00  0.0    0  6.2 18 210   M    M   0        26 270
 4  88  55  72   3   0   7 0.00  0.0    0 11.1 24  80   M    M   1        30  80
 5  67  54  61  -8   4   0    T  0.0    0 10.3 18 100   M    M   8        22 120
 6  75  50  63  -6   2   0 0.00  0.0    0  6.5 14 100   M    M   3        18 110
 7  89  49  69   1   0   4    T  0.0    0  5.0 37 360   M    M   0        48 360
 8  91  56  74   6   0   9 0.00  0.0    0  6.3 17 290   M    M   2        20 290
 9  91  59  75   7   0  10 0.00  0.0    0  9.0 36 290   M    M   1        41 300
10  75  56  66  -1   0   1 0.00  0.0    0  7.1 16  50   M    M   4        20  60
11  65  44  55 -12  10   0 0.09  0.0    0 11.7 21  90   M    M   7 18     26  90
12  49  39  44 -22  21   0 0.04  0.0    0  8.6 17  60   M    M   9 1      21  50
13  77  39  58  -8   7   0 0.00  0.0    0  6.0 18 120   M    M   3        24 150
14  90  42  66   0   0   1 0.00  0.0    0  6.1 17 150   M    M   0        24 150
15  72  53  63  -2   2   0 0.00  0.0    0  8.8 22 110   M    M   2        27 130
16  91  52  72   7   0   7 0.00  0.0    0  4.7 20 120   M    M   3 12     23 120
17  93  52  73   9   0   8 0.00  0.0    0  4.9 17  50   M    M   0        21  50
================================================================================
SM 1393  867        46  76  0.13     0.0 130.3          M       46
================================================================================
AV 81.9 51.0                               7.7 FASTST   M    M   3    MAX(MPH)
                                 MISC ---->  # 37 360               # 48  360
================================================================================
NOTES:
# LAST OF SEVERAL OCCURRENCES

COLUMN 17 PEAK WIND IN M.P.H.

PRELIMINARY LOCAL CLIMATOLOGICAL DATA (WS FORM: F-6) , PAGE 2

                                          STATION:  PUEBLO CO
                                          MONTH:    SEPTEMBER
                                          YEAR:     2014
                                          LATITUDE:   38 16 N
                                          LONGITUDE: 104 31 W

[TEMPERATURE DATA]      [PRECIPITATION DATA]       SYMBOLS USED IN COLUMN 16

AVERAGE MONTHLY: 66.5   TOTAL FOR MONTH:   0.13    1 = FOG OR MIST
DPTR FM NORMAL:  -1.0   DPTR FM NORMAL:   -0.36    2 = FOG REDUCING VISIBILITY
HIGHEST:   100 ON  3    GRTST 24HR  0.13 ON 11-12      TO 1/4 MILE OR LESS
LOWEST:     39 ON 13,12                            3 = THUNDER
                        SNOW, ICE PELLETS, HAIL    4 = ICE PELLETS
                        TOTAL MONTH:   0.0 INCH    5 = HAIL
                        GRTST 24HR     0.0         6 = FREEZING RAIN OR DRIZZLE
                        GRTST DEPTH:   0           7 = DUSTSTORM OR SANDSTORM:
                                                       VSBY 1/2 MILE OR LESS
                                                   8 = SMOKE OR HAZE
[NO. OF DAYS WITH]      [WEATHER - DAYS WITH]      9 = BLOWING SNOW
                                                   X = TORNADO
MAX 32 OR BELOW:   0    0.01 INCH OR MORE:   2
MAX 90 OR ABOVE:   8    0.10 INCH OR MORE:   0
MIN 32 OR BELOW:   0    0.50 INCH OR MORE:   0
MIN  0 OR BELOW:   0    1.00 INCH OR MORE:   0

[HDD (BASE 65) ]
TOTAL THIS MO.    46    CLEAR  (SCALE 0-3)  12
DPTR FM NORMAL    19    PTCLDY (SCALE 4-7)   3
TOTAL FM JUL 1    47    CLOUDY (SCALE 8-10)  2
DPTR FM NORMAL    15

[CDD (BASE 65) ]
TOTAL THIS MO.    76
DPTR FM NORMAL     9    [PRESSURE DATA]
TOTAL FM JAN 1   951    HIGHEST SLP M ON M
DPTR FM NORMAL    73    LOWEST  SLP 29.74 ON  9

[REMARKS]
