618
CXUS56 KOTX 180900
CF6PUW
PRELIMINARY LOCAL CLIMATOLOGICAL DATA (WS FORM: F-6)

                                          STATION:   PULLMAN-MOSCOW  AIRPORT
                                          MONTH:     DECEMBER
                                          YEAR:      2017
                                          LATITUDE:   46 44 N
                                          LONGITUDE: 117  7 W

  TEMPERATURE IN F:       :PCPN:    SNOW:  WIND      :SUNSHINE: SKY     :PK WND
================================================================================
1   2   3   4   5  6A  6B    7    8   9   10  11  12  13   14  15   16   17  18
                                     12Z  AVG MX 2MIN
DY MAX MIN AVG DEP HDD CDD  WTR  SNW DPTH SPD SPD DIR MIN PSBL S-S WX    SPD DR
================================================================================

 1  42  33  38   6  27   0    T    M    M  5.4 12  90   M    M   6 1      15 140
 2  41  34  38   6  27   0 0.02    M    M  8.2 18 100   M    M   9        22 100
 3  37  28  33   1  32   0 0.03    M    M  9.4 17 270   M    M   8 12     23 260
 4  35  24  30  -1  35   0 0.00    M    M  4.0 14 270   M    M   2        19 260
 5  37  27  32   1  33   0 0.00    M    M  3.1  7  70   M    M   1         9 120
 6  38  24  31   0  34   0 0.00    M    M  5.5 16  90   M    M   0        19  90
 7  37  21  29  -2  36   0 0.00    M    M  4.7 14 100   M    M   3 128    17  90
 8  29  20  25  -6  40   0    T    M    M  2.2  9 290   M    M  10 12     11 290
 9  28  22  25  -5  40   0 0.00    M    M  4.5 10 170   M    M   8 18     13 170
10  34  21  28  -2  37   0 0.00    M    M  4.1 13 160   M    M   8 12     14 160
11  30  20  25  -5  40   0    T    M    M  3.3  9 280   M    M   8 12     12 280
12  30  23  27  -3  38   0    T    M    M  4.7 13 180   M    M   8 12     15 180
13  29  24  27  -3  38   0    T    M    M  3.6 14 290   M    M  10 12     16 290
14  30  26  28  -2  37   0 0.00    M    M  6.9 13  90   M    M  10 1      17 100
15  31  25  28  -2  37   0    T    M    M  4.3 13 130   M    M   9 12     15 150
16  28  21  25  -5  40   0    T    M    M  5.7 15 100   M    M   9 12     18 100
17  36  24  30   0  35   0 0.01    M    M 13.3 20 130   M    M  10 1      25 150
================================================================================
SM  572  417       606   0  0.06    M     92.9          M      119
================================================================================
AV 33.7 24.5                               5.5 FASTST   M    M   7    MAX(MPH)
                                 MISC ---->  # 20 130               # 25  150
================================================================================
NOTES:
# LAST OF SEVERAL OCCURRENCES

COLUMN 17 PEAK WIND IN M.P.H.

PRELIMINARY LOCAL CLIMATOLOGICAL DATA (WS FORM: F-6) , PAGE 2

                                          STATION:  PULLMAN-MOSCOW  AIRPORT
                                          MONTH:    DECEMBER
                                          YEAR:     2017
                                          LATITUDE:   46 44 N
                                          LONGITUDE: 117  7 W

[TEMPERATURE DATA]      [PRECIPITATION DATA]       SYMBOLS USED IN COLUMN 16

AVERAGE MONTHLY: 29.1   TOTAL FOR MONTH:   0.06    1 = FOG OR MIST
DPTR FM NORMAL:  -1.6   DPTR FM NORMAL:   -0.87    2 = FOG REDUCING VISIBILITY
HIGHEST:    42 ON  1    GRTST 24HR  0.03 ON  3- 3      TO 1/4 MILE OR LESS
LOWEST:     20 ON 11, 8                            3 = THUNDER
                        SNOW, ICE PELLETS, HAIL    4 = ICE PELLETS
                        TOTAL MONTH:    M          5 = HAIL
                        GRTST 24HR    M  ON   M    6 = FREEZING RAIN OR DRIZZLE
                        GRTST DEPTH:  M  ON   M    7 = DUSTSTORM OR SANDSTORM:
                                                       VSBY 1/2 MILE OR LESS
                                                   8 = SMOKE OR HAZE
[NO. OF DAYS WITH]      [WEATHER - DAYS WITH]      9 = BLOWING SNOW
                                                   X = TORNADO
MAX 32 OR BELOW:   8    0.01 INCH OR MORE:   3
MAX 90 OR ABOVE:   0    0.10 INCH OR MORE:   0
MIN 32 OR BELOW:  15    0.50 INCH OR MORE:   0
MIN  0 OR BELOW:   0    1.00 INCH OR MORE:   0

[HDD (BASE 65) ]
TOTAL THIS MO.   606    CLEAR  (SCALE 0-3)   4
DPTR FM NORMAL    22    PTCLDY (SCALE 4-7)   6
TOTAL FM JUL 1  2089    CLOUDY (SCALE 8-10)  7
DPTR FM NORMAL  -239

[CDD (BASE 65) ]
TOTAL THIS MO.     0
DPTR FM NORMAL     0    [PRESSURE DATA]
TOTAL FM JAN 1   517    HIGHEST SLP M ON M
DPTR FM NORMAL   304    LOWEST  SLP 29.81 ON M

[REMARKS]
