000
CXUS54 KOUN 300800
CF6PWA
PRELIMINARY LOCAL CLIMATOLOGICAL DATA (WS FORM: F-6)

                                          STATION:   BETHANY/WILEY POST
                                          MONTH:     OCTOBER
                                          YEAR:      2014
                                          LATITUDE:   35 31 N
                                          LONGITUDE:  97 38 W

  TEMPERATURE IN F:       :PCPN:    SNOW:  WIND      :SUNSHINE: SKY     :PK WND
================================================================================
1   2   3   4   5  6A  6B    7    8   9   10  11  12  13   14  15   16   17  18
                                     12Z  AVG MX 2MIN
DY MAX MIN AVG DEP HDD CDD  WTR  SNW DPTH SPD SPD DIR MIN PSBL S-S WX    SPD DR
================================================================================

 1  94  71  83  16   0  18 0.00  0.0    0 17.4 26 190   M    M   1        32 190
 2  83  57  70   3   0   5    T  0.0    0 14.5 38 170   M    M   1 38     46 170
 3  68  42  55 -11  10   0 0.00  0.0    0  9.7 30 350   M    M   0 1      39  10
 4  80  40  60  -6   5   0 0.00  0.0    0  8.2 22 240   M    M   0        28 230
 5  85  52  69   4   0   4 0.41  0.0    0  5.7 33 340   M    M   0 13     47 330
 6  85  55  70   5   0   5 0.00  0.0    0  6.6 17 200   M    M   0 1      22 200
 7  93  66  80  15   0  15 0.00  0.0    0  7.3 18 200   M    M   0        22 200
 8  90  68  79  15   0  14 0.00  0.0    0 12.1 23 160   M    M   0        29 160
 9  89  70  80  16   0  15 0.00  0.0    0 13.5 23 160   M    M   1        32 150
10  77  50  64   1   1   0 0.18  0.0    0 13.0 29 360   M    M   9 13     37 360
11  59  48  54  -9  11   0 0.35    M    0 10.1 21 360   M    M  10 18     26  10
12  74  49  62  -1   3   0 0.63    M    0 13.9 28 160   M    M   2 138    35 160
13  63  53  58  -4   7   0 1.06  0.0    0 11.7 31 330   M    M   7 13     40 330
14  72  46  59  -3   6   0 0.00    M    0 10.4 24 340   M    M   0        33 350
15  78  43  61  -1   4   0 0.00  0.0    0  2.3 12 170   M    M   0        14 160
16  88  53  71  10   0   6 0.00  0.0    0 12.1 26 200   M    M   0        31 200
17  79  52  66   5   0   1 0.00  0.0    0 10.2 20  10   M    M   0        24 360
18  72  50  61   1   4   0 0.00  0.0    0  6.6 15  40   M    M   0        17  40
19  76  48  62   2   3   0 0.00  0.0    0  9.2 20 190   M    M   2        24 190
20  82  59  71  11   0   6 0.00  0.0    0  7.0 15 230   M    M   3        18 230
21  84  60  72  13   0   7 0.00  0.0    0  7.3 14 160   M    M   1 18     17 170
22  79  57  68   9   0   3 0.25  0.0    0  8.4 17 190   M    M   4 18     24 160
23  79  61  70  11   0   5 0.00  0.0    0 10.2 20 200   M    M   4 1      22 210
24  85  58  72  14   0   7 0.00  0.0    0 11.6 18 180   M    M   0 18     25 190
25  90  63  77  19   0  12 0.00  0.0    0  9.2 14 200   M    M   0        16 210
26  89  65  77  19   0  12 0.00  0.0    0 19.1 33 190   M    M   0        40 190
27  84  64  74  17   0   9 0.00  0.0    0 15.8 26  10   M    M   1        35 360
28  69  43  56  -1   9   0 0.00  0.0    0  8.6 26  10   M    M   1        35 360
29  73  40  57   1   8   0 0.00  0.0    0  4.0 12 170   M    M   0 18     16 150
================================================================================
SM 2319 1583        71 144  2.88     0.0 295.7          M       47
================================================================================
AV 80.0 54.6                              10.2 FASTST   M    M   2    MAX(MPH)
                                 MISC ---->  # 38 170               # 47  330
================================================================================
NOTES:
# LAST OF SEVERAL OCCURRENCES

COLUMN 17 PEAK WIND IN M.P.H.

PRELIMINARY LOCAL CLIMATOLOGICAL DATA (WS FORM: F-6) , PAGE 2

                                          STATION:  BETHANY/WILEY POST
                                          MONTH:    OCTOBER
                                          YEAR:     2014
                                          LATITUDE:   35 31 N
                                          LONGITUDE:  97 38 W

[TEMPERATURE DATA]      [PRECIPITATION DATA]       SYMBOLS USED IN COLUMN 16

AVERAGE MONTHLY: 67.3   TOTAL FOR MONTH:   2.88    1 = FOG OR MIST
DPTR FM NORMAL:   5.7   DPTR FM NORMAL:   -0.24    2 = FOG REDUCING VISIBILITY
HIGHEST:    94 ON  1    GRTST 24HR  1.69 ON 12-13      TO 1/4 MILE OR LESS
LOWEST:     40 ON 29, 4                            3 = THUNDER
                        SNOW, ICE PELLETS, HAIL    4 = ICE PELLETS
                        TOTAL MONTH:   0.0 INCH    5 = HAIL
                        GRTST 24HR     0.0         6 = FREEZING RAIN OR DRIZZLE
                        GRTST DEPTH:   0           7 = DUSTSTORM OR SANDSTORM:
                                                       VSBY 1/2 MILE OR LESS
                                                   8 = SMOKE OR HAZE
[NO. OF DAYS WITH]      [WEATHER - DAYS WITH]      9 = BLOWING SNOW
                                                   X = TORNADO
MAX 32 OR BELOW:   0    0.01 INCH OR MORE:   6
MAX 90 OR ABOVE:   4    0.10 INCH OR MORE:   6
MIN 32 OR BELOW:   0    0.50 INCH OR MORE:   2
MIN  0 OR BELOW:   0    1.00 INCH OR MORE:   1

[HDD (BASE 65) ]
TOTAL THIS MO.    71    CLEAR  (SCALE 0-3)  24
DPTR FM NORMAL   -86    PTCLDY (SCALE 4-7)   3
TOTAL FM JUL 1    84    CLOUDY (SCALE 8-10)  2
DPTR FM NORMAL   -92

[CDD (BASE 65) ]
TOTAL THIS MO.   144
DPTR FM NORMAL    86    [PRESSURE DATA]
TOTAL FM JAN 1  2207    HIGHEST SLP M ON M
DPTR FM NORMAL   245    LOWEST  SLP 29.47 ON 13

[REMARKS]
