000
CXUS51 KGYX 011948
CF6PWM
PRELIMINARY LOCAL CLIMATOLOGICAL DATA (WS FORM: F-6)

                                          STATION:   PORTLAND ME
                                          MONTH:     FEBRUARY
                                          YEAR:      2015
                                          LATITUDE:   43 39 N
                                          LONGITUDE:  70 19 W

  TEMPERATURE IN F:       :PCPN:    SNOW:  WIND      :SUNSHINE: SKY     :PK WND
================================================================================
1   2   3   4   5  6A  6B    7    8   9   10  11  12  13   14  15   16   17  18
                                     12Z  AVG MX 2MIN
DY MAX MIN AVG DEP HDD CDD  WTR  SNW DPTH SPD SPD DIR MIN PSBL S-S WX    SPD DR
================================================================================

 1  26  -1  13 -10  52   0 0.00  0.0   16  6.1 14 330   M    M   1        18 350
 2  12   3   8 -15  57   0 0.89  9.1   16 14.6 26 350   M    M   9 9      35 360
 3  20   0  10 -13  55   0 0.00  0.0   20  6.7 20 310   M    M   2        29 310
 4  35  -2  17  -6  48   0 0.06  0.8   19  4.1 18 210   M    M   7 18     27 230
 5  34   4  19  -4  46   0 0.21  2.5   20 12.7 26 340   M    M   7 1289   35 330
 6  19  -9   5 -19  60   0 0.00  0.0   20  3.5 14 310   M    M   3        19 320
 7  28   8  18  -6  47   0    T    T   19  6.2 13  20   M    M   8 8      17 280
 8  22   9  16  -8  49   0 0.26  2.9   19 12.3 20  50   M    M  10 18     25  10
 9  15  10  13 -11  52   0 0.40  4.8   23 13.4 18  10   M    M  10 9      26 360
10  30  11  21  -3  44   0 0.13  1.7   22  8.5 16 360   M    M   7 89     20 350
11  23   7  15 -10  50   0 0.00  0.0   21  7.7 18  30   M    M   2        25  20
12  20   3  12 -13  53   0 0.04  1.3   20  3.6  8 340   M    M   7 18     10  30
13  17  -4   7 -18  58   0 0.00  0.0   21  8.8 18 330   M    M   3        25 330
14  16  -8   4 -21  61   0 0.23  1.9   21  5.7 17  20   M    M   9 1      22  20
15  19  -1   9 -17  56   0 0.02  0.4   22 20.3 35 340   M    M   7 189    46 310
16  21  -3   9 -17  56   0 0.00  0.0   21 14.7 35 310   M    M   1 89     44 310
17  21   0  11 -15  54   0 0.00  0.0   20  3.0 10  70   M    M   7        12  60
18  32   6  19  -7  46   0 0.02  0.4   20  4.4 15 100   M    M   9 18     19 110
19  33  14  24  -2  41   0 0.30  5.8   25  9.0 22 290   M    M   9 128    28 280
20  19   7  13 -14  52   0 0.00  0.0   24 12.7 21 300   M    M   6 8      29 270
21  34  -1  17 -10  48   0 0.15  1.4   23  7.5 18 190   M    M   5 1      28 190
22  35  21  28   1  37   0 0.01  0.1   23  2.0 13 220   M    M   6 1      17 220
23  31  -4  14 -13  51   0 0.00  0.0   22 14.5 26 310   M    M   4        35 320
24  19 -11   4 -24  61   0    T    T   22  5.0 14 220   M    M   4 8      19 230
25  34  14  24  -4  41   0 0.09  1.5   23  8.3 22 270   M    M   4 18     28 270
26  21  13  17 -11  48   0 0.00  0.0   22  6.6 13  10   M    M   7        16 300
27  27   4  16 -12  49   0 0.00  0.0   22  4.7 12 290   M    M   3         M  M
28  27  -7  10 -19  55   0 0.00  0.0   21  4.5 14 180   M    M   0        18 170
================================================================================
SM  690   83      1427   0  2.81    34.6 231.1          M      157
================================================================================
AV 24.6  3.0                               8.3 FASTST   M    M   6    MAX(MPH)
                                 MISC ---->  # 35 340               # 46  310
================================================================================
NOTES:
# LAST OF SEVERAL OCCURRENCES

COLUMN 17 PEAK WIND IN M.P.H.

PRELIMINARY LOCAL CLIMATOLOGICAL DATA (WS FORM: F-6) , PAGE 2

                                          STATION:  PORTLAND ME
                                          MONTH:    FEBRUARY
                                          YEAR:     2015
                                          LATITUDE:   43 39 N
                                          LONGITUDE:  70 19 W

[TEMPERATURE DATA]      [PRECIPITATION DATA]       SYMBOLS USED IN COLUMN 16

AVERAGE MONTHLY: 13.8   TOTAL FOR MONTH:   2.81    1 = FOG OR MIST
DPTR FM NORMAL: -11.7   DPTR FM NORMAL:   -0.44    2 = FOG REDUCING VISIBILITY
HIGHEST:    35 ON 22, 4 GRTST 24HR  0.89 ON  2- 2      TO 1/4 MILE OR LESS
LOWEST:    -11 ON 24                               3 = THUNDER
                        SNOW, ICE PELLETS, HAIL    4 = ICE PELLETS
                        TOTAL MONTH:  34.6 INCHES  5 = HAIL
                        GRTST 24HR   9.1 ON   M    6 = FREEZING RAIN OR DRIZZLE
                        GRTST DEPTH:  25 ON 19     7 = DUSTSTORM OR SANDSTORM:
                                                       VSBY 1/2 MILE OR LESS
                                                   8 = SMOKE OR HAZE
[NO. OF DAYS WITH]      [WEATHER - DAYS WITH]      9 = BLOWING SNOW
                                                   X = TORNADO
MAX 32 OR BELOW:  22    0.01 INCH OR MORE:  14
MAX 90 OR ABOVE:   0    0.10 INCH OR MORE:   8
MIN 32 OR BELOW:  28    0.50 INCH OR MORE:   1
MIN  0 OR BELOW:  13    1.00 INCH OR MORE:   0

[HDD (BASE 65) ]
TOTAL THIS MO.  1427    CLEAR  (SCALE 0-3)   7
DPTR FM NORMAL   321    PTCLDY (SCALE 4-7)  15
TOTAL FM JUL 1  5054    CLOUDY (SCALE 8-10)  6
DPTR FM NORMAL    12

[CDD (BASE 65) ]
TOTAL THIS MO.     0
DPTR FM NORMAL     0    [PRESSURE DATA]
TOTAL FM JAN 1     0    HIGHEST SLP 30.72 ON 28
DPTR FM NORMAL     0    LOWEST  SLP 29.42 ON 15

[REMARKS]
#FINAL-02-15#
