520
CXUS56 KSGX 281545
CF6RAL
PRELIMINARY LOCAL CLIMATOLOGICAL DATA (WS FORM: F-6)

                                          STATION:   RIVERSIDE MUNI AIRPORT CA
                                          MONTH:     MAY
                                          YEAR:      2016
                                          LATITUDE:   33 57 N
                                          LONGITUDE: 117 27 W

  TEMPERATURE IN F:       :PCPN:    SNOW:  WIND      :SUNSHINE: SKY     :PK WND
================================================================================
1   2   3   4   5  6A  6B    7    8   9   10  11  12  13   14  15   16   17  18
                                     12Z  AVG MX 2MIN
DY MAX MIN AVG DEP HDD CDD  WTR  SNW DPTH SPD SPD DIR MIN PSBL S-S WX    SPD DR
================================================================================

 1  77  51  64  -2   1   0 0.00  0.0    0  4.3 18 250   M    M   1        23 250
 2  88  54  71   5   0   6 0.00  0.0    0  4.5 20 250   M    M   2        24 250
 3  92  57  75   9   0  10 0.00  0.0    0  5.4 21 250   M    M   1        25 270
 4  81  56  69   3   0   4 0.00  0.0    0  6.2 23 260   M    M   3 18     29 250
 5  69  56  63  -3   2   0 0.04  0.0    0  5.6 17 240   M    M  10 18     21 270
 6  66  54  60  -7   5   0 0.14  0.0    0  3.7 15 250   M    M   8 13     18 310
 7  70  54  62  -5   3   0    T  0.0    0  4.8 21 240   M    M   8 1      24 250
 8  69  52  61  -6   4   0 0.00  0.0    0  4.2 15 250   M    M   7        20 280
 9  74  57  66  -1   0   1 0.00  0.0    0  5.2 13 260   M    M   6        19 280
10  78  54  66  -1   0   1 0.00  0.0    0  5.2 14 270   M    M   4 8      20 250
11  86  58  72   5   0   7 0.00  0.0    0  5.6 15 260   M    M   5 8      20 250
12  93  57  75   7   0  10 0.00  0.0    0  5.2 18 280   M    M   0 18     26 280
13  89  58  74   6   0   9 0.00  0.0    0  6.2 18 260   M    M   1 18     25 250
14  78  60  69   1   0   4 0.00  0.0    0  5.4 17 280   M    M   6 8      25 270
15  70  60  65  -3   0   0 0.00  0.0    0  6.1 12 270   M    M  10        18 280
16  73  59  66  -2   0   1 0.00  0.0    0  6.5 17 260   M    M   7        23 280
17  79  60  70   2   0   5 0.00  0.0    0  6.4 18 260   M    M   6        26 250
18  83  59  71   3   0   6 0.00  0.0    0  6.3 21 280   M    M   4 8      29 270
19  80  59  70   2   0   5 0.00  0.0    0  5.4 15 270   M    M   5 18     21 280
20  75  57  66  -2   0   1    T  0.0    0  6.6 20 270   M    M   7 18     28 280
21  73  54  64  -5   1   0 0.00  0.0    0  4.7 21 260   M    M   5        28 250
22  76  50  63  -6   2   0 0.00  0.0    0  5.6 21 250   M    M   1        26 240
23  74  52  63  -6   2   0 0.00  0.0    0  4.1 16 260   M    M   4        23 250
24  74  56  65  -4   0   0 0.00  0.0    0  5.8 17 250   M    M   6        24 250
25  73  56  65  -4   0   0 0.00  0.0    0  7.5 21 250   M    M   8        25 250
26  78  53  66  -3   0   1 0.00  0.0    0  5.3 16 260   M    M   1        24 260
27  83  56  70   1   0   5 0.00  0.0    0  5.3 17 260   M    M   2        24 250
================================================================================
SM 2101 1509        20  76  0.18     0.0 147.1          M      128
================================================================================
AV 77.8 55.9                               5.4 FASTST   M    M   5    MAX(MPH)
                                 MISC ---->  # 23 260               # 29  250
================================================================================
NOTES:
# LAST OF SEVERAL OCCURRENCES

COLUMN 17 PEAK WIND IN M.P.H.

PRELIMINARY LOCAL CLIMATOLOGICAL DATA (WS FORM: F-6) , PAGE 2

                                          STATION:  RIVERSIDE MUNI AIRPORT CA
                                          MONTH:    MAY
                                          YEAR:     2016
                                          LATITUDE:   33 57 N
                                          LONGITUDE: 117 27 W

[TEMPERATURE DATA]      [PRECIPITATION DATA]       SYMBOLS USED IN COLUMN 16

AVERAGE MONTHLY: 66.9   TOTAL FOR MONTH:   0.18    1 = FOG OR MIST
DPTR FM NORMAL:  -0.8   DPTR FM NORMAL:   -0.12    2 = FOG REDUCING VISIBILITY
HIGHEST:    93 ON 12    GRTST 24HR  0.18 ON  5- 6      TO 1/4 MILE OR LESS
LOWEST:     50 ON 22                               3 = THUNDER
                        SNOW, ICE PELLETS, HAIL    4 = ICE PELLETS
                        TOTAL MONTH:   0.0 INCH    5 = HAIL
                        GRTST 24HR     0.0         6 = FREEZING RAIN OR DRIZZLE
                        GRTST DEPTH:   0           7 = DUSTSTORM OR SANDSTORM:
                                                       VSBY 1/2 MILE OR LESS
                                                   8 = SMOKE OR HAZE
[NO. OF DAYS WITH]      [WEATHER - DAYS WITH]      9 = BLOWING SNOW
                                                   X = TORNADO
MAX 32 OR BELOW:   0    0.01 INCH OR MORE:   2
MAX 90 OR ABOVE:   2    0.10 INCH OR MORE:   1
MIN 32 OR BELOW:   0    0.50 INCH OR MORE:   0
MIN  0 OR BELOW:   0    1.00 INCH OR MORE:   0

[HDD (BASE 65) ]
TOTAL THIS MO.    20    CLEAR  (SCALE 0-3)   9
DPTR FM NORMAL    -2    PTCLDY (SCALE 4-7)  15
TOTAL FM JUL 1  1032    CLOUDY (SCALE 8-10)  3
DPTR FM NORMAL  -410

[CDD (BASE 65) ]
TOTAL THIS MO.    76
DPTR FM NORMAL   -20    [PRESSURE DATA]
TOTAL FM JAN 1   265    HIGHEST SLP M ON M
DPTR FM NORMAL   106    LOWEST  SLP 29.81 ON 20

[REMARKS]
