000
CXUS53 KUNR 200945
CF6RAP
PRELIMINARY LOCAL CLIMATOLOGICAL DATA (WS FORM: F-6)

                                          STATION:   RAPID CITY AIRPORT SD
                                          MONTH:     JANUARY
                                          YEAR:      2018
                                          LATITUDE:   44  2 N
                                          LONGITUDE: 103  4 W

  TEMPERATURE IN F:       :PCPN:    SNOW:  WIND      :SUNSHINE: SKY     :PK WND
================================================================================
1   2   3   4   5  6A  6B    7    8   9   10  11  12  13   14  15   16   17  18
                                     12Z  AVG MX 2MIN
DY MAX MIN AVG DEP HDD CDD  WTR  SNW DPTH SPD SPD DIR MIN PSBL S-S WX    SPD DR
================================================================================

 1   4 -19  -7 -31  72   0 0.00  0.0    4  7.5 14 340   M    M   4        15 140
 2  35 -10  13 -11  52   0 0.00  0.0    4  8.2 29 330   M    M   2        37 330
 3  33  13  23  -1  42   0 0.00  0.0    3  4.1 17 340   M    M   2        19 340
 4  40  14  27   2  38   0 0.00  0.0    3  4.6 15 340   M    M   0        16 350
 5  25  15  20  -5  45   0    T    T    3  6.9 12 170   M    M   8 12     13 180
 6  49  15  32   7  33   0    T    M    0  5.8 28 350   M    M   4 8      33 340
 7  50  26  38  13  27   0    T  0.0    1 11.6 26 340   M    M   2        32 340
 8  50  22  36  11  29   0 0.00  0.0    T  3.6 14 340   M    M   0        15 340
 9  61  26  44  19  21   0 0.00  0.0    0  8.9 25 260   M    M   0        32 260
10  54   3  29   4  36   0    T  0.2    0 24.3 47 350   M    M   4 18     59 350
11   9  -3   3 -22  62   0    T    T    T 15.1 33 340   M    M   5 8      43 340
12   6  -1   3 -22  62   0    T    T    0  8.5 17 120   M    M   8 8      20 130
13  27  -2  13 -12  52   0 0.06  0.7    0  8.0 21 350   M    M   9 18     26 350
14  39   2  21  -4  44   0 0.04  3.0    0 16.1 33 340   M    M   6 1      42 340
15   4 -11  -3 -28  68   0 0.00  0.0    3 22.1 39 340   M    M   1 9      46 340
16  27 -15   6 -19  59   0 0.00  0.0    2  7.2 18 160   M    M   0        21 150
17  47   9  28   3  37   0 0.00  0.0    0  6.3 17 350   M    M   0        20 330
18  56  27  42  17  23   0 0.00  0.0    0  3.9 17 300   M    M   0        18 290
19  57  27  42  17  23   0 0.00  0.0    0  8.8 35 340   M    M   1        42 340
================================================================================
SM  673  138       825   0  0.10     3.9 181.5          M       56
================================================================================
AV 35.4  7.3                               9.6 FASTST   M    M   3    MAX(MPH)
                                 MISC ---->  # 47 350               # 59  350
================================================================================
NOTES:
# LAST OF SEVERAL OCCURRENCES

COLUMN 17 PEAK WIND IN M.P.H.

PRELIMINARY LOCAL CLIMATOLOGICAL DATA (WS FORM: F-6) , PAGE 2

                                          STATION:  RAPID CITY AIRPORT SD
                                          MONTH:    JANUARY
                                          YEAR:     2018
                                          LATITUDE:   44  2 N
                                          LONGITUDE: 103  4 W

[TEMPERATURE DATA]      [PRECIPITATION DATA]       SYMBOLS USED IN COLUMN 16

AVERAGE MONTHLY: 21.3   TOTAL FOR MONTH:   0.10    1 = FOG OR MIST
DPTR FM NORMAL:  -3.5   DPTR FM NORMAL:   -0.09    2 = FOG REDUCING VISIBILITY
HIGHEST:    61 ON  9    GRTST 24HR  0.06 ON 13-13      TO 1/4 MILE OR LESS
LOWEST:    -19 ON  1                               3 = THUNDER
                        SNOW, ICE PELLETS, HAIL    4 = ICE PELLETS
                        TOTAL MONTH:   3.9 INCHES  5 = HAIL
                        GRTST 24HR   3.0 ON 14-14  6 = FREEZING RAIN OR DRIZZLE
                        GRTST DEPTH:   4 ON  2, 1  7 = DUSTSTORM OR SANDSTORM:
                                                       VSBY 1/2 MILE OR LESS
                                                   8 = SMOKE OR HAZE
[NO. OF DAYS WITH]      [WEATHER - DAYS WITH]      9 = BLOWING SNOW
                                                   X = TORNADO
MAX 32 OR BELOW:   7    0.01 INCH OR MORE:   2
MAX 90 OR ABOVE:   0    0.10 INCH OR MORE:   0
MIN 32 OR BELOW:  19    0.50 INCH OR MORE:   0
MIN  0 OR BELOW:   7    1.00 INCH OR MORE:   0

[HDD (BASE 65) ]
TOTAL THIS MO.   825    CLEAR  (SCALE 0-3)  11
DPTR FM NORMAL    63    PTCLDY (SCALE 4-7)   5
TOTAL FM JUL 1  3652    CLOUDY (SCALE 8-10)  3
DPTR FM NORMAL   -26

[CDD (BASE 65) ]
TOTAL THIS MO.     0
DPTR FM NORMAL     0    [PRESSURE DATA]
TOTAL FM JAN 1     0    HIGHEST SLP M ON M
DPTR FM NORMAL     0    LOWEST  SLP 29.38 ON 10

[REMARKS]
