000
CXUS56 KSTO 281355
CF6RBL
PRELIMINARY LOCAL CLIMATOLOGICAL DATA (WS FORM: F-6)

                                          STATION:   RED BLUFF AIRPORT CA
                                          MONTH:     MARCH
                                          YEAR:      2017
                                          LATITUDE:   40  9 N
                                          LONGITUDE: 122 15 W

  TEMPERATURE IN F:       :PCPN:    SNOW:  WIND      :SUNSHINE: SKY     :PK WND
================================================================================
1   2   3   4   5  6A  6B    7    8   9   10  11  12  13   14  15   16   17  18
                                     12Z  AVG MX 2MIN
DY MAX MIN AVG DEP HDD CDD  WTR  SNW DPTH SPD SPD DIR MIN PSBL S-S WX    SPD DR
================================================================================

 1  69  34  52  -1  13   0 0.00  0.0    0  6.9 16 360   M    M   0        20 350
 2  68  34  51  -2  14   0 0.00    M    0  4.5  8 170   M    M   0        14  10
 3  61  40  51  -2  14   0 0.00  0.0    0  3.9  9 340   M    M   1        10 340
 4  60  46  53   0  12   0 0.01    M    0 16.5 33 160   M    M   5        40 170
 5  52  36  44  -9  21   0 0.01  0.0    0  7.4 20 150   M    M   4        24 150
 6  56  40  48  -5  17   0 0.00  0.0    0 17.2 31 150   M    M   8        38 140
 7  57  40  49  -4  16   0 0.03  0.0    0  6.9 20 180   M    M   9 1      24 190
 8  71  46  59   6   6   0 0.00  0.0    0  4.9 12 340   M    M   4        15 330
 9  74  49  62   8   3   0 0.00  0.0    0  5.5 12 350   M    M   0        15 340
10  77  47  62   8   3   0 0.00  0.0    0  6.4 12 360   M    M   0        14 300
11  73  47  60   6   5   0 0.00  0.0    0  4.5 10 150   M    M   0        13 140
12  82  49  66  12   0   1 0.00  0.0    0  7.6 15 360   M    M   0        20 330
13  78  42  60   6   5   0 0.00  0.0    0  4.1  8  30   M    M   0        10  30
14  77  44  61   7   4   0 0.00  0.0    0  4.8  9 200   M    M   0        17 330
15  68  51  60   6   5   0 0.01  0.0    0  5.5 17 180   M    M   4        21 180
16  68  47  58   4   7   0 0.00    M    0  3.1  8 310   M    M   0         8 310
17  74  45  60   6   5   0 0.00  0.0    0  3.7 10 340   M    M   1        13 340
18  67  54  61   7   4   0 0.02  0.0    0  6.8 21 170   M    M   8        26 170
19  67  52  60   5   5   0    T  0.0    0  3.9  8 280   M    M   4        10 340
20  67  52  60   5   5   0 0.46  0.0    0 11.4 23 160   M    M   7 1      29 150
21  68  53  61   6   4   0 0.26  0.0    0 18.6 31 140   M    M   5 1      37 150
22  58  41  50  -5  15   0 0.55  0.0    0 10.5 22 150   M    M   7 13     27 320
23  62  37  50  -5  15   0 0.00  0.0    0  8.1 17 160   M    M   4 1      23 160
24  54  48  51  -4  14   0 0.63  0.0    0 15.2 28 170   M    M  10 1      34 180
25  64  47  56   1   9   0 0.00  0.0    0  4.2 10 340   M    M   4 1      14 340
26  56  45  51  -4  14   0 0.12  0.0    0  9.4 26 140   M    M   9 1      33 140
27  66  40  53  -2  12   0 0.00  0.0    0  6.7 16 340   M    M   3 12     20 310
================================================================================
SM 1794 1206       247   1  2.10     0.0 208.2          M       97
================================================================================
AV 66.4 44.7                               7.7 FASTST   M    M   4    MAX(MPH)
                                 MISC ---->  # 33 160               # 40  170
================================================================================
NOTES:
# LAST OF SEVERAL OCCURRENCES

COLUMN 17 PEAK WIND IN M.P.H.

PRELIMINARY LOCAL CLIMATOLOGICAL DATA (WS FORM: F-6) , PAGE 2

                                          STATION:  RED BLUFF AIRPORT CA
                                          MONTH:    MARCH
                                          YEAR:     2017
                                          LATITUDE:   40  9 N
                                          LONGITUDE: 122 15 W

[TEMPERATURE DATA]      [PRECIPITATION DATA]       SYMBOLS USED IN COLUMN 16

AVERAGE MONTHLY: 55.6   TOTAL FOR MONTH:   2.10    1 = FOG OR MIST
DPTR FM NORMAL:   1.5   DPTR FM NORMAL:   -0.86    2 = FOG REDUCING VISIBILITY
HIGHEST:    82 ON 12    GRTST 24HR  0.63 ON 24-24      TO 1/4 MILE OR LESS
LOWEST:     34 ON  2, 1                            3 = THUNDER
                        SNOW, ICE PELLETS, HAIL    4 = ICE PELLETS
                        TOTAL MONTH:   0.0 INCH    5 = HAIL
                        GRTST 24HR     0.0         6 = FREEZING RAIN OR DRIZZLE
                        GRTST DEPTH:   0           7 = DUSTSTORM OR SANDSTORM:
                                                       VSBY 1/2 MILE OR LESS
                                                   8 = SMOKE OR HAZE
[NO. OF DAYS WITH]      [WEATHER - DAYS WITH]      9 = BLOWING SNOW
                                                   X = TORNADO
MAX 32 OR BELOW:   0    0.01 INCH OR MORE:  10
MAX 90 OR ABOVE:   0    0.10 INCH OR MORE:   5
MIN 32 OR BELOW:   0    0.50 INCH OR MORE:   2
MIN  0 OR BELOW:   0    1.00 INCH OR MORE:   0

[HDD (BASE 65) ]
TOTAL THIS MO.   247    CLEAR  (SCALE 0-3)  12
DPTR FM NORMAL   -51    PTCLDY (SCALE 4-7)  11
TOTAL FM JUL 1  2176    CLOUDY (SCALE 8-10)  4
DPTR FM NORMAL  -176

[CDD (BASE 65) ]
TOTAL THIS MO.     1
DPTR FM NORMAL     1    [PRESSURE DATA]
TOTAL FM JAN 1     1    HIGHEST SLP M ON M
DPTR FM NORMAL     1    LOWEST  SLP 29.63 ON  4

[REMARKS]
