000
CXUS52 KRAH 241345
CF6RDU
PRELIMINARY LOCAL CLIMATOLOGICAL DATA (WS FORM: F-6)

                                          STATION:   RALEIGH-DURHAM INTL AIRPORT NC
                                          MONTH:     MAY
                                          YEAR:      2015
                                          LATITUDE:   35 52 N
                                          LONGITUDE:  78 47 W

  TEMPERATURE IN F:       :PCPN:    SNOW:  WIND      :SUNSHINE: SKY     :PK WND
================================================================================
1   2   3   4   5  6A  6B    7    8   9   10  11  12  13   14  15   16   17  18
                                     12Z  AVG MX 2MIN
DY MAX MIN AVG DEP HDD CDD  WTR  SNW DPTH SPD SPD DIR MIN PSBL S-S WX    SPD DR
================================================================================

 1  61  51  56  -8   9   0 0.58  0.0    0  4.5 16  50   M    M   9 1      21  10
 2  73  46  60  -4   5   0 0.00  0.0    0  2.9 13  40   M    M   5 1      18  50
 3  79  47  63  -2   2   0 0.00  0.0    0  2.7 12 200   M    M   4 1      15 210
 4  82  53  68   3   0   3 0.00  0.0    0  7.5 15 200   M    M   3        21 200
 5  82  56  69   4   0   4 0.00  0.0    0  7.3 16 240   M    M   3        20 230
 6  83  54  69   4   0   4 0.00  0.0    0  3.8 12 160   M    M   7        17 150
 7  82  58  70   4   0   5 0.00  0.0    0  7.7 18  40   M    M   6        24  30
 8  81  57  69   3   0   4 0.00  0.0    0  7.8 18  80   M    M   5        24  90
 9  85  65  75   9   0  10 0.03  0.0    0  9.3 21  80   M    M   7 1      28  70
10  78  68  73   7   0   8 0.22  0.0    0  9.4 22  90   M    M  10 1      32  50
11  87  69  78  11   0  13 0.14  0.0    0  8.6 20 190   M    M   7 1      26 190
12  87  68  78  11   0  13 0.00  0.0    0  8.1 17 240   M    M   7 1      22 240
13  80  58  69   2   0   4 0.00  0.0    0  3.5 12 330   M    M   5        16  10
14  72  56  64  -3   1   0 0.00  0.0    0  7.2 16  50   M    M   7        24  40
15  77  55  66  -2   0   1 0.00  0.0    0  5.3 10 170   M    M   7        15 200
16  85  60  73   5   0   8 0.00  0.0    0  7.1 14 220   M    M   6        18 220
17  88  63  76   8   0  11 0.00  0.0    0  7.0 14 230   M    M   7        17 240
18  91  69  80  12   0  15 0.00  0.0    0  6.5 17 220   M    M   7        22 230
19  90  69  80  11   0  15 1.38  0.0    0  4.3 25 350   M    M   7 13     35 330
20  88  62  75   6   0  10 0.00  0.0    0  4.1 14 120   M    M   5 1      21 120
21  71  57  64  -5   1   0 0.24  0.0    0  6.4 17 120   M    M   8 13     22 110
22  75  52  64  -6   1   0 0.00  0.0    0  3.1 10  30   M    M   4        18  40
23  80  48  64  -6   1   0 0.00  0.0    0  3.0 15  50   M    M   4        18  80
================================================================================
SM 1857 1341        20 128  2.59     0.0 137.1          M      140
================================================================================
AV 80.7 58.3                               6.0 FASTST   M    M   6    MAX(MPH)
                                 MISC ---->  # 25 350               # 35  330
================================================================================
NOTES:
# LAST OF SEVERAL OCCURRENCES

COLUMN 17 PEAK WIND IN M.P.H.

PRELIMINARY LOCAL CLIMATOLOGICAL DATA (WS FORM: F-6) , PAGE 2

                                          STATION:  RALEIGH-DURHAM INTL AIRPORT NC
                                          MONTH:    MAY
                                          YEAR:     2015
                                          LATITUDE:   35 52 N
                                          LONGITUDE:  78 47 W

[TEMPERATURE DATA]      [PRECIPITATION DATA]       SYMBOLS USED IN COLUMN 16

AVERAGE MONTHLY: 69.5   TOTAL FOR MONTH:   2.59    1 = FOG OR MIST
DPTR FM NORMAL:   2.6   DPTR FM NORMAL:    0.27    2 = FOG REDUCING VISIBILITY
HIGHEST:    91 ON 18    GRTST 24HR  1.56 ON 30- 1      TO 1/4 MILE OR LESS
LOWEST:     46 ON  2                               3 = THUNDER
                        SNOW, ICE PELLETS, HAIL    4 = ICE PELLETS
                        TOTAL MONTH:   0.0 INCH    5 = HAIL
                        GRTST 24HR     0.0         6 = FREEZING RAIN OR DRIZZLE
                        GRTST DEPTH:   0           7 = DUSTSTORM OR SANDSTORM:
                                                       VSBY 1/2 MILE OR LESS
                                                   8 = SMOKE OR HAZE
[NO. OF DAYS WITH]      [WEATHER - DAYS WITH]      9 = BLOWING SNOW
                                                   X = TORNADO
MAX 32 OR BELOW:   0    0.01 INCH OR MORE:   6
MAX 90 OR ABOVE:   2    0.10 INCH OR MORE:   5
MIN 32 OR BELOW:   0    0.50 INCH OR MORE:   2
MIN  0 OR BELOW:   0    1.00 INCH OR MORE:   1

[HDD (BASE 65) ]
TOTAL THIS MO.    20    CLEAR  (SCALE 0-3)   2
DPTR FM NORMAL   -27    PTCLDY (SCALE 4-7)  18
TOTAL FM JUL 1  3484    CLOUDY (SCALE 8-10)  3
DPTR FM NORMAL   248

[CDD (BASE 65) ]
TOTAL THIS MO.   128
DPTR FM NORMAL    35    [PRESSURE DATA]
TOTAL FM JAN 1   184    HIGHEST SLP M ON M
DPTR FM NORMAL    30    LOWEST  SLP 29.75 ON  1

[REMARKS]
