000
CXUS53 KMPX 281000
CF6RGK
PRELIMINARY LOCAL CLIMATOLOGICAL DATA (WS FORM: F-6)

                                          STATION:   RED_WING MN
                                          MONTH:     MARCH
                                          YEAR:      2015
                                          LATITUDE:   44 34 N
                                          LONGITUDE:  92 29 W

  TEMPERATURE IN F:       :PCPN:    SNOW:  WIND      :SUNSHINE: SKY     :PK WND
================================================================================
1   2   3   4   5  6A  6B    7    8   9   10  11  12  13   14  15   16   17  18
                                     12Z  AVG MX 2MIN
DY MAX MIN AVG DEP HDD CDD  WTR  SNW DPTH SPD SPD DIR MIN PSBL S-S WX    SPD DR
================================================================================

 1  27  12  20   M  45   0    M    M    M  7.7 15 280   M    M   6        29 280
 2  25   1  13   M  52   0    M    M    M  4.9 10 170   M    M   3        21 310
 3  30  10  20   M  45   0    M    M    M  9.3 16 290   M    M   7        24 310
 4  14   0   7   M  58   0    M    M    M  9.5 18 290   M    M   0        24 300
 5  14 -17  -1   M  66   0    M    M    M  4.3  9 200   M    M   0         9 230
 6  39   5  22   M  43   0    M    M    M  4.7 12 280   M    M   2        17 280
 7  45  21  33   M  32   0    M    M    M  7.4 18 290   M    M   4        28 290
 8  46  27  37   M  28   0    M    M    M  5.4 16 260   M    M   3        22 260
 9  55  27  41   M  24   0    M    M    M  5.0 14 220   M    M   6         M  M
10  66  34  50   M  15   0    M    M    M  5.9 15 280   M    M   0        20 290
11  57  27  42   M  23   0    M    M    M  2.0  6 120   M    M   0         M  M
12  61  37  49   M  16   0    M    M    M  8.1 12 150   M    M   0        24 180
13  64  43  54   M  11   0    M    M    M  8.2 15 290   M    M   0        23 290
14  61  30  46   M  19   0    M    M    M  5.0 10 330   M    M   0 1      17 350
15  68  32  50   M  15   0    M    M    M  7.6 20 250   M    M   0        28 250
16  63  37  50   M  15   0    M    M    M  7.1 15  10   M    M   1        25 360
17  46  27  37   M  28   0    M    M    M  5.9 13 360   M    M   0        21 320
18  46  25  36   M  29   0    M    M    M  0.6  6 230   M    M   3         M  M
19  48  34  41   M  24   0    M    M    M  5.8 14 210   M    M   8        23 170
20  55  34  45   M  20   0    M    M    M  6.6 13  50   M    M   3        20  50
21  43  28  36   M  29   0    M    M    M  6.0 10 350   M    M   3        22 350
22  36  30  33   M  32   0    M    M    M  5.7 12 120   M    M   8        18 100
23  34  30  32   M  33   0    M    M    M  6.1  9 130   M    M  10         M  M
24  41  27  34   M  31   0    M    M    M  9.3 15 130   M    M   4        18 130
25  39  32  36   M  29   0    M    M    M 12.4 25 290   M    M   9 1      33 290
26  37  27  32   M  33   0    M    M    M  7.7 10 310   M    M   8        20 310
27  36  19  28   M  37   0    M    M    M  3.5  8 220   M    M   0         M  M
================================================================================
SM 1196  639       832   0    M     M    171.7          M       88
================================================================================
AV 44.3 23.7                               6.4 FASTST   M    M   3    MAX(MPH)
                                 MISC ---->    25   M                 33    M
================================================================================
NOTES:
# LAST OF SEVERAL OCCURRENCES

COLUMN 17 PEAK WIND IN M.P.H.

PRELIMINARY LOCAL CLIMATOLOGICAL DATA (WS FORM: F-6) , PAGE 2

                                          STATION:  RED_WING MN
                                          MONTH:    MARCH
                                          YEAR:     2015
                                          LATITUDE:   44 34 N
                                          LONGITUDE:  92 29 W

[TEMPERATURE DATA]      [PRECIPITATION DATA]       SYMBOLS USED IN COLUMN 16

AVERAGE MONTHLY: 34.0   TOTAL FOR MONTH:      M    1 = FOG OR MIST
DPTR FM NORMAL:     M   DPTR FM NORMAL:       M    2 = FOG REDUCING VISIBILITY
HIGHEST:    68 ON 15    GRTST 24HR    M  ON   M        TO 1/4 MILE OR LESS
LOWEST:    -17 ON  5                               3 = THUNDER
                        SNOW, ICE PELLETS, HAIL    4 = ICE PELLETS
                        TOTAL MONTH:    M          5 = HAIL
                        GRTST 24HR    M  ON   M    6 = FREEZING RAIN OR DRIZZLE
                        GRTST DEPTH:  M  ON   M    7 = DUSTSTORM OR SANDSTORM:
                                                       VSBY 1/2 MILE OR LESS
                                                   8 = SMOKE OR HAZE
[NO. OF DAYS WITH]      [WEATHER - DAYS WITH]      9 = BLOWING SNOW
                                                   X = TORNADO
MAX 32 OR BELOW:   5    0.01 INCH OR MORE:   0
MAX 90 OR ABOVE:   0    0.10 INCH OR MORE:   0
MIN 32 OR BELOW:  21    0.50 INCH OR MORE:   0
MIN  0 OR BELOW:   2    1.00 INCH OR MORE:   0

[HDD (BASE 65) ]
TOTAL THIS MO.   832    CLEAR  (SCALE 0-3)  14
DPTR FM NORMAL     M    PTCLDY (SCALE 4-7)   9
TOTAL FM JUL 1  6873    CLOUDY (SCALE 8-10)  4
DPTR FM NORMAL     M

[CDD (BASE 65) ]
TOTAL THIS MO.     0
DPTR FM NORMAL     M    [PRESSURE DATA]
TOTAL FM JAN 1     0    HIGHEST SLP M ON M
DPTR FM NORMAL     M    LOWEST  SLP M ON M

[REMARKS]
