252
CXUS51 KAKQ 231010
CF6RIC
PRELIMINARY LOCAL CLIMATOLOGICAL DATA (WS FORM: F-6)

                                          STATION:   RICHMOND VA
                                          MONTH:     SEPTEMBER
                                          YEAR:      2017
                                          LATITUDE:   37 30 N
                                          LONGITUDE:  77 20 W

  TEMPERATURE IN F:       :PCPN:    SNOW:  WIND      :SUNSHINE: SKY     :PK WND
================================================================================
1   2   3   4   5  6A  6B    7    8   9   10  11  12  13   14  15   16   17  18
                                     12Z  AVG MX 2MIN
DY MAX MIN AVG DEP HDD CDD  WTR  SNW DPTH SPD SPD DIR MIN PSBL S-S WX    SPD DR
================================================================================

 1  76  53  65 -10   0   0 0.83  0.0    0  9.4 20  50   M    M  10 1      24  50
 2  67  57  62 -13   3   0 0.41  0.0    0  5.9 13 300   M    M  10 1      14 300
 3  80  62  71  -4   0   6 0.06  0.0    0  7.1 15 260   M    M   4 1      20 250
 4  83  56  70  -4   0   5 0.00  0.0    0  6.4 17 220   M    M   1        23 210
 5  86  64  75   1   0  10 0.00  0.0    0  8.8 22 230   M    M   3        27 210
 6  74  61  68  -6   0   3 0.07  0.0    0  7.7 22 350   M    M  10 1      29 340
 7  76  54  65  -9   0   0 0.00  0.0    0  7.4 16 270   M    M   4        21 280
 8  78  51  65  -8   0   0 0.00  0.0    0  2.8 12 340   M    M   2        16 300
 9  74  55  65  -8   0   0 0.00  0.0    0  8.5 17  20   M    M   3        25  10
10  71  51  61 -12   4   0 0.00  0.0    0  8.5 17  60   M    M   5        23  10
11  72  53  63  -9   2   0 0.02  0.0    0  8.1 18  60   M    M   8        23  50
12  79  60  70  -2   0   5 0.03  0.0    0  8.2 17 120   M    M   8 1      22 120
13  84  65  75   3   0  10 0.06  0.0    0  6.4 16 240   M    M   5 1      21 240
14  83  65  74   3   0   9    T  0.0    0  6.6 15 250   M    M   8        20 230
15  85  67  76   5   0  11    T  0.0    0  3.3 10 350   M    M   7        15  20
16  86  65  76   5   0  11    T  0.0    0  2.9  9  50   M    M   5        14  60
17  85  64  75   5   0  10 0.00  0.0    0  4.4 13  80   M    M   5 12     18  20
18  81  66  74   4   0   9    T  0.0    0  9.4 18  10   M    M   5 1      22  10
19  84  67  76   6   0  11 0.00  0.0    0 11.4 18 330   M    M   5        26  20
20  89  66  78   9   0  13 0.00  0.0    0  5.8 14 350   M    M   2        18 350
21  90  65  78   9   0  13 0.00  0.0    0  5.0 15  50   M    M   5        20 350
22  84  62  73   5   0   8 0.00  0.0    0  4.2 13  10   M    M   6 1      17  20
================================================================================
SM 1767 1329         9 134  1.48     0.0 148.2          M      121
================================================================================
AV 80.3 60.4                               6.7 FASTST   M    M   6    MAX(MPH)
                                 MISC ---->  # 22 230               # 29  340
================================================================================
NOTES:
# LAST OF SEVERAL OCCURRENCES

COLUMN 17 PEAK WIND IN M.P.H.

PRELIMINARY LOCAL CLIMATOLOGICAL DATA (WS FORM: F-6) , PAGE 2

                                          STATION:  RICHMOND VA
                                          MONTH:    SEPTEMBER
                                          YEAR:     2017
                                          LATITUDE:   37 30 N
                                          LONGITUDE:  77 20 W

[TEMPERATURE DATA]      [PRECIPITATION DATA]       SYMBOLS USED IN COLUMN 16

AVERAGE MONTHLY: 70.4   TOTAL FOR MONTH:   1.48    1 = FOG OR MIST
DPTR FM NORMAL:  -1.7   DPTR FM NORMAL:   -1.64    2 = FOG REDUCING VISIBILITY
HIGHEST:    90 ON 21    GRTST 24HR  0.83 ON  1- 1      TO 1/4 MILE OR LESS
LOWEST:     51 ON 10, 8                            3 = THUNDER
                        SNOW, ICE PELLETS, HAIL    4 = ICE PELLETS
                        TOTAL MONTH:   0.0 INCH    5 = HAIL
                        GRTST 24HR     0.0         6 = FREEZING RAIN OR DRIZZLE
                        GRTST DEPTH:   0           7 = DUSTSTORM OR SANDSTORM:
                                                       VSBY 1/2 MILE OR LESS
                                                   8 = SMOKE OR HAZE
[NO. OF DAYS WITH]      [WEATHER - DAYS WITH]      9 = BLOWING SNOW
                                                   X = TORNADO
MAX 32 OR BELOW:   0    0.01 INCH OR MORE:   7
MAX 90 OR ABOVE:   1    0.10 INCH OR MORE:   2
MIN 32 OR BELOW:   0    0.50 INCH OR MORE:   1
MIN  0 OR BELOW:   0    1.00 INCH OR MORE:   0

[HDD (BASE 65) ]
TOTAL THIS MO.     9    CLEAR  (SCALE 0-3)   5
DPTR FM NORMAL     0    PTCLDY (SCALE 4-7)  11
TOTAL FM JUL 1     9    CLOUDY (SCALE 8-10)  6
DPTR FM NORMAL    -1

[CDD (BASE 65) ]
TOTAL THIS MO.   134
DPTR FM NORMAL   -34    [PRESSURE DATA]
TOTAL FM JAN 1  1547    HIGHEST SLP M ON M
DPTR FM NORMAL    72    LOWEST  SLP 29.79 ON  6

[REMARKS]
