311
CXUS51 KAKQ 291010
CF6RIC
PRELIMINARY LOCAL CLIMATOLOGICAL DATA (WS FORM: F-6)

                                          STATION:   RICHMOND VA
                                          MONTH:     APRIL
                                          YEAR:      2016
                                          LATITUDE:   37 30 N
                                          LONGITUDE:  77 20 W

  TEMPERATURE IN F:       :PCPN:    SNOW:  WIND      :SUNSHINE: SKY     :PK WND
================================================================================
1   2   3   4   5  6A  6B    7    8   9   10  11  12  13   14  15   16   17  18
                                     12Z  AVG MX 2MIN
DY MAX MIN AVG DEP HDD CDD  WTR  SNW DPTH SPD SPD DIR MIN PSBL S-S WX    SPD DR
================================================================================

 1  79  64  72  18   0   7 0.26  0.0    0 15.1 28 240   M    M  10 13     37 240
 2  69  48  59   5   6   0 0.18  0.0    0 11.4 36 320   M    M   7 1      47 300
 3  59  38  49  -5  16   0 0.00  0.0    0 13.7 35 310   M    M   1        44 290
 4  77  44  61   6   4   0 0.03  0.0    0 15.3 30 230   M    M   4        37 230
 5  52  30  41 -14  24   0 0.18  0.0    0 13.4 30 360   M    M   4 1      42 360
 6  60  27  44 -11  21   0 0.00  0.0    0  9.0 23 200   M    M   5        30 170
 7  67  49  58   2   7   0 0.14  0.0    0 14.9 39 220   M    M   8 1      50 220
 8  59  37  48  -8  17   0 0.00  0.0    0  9.6 20 290   M    M   5        25 290
 9  52  33  43 -13  22   0 0.01  0.0    0 15.9 32 300   M    M   5        45 320
10  55  27  41 -16  24   0 0.00  0.0    0  7.7 15 350   M    M   5        20 360
11  74  46  60   3   5   0    T  0.0    0 16.3 28 200   M    M   7        35 230
12  64  47  56  -1   9   0 0.19  0.0    0 10.2 21  20   M    M   9 1      25 180
13  60  40  50  -8  15   0 0.00  0.0    0  7.8 18  40   M    M   2        23  50
14  62  35  49  -9  16   0 0.00  0.0    0  6.2 15  70   M    M   0        19  70
15  64  37  51  -7  14   0 0.00  0.0    0  6.9 17 100   M    M   5        23 110
16  71  35  53  -5  12   0 0.00  0.0    0  5.2 17 120   M    M   1 8      21  20
17  73  37  55  -4  10   0 0.00  0.0    0  4.8 14  10   M    M   0        19 360
18  86  42  64   5   1   0 0.00  0.0    0  3.5 16 320   M    M   1 8      20 360
19  87  51  69  10   0   4 0.00  0.0    0  9.6 22 340   M    M   8        29 310
20  72  48  60   0   5   0 0.00  0.0    0  8.9 16  40   M    M   3        21  40
21  78  43  61   1   4   0    T  0.0    0  9.8 22 190   M    M   9 18     27 190
22  75  60  68   8   0   3 0.60  0.0    0 10.1 29 270   M    M   9 13     35 260
23  73  53  63   3   2   0 0.00  0.0    0  9.7 26 340   M    M   6 1      33 340
24  70  45  58  -3   7   0 0.00  0.0    0  6.2 14  10   M    M   2        20 360
25  82  48  65   4   0   0 0.00  0.0    0 10.3 20 220   M    M   5        24 200
26  87  63  75  14   0  10 0.10  0.0    0 11.5 22 220   M    M   5        27 220
27  72  56  64   2   1   0 0.11  0.0    0  7.9 16  30   M    M   7 1      20 360
28  59  52  56  -6   9   0 0.37  0.0    0  6.3 14  30   M    M   9 13     17  80
================================================================================
SM 1938 1235       251  24  2.17     0.0 277.2          M      142
================================================================================
AV 69.2 44.1                               9.9 FASTST   M    M   5    MAX(MPH)
                                 MISC ---->  # 39 220               # 50  220
================================================================================
NOTES:
# LAST OF SEVERAL OCCURRENCES

COLUMN 17 PEAK WIND IN M.P.H.

PRELIMINARY LOCAL CLIMATOLOGICAL DATA (WS FORM: F-6) , PAGE 2

                                          STATION:  RICHMOND VA
                                          MONTH:    APRIL
                                          YEAR:     2016
                                          LATITUDE:   37 30 N
                                          LONGITUDE:  77 20 W

[TEMPERATURE DATA]      [PRECIPITATION DATA]       SYMBOLS USED IN COLUMN 16

AVERAGE MONTHLY: 56.7   TOTAL FOR MONTH:   2.17    1 = FOG OR MIST
DPTR FM NORMAL:  -1.3   DPTR FM NORMAL:   -0.89    2 = FOG REDUCING VISIBILITY
HIGHEST:    87 ON 26,19 GRTST 24HR  0.60 ON 22-22      TO 1/4 MILE OR LESS
LOWEST:     27 ON 10, 6                            3 = THUNDER
                        SNOW, ICE PELLETS, HAIL    4 = ICE PELLETS
                        TOTAL MONTH:   0.0 INCH    5 = HAIL
                        GRTST 24HR     0.0         6 = FREEZING RAIN OR DRIZZLE
                        GRTST DEPTH:   0           7 = DUSTSTORM OR SANDSTORM:
                                                       VSBY 1/2 MILE OR LESS
                                                   8 = SMOKE OR HAZE
[NO. OF DAYS WITH]      [WEATHER - DAYS WITH]      9 = BLOWING SNOW
                                                   X = TORNADO
MAX 32 OR BELOW:   0    0.01 INCH OR MORE:  11
MAX 90 OR ABOVE:   0    0.10 INCH OR MORE:   9
MIN 32 OR BELOW:   3    0.50 INCH OR MORE:   1
MIN  0 OR BELOW:   0    1.00 INCH OR MORE:   0

[HDD (BASE 65) ]
TOTAL THIS MO.   251    CLEAR  (SCALE 0-3)   7
DPTR FM NORMAL    21    PTCLDY (SCALE 4-7)  16
TOTAL FM JUL 1  3197    CLOUDY (SCALE 8-10)  5
DPTR FM NORMAL  -485

[CDD (BASE 65) ]
TOTAL THIS MO.    24
DPTR FM NORMAL   -10    [PRESSURE DATA]
TOTAL FM JAN 1    30    HIGHEST SLP M ON M
DPTR FM NORMAL   -10    LOWEST  SLP 29.47 ON  2

[REMARKS]
