000
CXUS56 KSGX 281545
CF6RIV
PRELIMINARY LOCAL CLIMATOLOGICAL DATA (WS FORM: F-6)

                                          STATION:   RIVERSIDE/MARCH FIELD CA
                                          MONTH:     AUGUST
                                          YEAR:      2016
                                          LATITUDE:   33 54 N
                                          LONGITUDE: 117 15 W

  TEMPERATURE IN F:       :PCPN:    SNOW:  WIND      :SUNSHINE: SKY     :PK WND
================================================================================
1   2   3   4   5  6A  6B    7    8   9   10  11  12  13   14  15   16   17  18
                                     12Z  AVG MX 2MIN
DY MAX MIN AVG DEP HDD CDD  WTR  SNW DPTH SPD SPD DIR MIN PSBL S-S WX    SPD DR
================================================================================

 1  94  66  80   M   0  15    T  0.0    M  6.9 16 300   M    M   0         M  M
 2  94  66  80   M   0  15 0.00  0.0    M  5.9 16 290   M    M   1         M  M
 3  93  65  79   M   0  14 0.00  0.0    0  5.3 13 300   M    M   3         M  M
 4  94  65  80   M   0  15 0.00  0.0    0  7.0 15 300   M    M   1        18 310
 5  92  64  78   M   0  13 0.00  0.0    0  6.0 15 290   M    M   0        22 300
 6  91  63  77   M   0  12    T  0.0    0  5.8 14 310   M    M   1         M  M
 7  92  60  76   M   0  11    T  0.0    0  6.0 14 320   M    M   0         M  M
 8  91  60  76   M   0  11 0.00  0.0    0  7.1 17 300   M    M   1 1       M  M
 9  89  62  76   M   0  11 0.00  0.0    0  5.9 15 300   M    M   3 1       M  M
10  94  55  75   M   0  10 0.00  0.0    0  4.7 12 320   M    M   0         M  M
11  91  57  74   M   0   9 0.00  0.0    0  6.0 14 300   M    M   0         M  M
12  93  63  78   M   0  13    T  0.0    0  7.0 14 320   M    M   0        18 300
13  99  65  82   M   0  17 0.00  0.0    0  6.9 17 310   M    M   0        22 300
14 102  66  84   M   0  19 0.00  0.0    0  7.7 20 290   M    M   0        23 290
15 105  68  87   M   0  22 0.00  0.0    0  5.9 16 300   M    M   0        18 300
16 103  59  81   M   0  16    T  0.0    0  5.5 15 290   M    M   0         M  M
17 103  59  81   M   0  16 0.00  0.0    0  4.6 12 310   M    M   0         M  M
18 102  61  82   M   0  17 0.00  0.0    0  5.1 20 310   M    M   0        22 280
19  97  61  79   M   0  14 0.00  0.0    0  6.7 18 300   M    M   0         M  M
20  93  61  77   M   0  12 0.00  0.0    0  7.0 18 320   M    M   0        23 310
21  93  61  77   M   0  12 0.00  0.0    0  6.4 15 310   M    M   1        18 320
22  93  62  78   M   0  13 0.00  0.0    0  6.7 17 300   M    M   0        24 290
23  91  61  76   M   0  11 0.00  0.0    0  5.3 14 300   M    M   0         M  M
24  94  62  78   M   0  13 0.00  0.0    0  5.3 14 310   M    M   0         M  M
25  93  61  77   M   0  12 0.00  0.0    0  4.1 14 290   M    M   0         M  M
26  85  58  72   M   0   7 0.00  0.0    M  6.1 14 290   M    M   2 1       M  M
27  83  57  70   M   0   5 0.00  0.0    0  5.8 13 290   M    M   3 1      18 330
================================================================================
SM 2544 1668         0 355    T      0.0 162.7          M       16
================================================================================
AV 94.2 61.8                               6.0 FASTST   M    M   1    MAX(MPH)
                                 MISC ---->    20   M                 24    M
================================================================================
NOTES:
# LAST OF SEVERAL OCCURRENCES

COLUMN 17 PEAK WIND IN M.P.H.

PRELIMINARY LOCAL CLIMATOLOGICAL DATA (WS FORM: F-6) , PAGE 2

                                          STATION:  RIVERSIDE/MARCH FIELD CA
                                          MONTH:    AUGUST
                                          YEAR:     2016
                                          LATITUDE:   33 54 N
                                          LONGITUDE: 117 15 W

[TEMPERATURE DATA]      [PRECIPITATION DATA]       SYMBOLS USED IN COLUMN 16

AVERAGE MONTHLY: 78.0   TOTAL FOR MONTH:      T    1 = FOG OR MIST
DPTR FM NORMAL:     M   DPTR FM NORMAL:       M    2 = FOG REDUCING VISIBILITY
HIGHEST:   105 ON 15    GRTST 24HR    T  ON 16-16      TO 1/4 MILE OR LESS
LOWEST:     55 ON 10                               3 = THUNDER
                        SNOW, ICE PELLETS, HAIL    4 = ICE PELLETS
                        TOTAL MONTH:   0.0 INCH    5 = HAIL
                        GRTST 24HR     0.0         6 = FREEZING RAIN OR DRIZZLE
                        GRTST DEPTH:   0           7 = DUSTSTORM OR SANDSTORM:
                                                       VSBY 1/2 MILE OR LESS
                                                   8 = SMOKE OR HAZE
[NO. OF DAYS WITH]      [WEATHER - DAYS WITH]      9 = BLOWING SNOW
                                                   X = TORNADO
MAX 32 OR BELOW:   0    0.01 INCH OR MORE:   0
MAX 90 OR ABOVE:  24    0.10 INCH OR MORE:   0
MIN 32 OR BELOW:   0    0.50 INCH OR MORE:   0
MIN  0 OR BELOW:   0    1.00 INCH OR MORE:   0

[HDD (BASE 65) ]
TOTAL THIS MO.     0    CLEAR  (SCALE 0-3)  25
DPTR FM NORMAL     M    PTCLDY (SCALE 4-7)   2
TOTAL FM JUL 1     0    CLOUDY (SCALE 8-10)  0
DPTR FM NORMAL     M

[CDD (BASE 65) ]
TOTAL THIS MO.   355
DPTR FM NORMAL     M    [PRESSURE DATA]
TOTAL FM JAN 1  1199    HIGHEST SLP M ON M
DPTR FM NORMAL     M    LOWEST  SLP M ON M

[REMARKS]
