000
CXUS54 KCRP 261300
CF6RKP
PRELIMINARY LOCAL CLIMATOLOGICAL DATA (WS FORM: F-6)

                                          STATION:   ROCKPORT
                                          MONTH:     SEPTEMBER
                                          YEAR:      2016
                                          LATITUDE:   28  4 N
                                          LONGITUDE:  97  3 W

  TEMPERATURE IN F:       :PCPN:    SNOW:  WIND      :SUNSHINE: SKY     :PK WND
================================================================================
1   2   3   4   5  6A  6B    7    8   9   10  11  12  13   14  15   16   17  18
                                     12Z  AVG MX 2MIN
DY MAX MIN AVG DEP HDD CDD  WTR  SNW DPTH SPD SPD DIR MIN PSBL S-S WX    SPD DR
================================================================================

 1  93  77  85   0   0  20 0.00  0.0    0  5.2 12 120   M    M   1        14 120
 2  92  78  85   0   0  20    T  0.0    0  7.2 21  40   M    M   1 3      27  40
 3  92  77  85   0   0  20 0.00  0.0    0  8.4 20 110   M    M   0 1      27 110
 4  92  79  86   2   0  21 0.02  0.0    0  9.6 23 150   M    M   2 13     35 160
 5  94  83  89   5   0  24    T  0.0    0 13.2 20 130   M    M   2        26 120
 6  94  84  89   5   0  24    T  0.0    0 12.2 17 140   M    M   2         M  M
 7  93  84  89   5   0  24 0.00  0.0    0 11.3 15 140   M    M   0        20 150
 8  93  79  86   2   0  21 0.00  0.0    0  8.6 16 140   M    M   1        21 160
 9   M   M   M   M   M   M 0.00  0.0    0  8.9 13 130   M    M   1         M  M
10   M   M   M   M   M   M 0.00  0.0    0   M   M   M   M    M   0 3       M  M
11   M   M   M   M   M   M 0.00  0.0    0   M   M   M   M    M   0         M  M
12  92  84  88   5   0  23 0.00  0.0    0 11.0 14 120   M    M   0         M  M
13  93  78  86   3   0  21 0.00  0.0    0  8.5 15  90   M    M   0        18 120
14  91  78  85   2   0  20 0.19  0.0    0  9.4 16  70   M    M   1 8      23  30
15  93  77  85   3   0  20    T  0.0    0 10.1 16  80   M    M   1 3      20  90
16  93  78  86   4   0  21 0.00  0.0    0  5.9 14 120   M    M   1        17 130
17  92  78  85   3   0  20 0.44  0.0    0  6.7 15 140   M    M   1        19 130
18  93  80  87   5   0  22 0.00  0.0    0  7.2 15 140   M    M   1        20 130
19  93  78  86   4   0  21 0.00  0.0    0  6.8 15 130   M    M   1        18 140
20  94  76  85   3   0  20 0.00  0.0    0  6.1 14 140   M    M   1        17 130
21  92  79  86   5   0  21 0.00  0.0    0  8.5 15 110   M    M   1        19 110
22  90  78  84   3   0  19 0.12  0.0    0  9.4 15 140   M    M   2 138    20 130
23  93  82  88   7   0  23    T  0.0    0 10.8 17 130   M    M   1        22 130
24  93  83  88   7   0  23    T  0.0    0 11.1 22 140   M    M   1        27 130
25  89  77  83   3   0  18 0.02  0.0    0 11.3 26 140   M    M   2 3      33 140
================================================================================
SM 2034 1747         0 466  0.79     0.0 207.4          M       24
================================================================================
AV 92.5 79.4                               9.0 FASTST   M    M   1    MAX(MPH)
                                 MISC ---->  # 26 140               # 35  160
================================================================================
NOTES:
# LAST OF SEVERAL OCCURRENCES

COLUMN 17 PEAK WIND IN M.P.H.

PRELIMINARY LOCAL CLIMATOLOGICAL DATA (WS FORM: F-6) , PAGE 2

                                          STATION:  ROCKPORT
                                          MONTH:    SEPTEMBER
                                          YEAR:     2016
                                          LATITUDE:   28  4 N
                                          LONGITUDE:  97  3 W

[TEMPERATURE DATA]      [PRECIPITATION DATA]       SYMBOLS USED IN COLUMN 16

AVERAGE MONTHLY: 85.9   TOTAL FOR MONTH:   0.79    1 = FOG OR MIST
DPTR FM NORMAL:   3.1   DPTR FM NORMAL:   -3.24    2 = FOG REDUCING VISIBILITY
HIGHEST:    94 ON 20, 6 GRTST 24HR  0.44 ON 17-17      TO 1/4 MILE OR LESS
LOWEST:     76 ON 20                               3 = THUNDER
                        SNOW, ICE PELLETS, HAIL    4 = ICE PELLETS
                        TOTAL MONTH:   0.0 INCH    5 = HAIL
                        GRTST 24HR     0.0         6 = FREEZING RAIN OR DRIZZLE
                        GRTST DEPTH:   0           7 = DUSTSTORM OR SANDSTORM:
                                                       VSBY 1/2 MILE OR LESS
                                                   8 = SMOKE OR HAZE
[NO. OF DAYS WITH]      [WEATHER - DAYS WITH]      9 = BLOWING SNOW
                                                   X = TORNADO
MAX 32 OR BELOW:   0    0.01 INCH OR MORE:   5
MAX 90 OR ABOVE:  21    0.10 INCH OR MORE:   3
MIN 32 OR BELOW:   0    0.50 INCH OR MORE:   0
MIN  0 OR BELOW:   0    1.00 INCH OR MORE:   0

[HDD (BASE 65) ]
TOTAL THIS MO.     0    CLEAR  (SCALE 0-3)  25
DPTR FM NORMAL     0    PTCLDY (SCALE 4-7)   0
TOTAL FM JUL 1     0    CLOUDY (SCALE 8-10)  0
DPTR FM NORMAL     0

[CDD (BASE 65) ]
TOTAL THIS MO.   466
DPTR FM NORMAL    21    [PRESSURE DATA]
TOTAL FM JAN 1  3423    HIGHEST SLP M ON M
DPTR FM NORMAL   341    LOWEST  SLP 29.77 ON 24

[REMARKS]
