000
CXUS55 KRIW 270945
CF6RKS
PRELIMINARY LOCAL CLIMATOLOGICAL DATA (WS FORM: F-6)

                                          STATION:   ROCK SPRINGS WY
                                          MONTH:     FEBRUARY
                                          YEAR:      2017
                                          LATITUDE:   41 35 N
                                          LONGITUDE: 109  4 W

  TEMPERATURE IN F:       :PCPN:    SNOW:  WIND      :SUNSHINE: SKY     :PK WND
================================================================================
1   2   3   4   5  6A  6B    7    8   9   10  11  12  13   14  15   16   17  18
                                     12Z  AVG MX 2MIN
DY MAX MIN AVG DEP HDD CDD  WTR  SNW DPTH SPD SPD DIR MIN PSBL S-S WX    SPD DR
================================================================================

 1  39   8  24   2  41   0 0.00    M    M 14.9 23 260   M    M   6        28 250
 2  32   5  19  -3  46   0    T    M    M  6.8 26 250   M    M   6 1      32 240
 3  33  11  22   0  43   0 0.00  0.0    M  3.7 12  60   M    M   6        13  70
 4  38  25  32  10  33   0    T    M    M 14.1 26 260   M    M   4 1      34 260
 5  39  27  33  11  32   0 0.00  0.0    M  8.3 16 260   M    M   5        18 250
 6  41  32  37  15  28   0 0.01    M    M 13.9 36 280   M    M   5 1      45 270
 7  42  30  36  14  29   0 0.03    M    M 21.1 49 250   M    M   5 12     60 260
 8  38  29  34  12  31   0    T    M    M 19.6 41 270   M    M   6 1      56 260
 9  48  33  41  19  24   0 0.00    M    M 15.2 30 270   M    M   4        40 260
10  48  32  40  17  25   0 0.05    M    M  7.8 29 260   M    M   8 1      35 250
11  33  16  25   2  40   0 0.06    M    M 13.1 31 280   M    M   6 1      37 280
12  27   9  18  -5  47   0 0.00  0.0    M  4.4  9 280   M    M   0 128     9 280
13  27   6  17  -6  48   0 0.00  0.0    M  6.3 12 200   M    M   2 128    12 200
14  32   9  21  -2  44   0 0.00  0.0    M  6.0 10 240   M    M   0        12 240
15  39  11  25   1  40   0 0.00  0.0    M  6.8 17 270   M    M   0 18     20 260
16  44  19  32   8  33   0 0.00  0.0    M  5.5 16 240   M    M   2        17 260
17  44  27  36  12  29   0    T  0.0    M  9.2 31 170   M    M   3        38 170
18  42  35  39  15  26   0 0.00  0.0    M 14.3 31 190   M    M   5        38 190
19  43  28  36  11  29   0    T    M    M 13.3 29 180   M    M   6 1      36 190
20  46  27  37  12  28   0 0.00  0.0    M  9.2 28 220   M    M   2        35 200
21  53  28  41  15  24   0 0.03    M    M 17.3 35 210   M    M   3 1      44 210
22  31  24  28   2  37   0 0.02    M    M  7.3 21 240   M    M  10 1      24 240
23  25  17  21  -5  44   0 0.20    M    M 15.9 43  20   M    M  10 128    53  20
24  21   8  15 -11  50   0    T    M    M 11.0 22 250   M    M   6 18     25 250
25  20   3  12 -15  53   0 0.00    M    M 16.2 32 260   M    M   1 8      40 270
26  21   3  12 -15  53   0 0.00    M    M 11.6 23 260   M    M   1 8      26 260
================================================================================
SM  946  502       957   0  0.40     0.0 292.8          M      112
================================================================================
AV 36.4 19.3                              11.3 FASTST   M    M   4    MAX(MPH)
                                 MISC ---->  # 49 250               # 60  260
================================================================================
NOTES:
# LAST OF SEVERAL OCCURRENCES

COLUMN 17 PEAK WIND IN M.P.H.

PRELIMINARY LOCAL CLIMATOLOGICAL DATA (WS FORM: F-6) , PAGE 2

                                          STATION:  ROCK SPRINGS WY
                                          MONTH:    FEBRUARY
                                          YEAR:     2017
                                          LATITUDE:   41 35 N
                                          LONGITUDE: 109  4 W

[TEMPERATURE DATA]      [PRECIPITATION DATA]       SYMBOLS USED IN COLUMN 16

AVERAGE MONTHLY: 27.9   TOTAL FOR MONTH:   0.40    1 = FOG OR MIST
DPTR FM NORMAL:   4.1   DPTR FM NORMAL:   -0.05    2 = FOG REDUCING VISIBILITY
HIGHEST:    53 ON 21    GRTST 24HR  0.22 ON 22-23      TO 1/4 MILE OR LESS
LOWEST:      3 ON 26,25                            3 = THUNDER
                        SNOW, ICE PELLETS, HAIL    4 = ICE PELLETS
                        TOTAL MONTH:   0.0 INCH    5 = HAIL
                        GRTST 24HR     0.0         6 = FREEZING RAIN OR DRIZZLE
                        GRTST DEPTH:  M  ON   M    7 = DUSTSTORM OR SANDSTORM:
                                                       VSBY 1/2 MILE OR LESS
                                                   8 = SMOKE OR HAZE
[NO. OF DAYS WITH]      [WEATHER - DAYS WITH]      9 = BLOWING SNOW
                                                   X = TORNADO
MAX 32 OR BELOW:   9    0.01 INCH OR MORE:   7
MAX 90 OR ABOVE:   0    0.10 INCH OR MORE:   1
MIN 32 OR BELOW:  24    0.50 INCH OR MORE:   0
MIN  0 OR BELOW:   0    1.00 INCH OR MORE:   0

[HDD (BASE 65) ]
TOTAL THIS MO.   957    CLEAR  (SCALE 0-3)   9
DPTR FM NORMAL  -115    PTCLDY (SCALE 4-7)  15
TOTAL FM JUL 1  5640    CLOUDY (SCALE 8-10)  2
DPTR FM NORMAL  -136

[CDD (BASE 65) ]
TOTAL THIS MO.     0
DPTR FM NORMAL     0    [PRESSURE DATA]
TOTAL FM JAN 1     0    HIGHEST SLP M ON M
DPTR FM NORMAL     0    LOWEST  SLP 29.50 ON  6

[REMARKS]
