000
CXUS51 KRNK 261033
CF6RNK

PRELIMINARY LOCAL CLIMATOLOGICAL DATA (WS FORM: F-6)

                                          STATION:   BLACKSBURG VA
                                          MONTH:     JANUARY
                                          YEAR:      2015
                                          LATITUDE:   37 13 N
                                          LONGITUDE:  80 25 W

  TEMPERATURE IN F:       :PCPN:    SNOW:  WIND      :SUNSHINE: SKY     :PK WND
================================================================================
1   2   3   4   5  6A  6B    7    8   9   10  11  12  13   14  15   16   17  18
                                     12Z  AVG MX 2MIN
DY MAX MIN AVG DEP HDD CDD  WTR  SNW DPTH SPD SPD DIR MIN PSBL S-S WX    SPD DR
================================================================================

 1  41  21  31   0  34   0 0.00  0.0    0  7.0 12 270   M    M   5        22 270
 2  41  34  38   7  27   0 0.00  0.0    0  4.7 14 300   M    M  10        20 250
 3  39  37  38   7  27   0 0.16  0.0    0  3.3  9 120   M    M  10 12      M  M
 4  61  37  49  18  16   0 0.11  0.0    0  7.3 20 290   M    M   8 1      31 290
 5  38  20  29  -2  36   0    T    T    0 12.2 22 300   M    M   3        36 290
 6  38  20  29  -2  36   0 0.00  0.0    0  6.1 20 300   M    M   8        28 300
 7  26   3  15 -16  50   0    T    T    T 15.7 25 300   M    M  10        37 300
 8  22   0  11 -20  54   0 0.00  0.0    0  6.0 15 300   M    M   2        23 300
 9  34  20  27  -4  38   0 0.00  0.0    0  9.4 17 300   M    M   3        26 280
10  31   9  20 -11  45   0 0.00  0.0    0  5.1 16 290   M    M   0        24 290
11  46   8  27  -4  38   0    T  0.0    0  1.5  8 120   M    M   4         M  M
12  43  32  38   7  27   0 0.26  0.0    0  1.4  9 280   M    M  10 126     M  M
13  38  25  32   1  33   0 0.01  0.2    T  6.0 12  90   M    M  10 146     M  M
14  34  24  29  -2  36   0 0.01  0.2    0  1.8 10 310   M    M  10 146     M  M
15  36  20  28  -3  37   0    T    T    0  4.3  9 290   M    M   8        17 290
16  40  27  34   3  31   0 0.00  0.0    0  8.0 18 300   M    M   4        25 300
17  49  21  35   4  30   0 0.00  0.0    0  3.0 14 190   M    M   0 1      18 190
18  47  29  38   7  27   0    T  0.0    0  6.0 18 300   M    M   6        29 300
19  55  28  42  11  23   0 0.00  0.0    0  6.1 13 290   M    M   2        25 290
20  59  24  42  11  23   0 0.00  0.0    0  2.9 13 230   M    M   0        21 250
21  51  27  39   7  26   0    T  0.0    0  3.6 13 300   M    M   5        18 280
22  43  24  34   2  31   0 0.00  0.0    0  3.8 13 300   M    M   2         M  M
23  34  24  29  -3  36   0 0.63  0.2    0  3.0  9  80   M    M  10 146     M  M
24  36  29  33   1  32   0 0.08    T    0  6.3 18 290   M    M   9 6      30 290
25  51  30  41   9  24   0 0.00  0.0    0  5.9 20 300   M    M   4        31 300
================================================================================
SM 1033  573       817   0  1.26     0.6 140.4          M      143
================================================================================
AV 41.3 22.9                               5.6 FASTST   M    M   6    MAX(MPH)
                                 MISC ---->  # 25 300               # 37  300
================================================================================
NOTES:
# LAST OF SEVERAL OCCURRENCES

COLUMN 17 PEAK WIND IN M.P.H.

PRELIMINARY LOCAL CLIMATOLOGICAL DATA (WS FORM: F-6) , PAGE 2

                                          STATION:  BLACKSBURG VA
                                          MONTH:    JANUARY
                                          YEAR:     2015
                                          LATITUDE:   37 13 N
                                          LONGITUDE:  80 25 W

[TEMPERATURE DATA]      [PRECIPITATION DATA]       SYMBOLS USED IN COLUMN 16

AVERAGE MONTHLY: 32.1   TOTAL FOR MONTH:   1.26    1 = FOG OR MIST
DPTR FM NORMAL:   0.9   DPTR FM NORMAL:   -1.24    2 = FOG REDUCING VISIBILITY
HIGHEST:    61 ON  4    GRTST 24HR  0.63 ON 23-23      TO 1/4 MILE OR LESS
LOWEST:      0 ON  8                               3 = THUNDER
                        SNOW, ICE PELLETS, HAIL    4 = ICE PELLETS
                        TOTAL MONTH:   0.6 INCH    5 = HAIL
                        GRTST 24HR   0.2 ON   M    6 = FREEZING RAIN OR DRIZZLE
                        GRTST DEPTH:   0           7 = DUSTSTORM OR SANDSTORM:
                                                       VSBY 1/2 MILE OR LESS
                                                   8 = SMOKE OR HAZE
[NO. OF DAYS WITH]      [WEATHER - DAYS WITH]      9 = BLOWING SNOW
                                                   X = TORNADO
MAX 32 OR BELOW:   3    0.01 INCH OR MORE:   7
MAX 90 OR ABOVE:   0    0.10 INCH OR MORE:   4
MIN 32 OR BELOW:  22    0.50 INCH OR MORE:   1
MIN  0 OR BELOW:   1    1.00 INCH OR MORE:   0

[HDD (BASE 65) ]
TOTAL THIS MO.   817    CLEAR  (SCALE 0-3)   6
DPTR FM NORMAL   -29    PTCLDY (SCALE 4-7)  11
TOTAL FM JUL 1  2837    CLOUDY (SCALE 8-10)  8
DPTR FM NORMAL  -156

[CDD (BASE 65) ]
TOTAL THIS MO.     0
DPTR FM NORMAL     0    [PRESSURE DATA]
TOTAL FM JAN 1     0    HIGHEST SLP M ON M
DPTR FM NORMAL     0    LOWEST  SLP M ON M

[REMARKS]
