000
CXUS55 KREV 180844
CF6RNO
PRELIMINARY LOCAL CLIMATOLOGICAL DATA (WS FORM: F-6)
STATION: RENO-TAHOE INTL AIRPORT NV
MONTH: APRIL
YEAR: 2024
LATITUDE: 39 30 N
LONGITUDE: 119 47 W
TEMPERATURE IN F: :PCPN: SNOW: WIND :SUNSHINE: SKY :PK WND
================================================================================
1 2 3 4 5 6A 6B 7 8 9 10 11 12 13 14 15 16 17 18
12Z AVG MX 2MIN
DY MAX MIN AVG DEP HDD CDD WTR SNW DPTH SPD SPD DIR MIN PSBL S-S WX SPD DR
================================================================================
1 59 28 44 -5 21 0 0.00 0.0 0 2.9 14 30 M M 1 20 30
2 73 35 54 5 11 0 0.00 0.0 0 2.3 12 280 M M 1 19 260
3 72 42 57 8 8 0 0.01 0.0 0 11.4 31 190 M M 5 43 180
4 52 32 42 -7 23 0 0.00 0.0 0 14.5 33 290 M M 6 53 290
5 41 27 34 -15 31 0 0.05 0.1 0 5.2 20 290 M M 7 18 26 290
6 51 26 39 -11 26 0 0.00 0.0 0 9.2 23 290 M M 5 31 300
7 50 30 40 -10 25 0 0.00 0.0 0 4.6 15 10 M M 5 19 10
8 56 30 43 -7 22 0 0.00 0.0 0 3.0 14 70 M M 1 19 60
9 70 33 52 2 13 0 0.00 0.0 0 4.6 13 360 M M 2 18 10
10 74 41 58 8 7 0 0.00 0.0 0 2.4 13 320 M M 6 22 280
11 78 42 60 10 5 0 0.00 0.0 0 5.5 24 220 M M 1 37 280
12 74 44 59 8 6 0 0.00 0.0 0 11.8 32 190 M M 4 46 200
13 69 38 54 3 11 0 0.11 0.0 0 8.8 31 280 M M 5 45 290
14 56 38 47 -4 18 0 0.00 0.0 0 12.2 28 290 M M 9 37 300
15 64 41 53 2 12 0 0.00 0.0 0 5.8 16 10 M M 6 23 10
16 75 39 57 6 8 0 0.00 0.0 0 6.0 23 280 M M 4 1 42 280
17 72 42 57 5 8 0 0.00 0.0 0 4.9 17 360 M M 4 21 30
================================================================================
SM 1086 608 255 0 0.17 0.1 115.1 M 72
================================================================================
AV 63.9 35.8 6.8 FASTST M M 4 MAX(MPH)
MISC ----> 33 290 53 290
================================================================================
NOTES:
# LAST OF SEVERAL OCCURRENCES
COLUMN 17 PEAK WIND IN M.P.H.
PRELIMINARY LOCAL CLIMATOLOGICAL DATA (WS FORM: F-6) , PAGE 2
STATION: RENO-TAHOE INTL AIRPORT NV
MONTH: APRIL
YEAR: 2024
LATITUDE: 39 30 N
LONGITUDE: 119 47 W
[TEMPERATURE DATA] [PRECIPITATION DATA] SYMBOLS USED IN COLUMN 16
AVERAGE MONTHLY: 49.8 TOTAL FOR MONTH: 0.17 1 = FOG OR MIST
DPTR FM NORMAL: -0.3 DPTR FM NORMAL: -0.08 2 = FOG REDUCING VISIBILITY
HIGHEST: 78 ON 11 GRTST 24HR 0.11 ON 13-13 TO 1/4 MILE OR LESS
LOWEST: 26 ON 6 3 = THUNDER
SNOW, ICE PELLETS, HAIL 4 = ICE PELLETS
TOTAL MONTH: 0.4 INCH 5 = HAIL
GRTST 24HR 0.1 ON 5- 5 6 = FREEZING RAIN OR DRIZZLE
GRTST DEPTH: T 7 = DUSTSTORM OR SANDSTORM:
VSBY 1/2 MILE OR LESS
8 = SMOKE OR HAZE
[NO. OF DAYS WITH] [WEATHER - DAYS WITH] 9 = BLOWING SNOW
X = TORNADO
MAX 32 OR BELOW: 0 0.01 INCH OR MORE: 3
MAX 90 OR ABOVE: 0 0.10 INCH OR MORE: 1
MIN 32 OR BELOW: 6 0.50 INCH OR MORE: 0
MIN 0 OR BELOW: 0 1.00 INCH OR MORE: 0
[HDD (BASE 65) ]
TOTAL THIS MO. 255 CLEAR (SCALE 0-3) 5
DPTR FM NORMAL 2 PTCLDY (SCALE 4-7) 11
TOTAL FM JUL 1 4059 CLOUDY (SCALE 8-10) 1
DPTR FM NORMAL -224
[CDD (BASE 65) ]
TOTAL THIS MO. 0
DPTR FM NORMAL 0 [PRESSURE DATA]
TOTAL FM JAN 1 0 HIGHEST SLP M ON M
DPTR FM NORMAL 0 LOWEST SLP 29.41 ON 4
[REMARKS]