147
CXUS55 KREV 290851
CF6RNO
PRELIMINARY LOCAL CLIMATOLOGICAL DATA (WS FORM: F-6)

                                          STATION:   RENO TAHOE AIRPORT NV
                                          MONTH:     SEPTEMBER
                                          YEAR:      2016
                                          LATITUDE:   39 30 N
                                          LONGITUDE: 119 47 W

  TEMPERATURE IN F:       :PCPN:    SNOW:  WIND      :SUNSHINE: SKY     :PK WND
================================================================================
1   2   3   4   5  6A  6B    7    8   9   10  11  12  13   14  15   16   17  18
                                     12Z  AVG MX 2MIN
DY MAX MIN AVG DEP HDD CDD  WTR  SNW DPTH SPD SPD DIR MIN PSBL S-S WX    SPD DR
================================================================================

 1  88  53  71   1   0   6 0.00  0.0    0  8.1 25 300   M    M   M        32 290
 2  86  51  69   0   0   4 0.00  0.0    0  7.9 23 280   M    M   M        28 300
 3  82  54  68  -1   0   3 0.00  0.0    0  7.2 22 290   M    M   M        27 270
 4  75  48  62  -7   3   0 0.00  0.0    0  6.9 20 280   M    M   M        24 270
 5  75  45  60  -9   5   0 0.00  0.0    0  4.4 14 110   M    M   M        22 100
 6  86  46  66  -2   0   1 0.00  0.0    0  4.9 18 280   M    M   M        24 290
 7  88  51  70   2   0   5 0.00  0.0    0  3.4 14  10   M    M   M 8      17  10
 8  89  53  71   3   0   6 0.00  0.0    0  3.9 14 350   M    M   M        18 345
 9  88  54  71   3   0   6 0.00  0.0    0  4.1 13  40   M    M   M        17  50
10  92  52  72   5   0   7 0.00  0.0    0  3.8  9 320   M    M   M        20 320
11  91  56  74   7   0   9 0.00  0.0    0  7.9 22 240   M    M   M        37 300
12  80  53  67   1   0   2 0.00  0.0    0  7.7 24 360   M    M   M        28 340
13  70  53  62  -4   3   0    T  0.0    0  5.6 16  50   M    M   M        21  20
14  76  45  61  -5   4   0 0.00  0.0    0  3.9 13 320   M    M   M        17 340
15  79  47  63  -3   2   0 0.00  0.0    0  3.1 12  50   M    M   M        16  50
16  82  46  64  -1   1   0 0.00  0.0    0  2.4 14  20   M    M   M        17 310
17  88  47  68   3   0   3 0.00  0.0    0  2.9  9 320   M    M   M        13 130
18  93  52  73   8   0   8 0.00  0.0    0  4.8 18 260   M    M   M        29 270
19  91  53  72   8   0   7 0.00  0.0    0  5.0 21 290   M    M   M        28 190
20  89  57  73   9   0   8 0.00  0.0    0  6.4 22 250   M    M   M        32 200
21  80  52  66   2   0   1 0.00  0.0    0 16.9 38 190   M    M   M        46 180
22  60  44  52 -11  13   0    T  0.0    0 11.5 29 360   M    M   M        34  10
23  71  42  57  -6   8   0 0.00  0.0    0  3.2 18 340   M    M   M        18 340
24  78  46  62   0   3   0 0.00  0.0    0  3.0 17  20   M    M   M        19  20
25  82  46  64   2   1   0 0.00  0.0    0  3.5 13  90   M    M   M        17  80
26  87  48  68   6   0   3 0.00  0.0    0  2.6 12  90   M    M   M        14 110
27  90  48  69   8   0   4 0.00  0.0    0  2.3  8  50   M    M   M        14 180
28  91  50  71  10   0   6 0.00  0.0    0  3.6 23 300   M    M   M        28 300
================================================================================
SM 2327 1392        43  89    T      0.0 150.9          M        M
================================================================================
AV 83.1 49.7                               5.4 FASTST   M    M -nan   MAX(MPH)
                                 MISC ---->  # 38 190               # 46  180
================================================================================
NOTES:
# LAST OF SEVERAL OCCURRENCES

COLUMN 17 PEAK WIND IN M.P.H.

PRELIMINARY LOCAL CLIMATOLOGICAL DATA (WS FORM: F-6) , PAGE 2

                                          STATION:  RENO TAHOE AIRPORT NV
                                          MONTH:    SEPTEMBER
                                          YEAR:     2016
                                          LATITUDE:   39 30 N
                                          LONGITUDE: 119 47 W

[TEMPERATURE DATA]      [PRECIPITATION DATA]       SYMBOLS USED IN COLUMN 16

AVERAGE MONTHLY: 66.4   TOTAL FOR MONTH:      T    1 = FOG OR MIST
DPTR FM NORMAL:   0.8   DPTR FM NORMAL:   -0.32    2 = FOG REDUCING VISIBILITY
HIGHEST:    93 ON 18    GRTST 24HR    T  ON 22-22      TO 1/4 MILE OR LESS
LOWEST:     42 ON 23                               3 = THUNDER
                        SNOW, ICE PELLETS, HAIL    4 = ICE PELLETS
                        TOTAL MONTH:   0.0 INCH    5 = HAIL
                        GRTST 24HR     0.0         6 = FREEZING RAIN OR DRIZZLE
                        GRTST DEPTH:   0           7 = DUSTSTORM OR SANDSTORM:
                                                       VSBY 1/2 MILE OR LESS
                                                   8 = SMOKE OR HAZE
[NO. OF DAYS WITH]      [WEATHER - DAYS WITH]      9 = BLOWING SNOW
                                                   X = TORNADO
MAX 32 OR BELOW:   0    0.01 INCH OR MORE:   0
MAX 90 OR ABOVE:   6    0.10 INCH OR MORE:   0
MIN 32 OR BELOW:   0    0.50 INCH OR MORE:   0
MIN  0 OR BELOW:   0    1.00 INCH OR MORE:   0

[HDD (BASE 65) ]
TOTAL THIS MO.    43    CLEAR  (SCALE 0-3)   0
DPTR FM NORMAL   -27    PTCLDY (SCALE 4-7)   0
TOTAL FM JUL 1    43    CLOUDY (SCALE 8-10)  0
DPTR FM NORMAL   -37

[CDD (BASE 65) ]
TOTAL THIS MO.    89
DPTR FM NORMAL     4    [PRESSURE DATA]
TOTAL FM JAN 1  1082    HIGHEST SLP M ON M
DPTR FM NORMAL   251    LOWEST  SLP 29.65 ON  3

[REMARKS]
