000
CXUS51 KRNK 300817
CF6ROA
PRELIMINARY LOCAL CLIMATOLOGICAL DATA (WS FORM: F-6)

                                          STATION:   ROANOKE VA
                                          MONTH:     JULY
                                          YEAR:      2015
                                          LATITUDE:   37 19 N
                                          LONGITUDE:  79 58 W

  TEMPERATURE IN F:       :PCPN:    SNOW:  WIND      :SUNSHINE: SKY     :PK WND
================================================================================
1   2   3   4   5  6A  6B    7    8   9   10  11  12  13   14  15   16   17  18
                                     12Z  AVG MX 2MIN
DY MAX MIN AVG DEP HDD CDD  WTR  SNW DPTH SPD SPD DIR MIN PSBL S-S WX    SPD DR
================================================================================

 1  85  61  73  -3   0   8 0.00  0.0    0  7.1 16 250   M    M   5        22 250
 2  77  68  73  -3   0   8    T  0.0    0  5.9 14 250   M    M   8 18     20 260
 3  69  68  69  -7   0   4 0.21  0.0    0  3.5 10 100   M    M  10 1      13 100
 4  85  67  76   0   0  11 0.15  0.0    0  5.0 17 290   M    M   8 1      22 320
 5  80  67  74  -2   0   9 0.15  0.0    0  4.4 18 120   M    M   8 1      24 110
 6  84  67  76   0   0  11 1.68  0.0    0  6.0 15 260   M    M   7 1      23 250
 7  88  65  77   0   0  12 0.00  0.0    0  5.5 15 190   M    M   2        20 260
 8  82  72  77   0   0  12 0.02  0.0    0  6.7 15 230   M    M   6        19 230
 9  91  71  81   4   0  16 0.00  0.0    0  9.2 23 270   M    M   3        30 250
10  90  71  81   4   0  16    T  0.0    0  7.9 20  40   M    M   4        28 260
11  85  70  78   1   0  13 0.12  0.0    0  5.9 14  50   M    M   5 1      19  30
12  82  67  75  -2   0  10 1.33  0.0    0  4.1 13 100   M    M   9 13     16 200
13  88  67  78   1   0  13 0.57  0.0    0  4.4 17 320   M    M   6 13     19 310
14  89  67  78   1   0  13 0.02  0.0    0  9.6 35 300   M    M   5 3      44 310
15  85  69  77   0   0  12 0.00  0.0    0  7.7 18 330   M    M   6        27 300
16  83  68  76  -1   0  11 0.00  0.0    0  6.3 15 140   M    M   7        19 120
17  83  68  76  -1   0  11 0.00  0.0    0  6.1 14 150   M    M   8        17 120
18  91  70  81   4   0  16 0.00  0.0    0  3.1 12 270   M    M   4 1      17 260
19  93  73  83   6   0  18 0.00  0.0    0  5.8 16 280   M    M   3        23 260
20  91  74  83   6   0  18 0.00  0.0    0  6.1 16 280   M    M   4 8      21 280
21  89  74  82   5   0  17    T  0.0    0  9.2 24 320   M    M   5        31 310
22  88  68  78   1   0  13 0.00  0.0    0  6.9 15 340   M    M   4 8      19 310
23  83  65  74  -3   0   9    T  0.0    0  4.0 12 150   M    M   6        16 130
24  88  64  76  -1   0  11 0.00  0.0    0  3.6 13  20   M    M   4        14 360
25  86  66  76  -1   0  11 0.00  0.0    0  5.1 16 160   M    M   6        11 100
26  89  67  78   1   0  13 0.01  0.0    0  4.4 16 100   M    M   3 1      19 110
27  87  70  79   2   0  14 0.01  0.0    0  2.7 17 160   M    M   6 1      23 190
28  90  72  81   4   0  16    T  0.0    0  5.1 14 120   M    M   7 3      17  40
29  88  73  81   4   0  16 0.02  0.0    0  4.7 13 260   M    M   7 1      16 250
================================================================================
SM 2489 1989         0 362  4.29     0.0 166.0          M      166
================================================================================
AV 85.8 68.6                               5.7 FASTST   M    M   6    MAX(MPH)
                                 MISC ---->  # 35 300               # 44  310
================================================================================
NOTES:
# LAST OF SEVERAL OCCURRENCES

COLUMN 17 PEAK WIND IN M.P.H.

PRELIMINARY LOCAL CLIMATOLOGICAL DATA (WS FORM: F-6) , PAGE 2

                                          STATION:  ROANOKE VA
                                          MONTH:    JULY
                                          YEAR:     2015
                                          LATITUDE:   37 19 N
                                          LONGITUDE:  79 58 W

[TEMPERATURE DATA]      [PRECIPITATION DATA]       SYMBOLS USED IN COLUMN 16

AVERAGE MONTHLY: 77.2   TOTAL FOR MONTH:   4.29    1 = FOG OR MIST
DPTR FM NORMAL:   0.4   DPTR FM NORMAL:    0.51    2 = FOG REDUCING VISIBILITY
HIGHEST:    93 ON 19    GRTST 24HR  1.83 ON  5- 6      TO 1/4 MILE OR LESS
LOWEST:     61 ON  1                               3 = THUNDER
                        SNOW, ICE PELLETS, HAIL    4 = ICE PELLETS
                        TOTAL MONTH:   0.0 INCH    5 = HAIL
                        GRTST 24HR     0.0         6 = FREEZING RAIN OR DRIZZLE
                        GRTST DEPTH:   0           7 = DUSTSTORM OR SANDSTORM:
                                                       VSBY 1/2 MILE OR LESS
                                                   8 = SMOKE OR HAZE
[NO. OF DAYS WITH]      [WEATHER - DAYS WITH]      9 = BLOWING SNOW
                                                   X = TORNADO
MAX 32 OR BELOW:   0    0.01 INCH OR MORE:  12
MAX 90 OR ABOVE:   6    0.10 INCH OR MORE:   7
MIN 32 OR BELOW:   0    0.50 INCH OR MORE:   3
MIN  0 OR BELOW:   0    1.00 INCH OR MORE:   2

[HDD (BASE 65) ]
TOTAL THIS MO.     0    CLEAR  (SCALE 0-3)   3
DPTR FM NORMAL     0    PTCLDY (SCALE 4-7)  23
TOTAL FM JUL 1     0    CLOUDY (SCALE 8-10)  3
DPTR FM NORMAL     0

[CDD (BASE 65) ]
TOTAL THIS MO.   362
DPTR FM NORMAL    19    [PRESSURE DATA]
TOTAL FM JAN 1   856    HIGHEST SLP M ON M
DPTR FM NORMAL   151    LOWEST  SLP 29.58 ON 14

[REMARKS]
