000
CXUS51 KBUF 231205
CF6ROC
PRELIMINARY LOCAL CLIMATOLOGICAL DATA (WS FORM: F-6)

                                          STATION:   ROCHESTER NY
                                          MONTH:     MAY
                                          YEAR:      2017
                                          LATITUDE:   43  7 N
                                          LONGITUDE:  77 40 W

  TEMPERATURE IN F:       :PCPN:    SNOW:  WIND      :SUNSHINE: SKY     :PK WND
================================================================================
1   2   3   4   5  6A  6B    7    8   9   10  11  12  13   14  15   16   17  18
                                     12Z  AVG MX 2MIN
DY MAX MIN AVG DEP HDD CDD  WTR  SNW DPTH SPD SPD DIR MIN PSBL S-S WX    SPD DR
================================================================================

 1  70  43  57   5   8   0 1.24  0.0    0  6.3 35 290   M    M   9 13     48 300
 2  58  47  53   1  12   0 0.01  0.0    0 17.9 36 260   M    M   8        46 270
 3  57  42  50  -3  15   0    T  0.0    0 12.5 24 300   M    M   5        34 300
 4  56  39  48  -5  17   0 0.31  0.0    0  7.2 17 200   M    M   9 1      22 140
 5  58  49  54   0  11   0 0.84  0.0    0  7.5 17 180   M    M  10 13     24 180
 6  49  42  46  -8  19   0 0.69  0.0    0 10.7 21 270   M    M  10 1      24 260
 7  47  39  43 -11  22   0 0.08    M    0 12.5 24 360   M    M  10 1      32 360
 8  52  37  45  -9  20   0    T  0.0    0  8.4 24 320   M    M   8        30 330
 9  51  37  44 -11  21   0 0.00  0.0    0  6.8 16  10   M    M   8        20 360
10  52  37  45 -10  20   0 0.00  0.0    0  6.1 18  30   M    M   6        23  80
11  59  42  51  -4  14   0 0.00  0.0    0  8.3 20  60   M    M  10        24  50
12  63  42  53  -3  12   0    T  0.0    0  4.4 17  50   M    M   8        20  40
13  61  48  55  -1  10   0 0.01  0.0    0  3.9 12 160   M    M   9 8      16 230
14  65  42  54  -2  11   0 0.14  0.0    0  9.2 29 260   M    M   7 1235   40 250
15  66  48  57   0   8   0 0.00  0.0    0 11.0 20 310   M    M   5        29 280
16  69  46  58   1   7   0 0.01  0.0    0  5.9 12 190   M    M   7        21 220
17  86  54  70  13   0   5 0.00  0.0    0 10.5 29 250   M    M   4        38 250
18  87  64  76  18   0  11 0.04  0.0    0 12.3 26 270   M    M   7 38     34 270
19  69  53  61   3   4   0 0.00  0.0    0  8.1 23 320   M    M   8        30 330
20  61  47  54  -4  11   0 0.00  0.0    0 12.0 20  70   M    M   5        25  70
21  73  54  64   6   1   0 0.13  0.0    0 11.3 20 150   M    M   9 1      28 220
22  68  50  59   0   6   0 0.01  0.0    0 14.6 29 290   M    M   8        38 270
================================================================================
SM 1377 1002       249  16  3.51     0.0 207.4          M      170
================================================================================
AV 62.6 45.6                               9.4 FASTST   M    M   8    MAX(MPH)
                                 MISC ---->  # 36 260               # 48  300
================================================================================
NOTES:
# LAST OF SEVERAL OCCURRENCES

COLUMN 17 PEAK WIND IN M.P.H.

PRELIMINARY LOCAL CLIMATOLOGICAL DATA (WS FORM: F-6) , PAGE 2

                                          STATION:  ROCHESTER NY
                                          MONTH:    MAY
                                          YEAR:     2017
                                          LATITUDE:   43  7 N
                                          LONGITUDE:  77 40 W

[TEMPERATURE DATA]      [PRECIPITATION DATA]       SYMBOLS USED IN COLUMN 16

AVERAGE MONTHLY: 54.1   TOTAL FOR MONTH:   3.51    1 = FOG OR MIST
DPTR FM NORMAL:  -1.4   DPTR FM NORMAL:    1.49    2 = FOG REDUCING VISIBILITY
HIGHEST:    87 ON 18    GRTST 24HR  1.24 ON  1- 1      TO 1/4 MILE OR LESS
LOWEST:     37 ON 10, 9                            3 = THUNDER
                        SNOW, ICE PELLETS, HAIL    4 = ICE PELLETS
                        TOTAL MONTH:   0.0 INCH    5 = HAIL
                        GRTST 24HR     0.0         6 = FREEZING RAIN OR DRIZZLE
                        GRTST DEPTH:   0           7 = DUSTSTORM OR SANDSTORM:
                                                       VSBY 1/2 MILE OR LESS
                                                   8 = SMOKE OR HAZE
[NO. OF DAYS WITH]      [WEATHER - DAYS WITH]      9 = BLOWING SNOW
                                                   X = TORNADO
MAX 32 OR BELOW:   0    0.01 INCH OR MORE:  12
MAX 90 OR ABOVE:   0    0.10 INCH OR MORE:   6
MIN 32 OR BELOW:   0    0.50 INCH OR MORE:   3
MIN  0 OR BELOW:   0    1.00 INCH OR MORE:   1

[HDD (BASE 65) ]
TOTAL THIS MO.   249    CLEAR  (SCALE 0-3)   0
DPTR FM NORMAL    28    PTCLDY (SCALE 4-7)  11
TOTAL FM JUL 1  5516    CLOUDY (SCALE 8-10) 11
DPTR FM NORMAL -1008

[CDD (BASE 65) ]
TOTAL THIS MO.    16
DPTR FM NORMAL     3    [PRESSURE DATA]
TOTAL FM JAN 1    30    HIGHEST SLP M ON M
DPTR FM NORMAL    13    LOWEST  SLP 29.33 ON  6

[REMARKS]
