000
CXUS56 KFGZ 281219
CF6RQE
PRELIMINARY LOCAL CLIMATOLOGICAL DATA (WS FORM: F-6)

                                          STATION:   WINDOW ROCK AZ AIRPORT
                                          MONTH:     MAY
                                          YEAR:      2015
                                          LATITUDE:   35 39 N
                                          LONGITUDE: 109  4 W

  TEMPERATURE IN F:       :PCPN:    SNOW:  WIND      :SUNSHINE: SKY     :PK WND
================================================================================
1   2   3   4   5  6A  6B    7    8   9   10  11  12  13   14  15   16   17  18
                                     12Z  AVG MX 2MIN
DY MAX MIN AVG DEP HDD CDD  WTR  SNW DPTH SPD SPD DIR MIN PSBL S-S WX    SPD DR
================================================================================

 1  79  36  58   8   7   0    T    M    M  4.5 22 250   M    M   2        30 250
 2  74  39  57   6   8   0 0.04    M    M  3.3 23 230   M    M   3        29 240
 3  69  37  53   2  12   0 0.02    M    M  4.0 15  10   M    M   5 8      21  70
 4  65  43  54   3  11   0 0.24    M    M  7.8 23 190   M    M   6 1      31 190
 5  59  45  52   0  13   0 0.18    M    M  6.9 20 270   M    M  10 1      25 270
 6  64  43  54   2  11   0    T    M    M  8.9 23 240   M    M   4        33 220
 7  68  33  51  -1  14   0 0.00    M    M  7.6 22 200   M    M   2        30 200
 8  64  35  50  -2  15   0 0.01    M    M  8.6 43 220   M    M   4        67 180
 9  50  31  41 -12  24   0 0.06    M    M  8.3 25 290   M    M   6 18     30 300
10  60  27  44  -9  21   0 0.00    M    M  3.3 16 260   M    M   3 1      23 310
11  71  27  49  -4  16   0 0.00    M    M  4.2 13  70   M    M   0        19  90
12  72  32  52  -2  13   0 0.00    M    M  9.3 26 240   M    M   1        35 190
13  70  40  55   1  10   0 0.00    M    M  9.2 26 240   M    M   2        33 260
14  73  41  57   3   8   0 0.01    M    M 11.4 29 220   M    M   3        38 220
15  58  37  48  -7  17   0 0.16    M    M 11.6 28 230   M    M   9 1      38 240
16  56  34  45 -10  20   0 0.28    M    M  7.9 25 250   M    M   8 1      33 240
17  64  33  49  -6  16   0 0.00    M    M  3.2 13 230   M    M   2        19 160
18  73  34  54  -2  11   0 0.04    M    M  7.6 29 190   M    M   6        51 190
19  67  38  53  -3  12   0 0.02    M    M  5.4 21 230   M    M   2        28 230
20  71  32  52  -4  13   0 0.00    M    M  4.2 21 190   M    M   0        26 200
21  72  42  57   1   8   0    T    M    M  7.8 29 200   M    M   2        38 200
22  67  33  50  -7  15   0 0.00    M    M  8.4 26 240   M    M   1        35 240
23  59  32  46 -11  19   0 0.00    M    M  8.9 20 250   M    M   4        31 250
24  60  41  51  -6  14   0 0.02    M    M  7.9 20 250   M    M   9        26 260
25  61  37  49  -9  16   0 0.10    M    M  4.4 20 300   M    M   5 1      26 300
26  72  35  54  -4  11   0 0.00    M    M  5.0 17 230   M    M   3 1      23 230
27  74  44  59   1   6   0 0.00    M    M  5.6 18 210   M    M   0        26 190
================================================================================
SM 1792  981       361   0  1.18    M    185.2          M      102
================================================================================
AV 66.4 36.3                               6.9 FASTST   M    M   4    MAX(MPH)
                                 MISC ---->  # 43 220               # 67  180
================================================================================
NOTES:
# LAST OF SEVERAL OCCURRENCES

COLUMN 17 PEAK WIND IN M.P.H.

PRELIMINARY LOCAL CLIMATOLOGICAL DATA (WS FORM: F-6) , PAGE 2

                                          STATION:  WINDOW ROCK AZ AIRPORT
                                          MONTH:    MAY
                                          YEAR:     2015
                                          LATITUDE:   35 39 N
                                          LONGITUDE: 109  4 W

[TEMPERATURE DATA]      [PRECIPITATION DATA]       SYMBOLS USED IN COLUMN 16

AVERAGE MONTHLY: 51.4   TOTAL FOR MONTH:   1.18    1 = FOG OR MIST
DPTR FM NORMAL:  -2.9   DPTR FM NORMAL:    0.63    2 = FOG REDUCING VISIBILITY
HIGHEST:    79 ON  1    GRTST 24HR  0.44 ON 15-16      TO 1/4 MILE OR LESS
LOWEST:     27 ON 11,10                            3 = THUNDER
                        SNOW, ICE PELLETS, HAIL    4 = ICE PELLETS
                        TOTAL MONTH:    M          5 = HAIL
                        GRTST 24HR    M  ON   M    6 = FREEZING RAIN OR DRIZZLE
                        GRTST DEPTH:  M  ON   M    7 = DUSTSTORM OR SANDSTORM:
                                                       VSBY 1/2 MILE OR LESS
                                                   8 = SMOKE OR HAZE
[NO. OF DAYS WITH]      [WEATHER - DAYS WITH]      9 = BLOWING SNOW
                                                   X = TORNADO
MAX 32 OR BELOW:   0    0.01 INCH OR MORE:  13
MAX 90 OR ABOVE:   0    0.10 INCH OR MORE:   5
MIN 32 OR BELOW:   6    0.50 INCH OR MORE:   0
MIN  0 OR BELOW:   0    1.00 INCH OR MORE:   0

[HDD (BASE 65) ]
TOTAL THIS MO.   361    CLEAR  (SCALE 0-3)  13
DPTR FM NORMAL    69    PTCLDY (SCALE 4-7)  11
TOTAL FM JUL 1  5335    CLOUDY (SCALE 8-10)  3
DPTR FM NORMAL  -963

[CDD (BASE 65) ]
TOTAL THIS MO.     0
DPTR FM NORMAL     0    [PRESSURE DATA]
TOTAL FM JAN 1     0    HIGHEST SLP M ON M
DPTR FM NORMAL     0    LOWEST  SLP 29.66 ON  8

[REMARKS]
