000
CXUS54 KLZK 291330
CF6RUE
PRELIMINARY LOCAL CLIMATOLOGICAL DATA (WS FORM: F-6)

                                          STATION:   Russellville
                                          MONTH:     MARCH
                                          YEAR:      2015
                                          LATITUDE:   35 15 N
                                          LONGITUDE:  93  6 W

  TEMPERATURE IN F:       :PCPN:    SNOW:  WIND      :SUNSHINE: SKY     :PK WND
================================================================================
1   2   3   4   5  6A  6B    7    8   9   10  11  12  13   14  15   16   17  18
                                     12Z  AVG MX 2MIN
DY MAX MIN AVG DEP HDD CDD  WTR  SNW DPTH SPD SPD DIR MIN PSBL S-S WX    SPD DR
================================================================================

 1  41  32  37 -11  28   0 0.20  0.0    0  1.9  7 330   M    M  10 168     9 310
 2  56  35  46  -3  19   0 0.00  0.0    0  6.1 16  60   M    M  10        21  60
 3  60  39  50   1  15   0 0.64    M    0  3.1 10 330   M    M  10 18     13 330
 4  49  23  36 -13  29   0 1.02    M    0  7.5 20 360   M    M  10 168    25 360
 5  41  21  31 -19  34   0 0.00  0.0    0  6.4 16  20   M    M   1 1      23  10
 6  51  19  35 -15  30   0 0.00  0.0    0  2.1  9 200   M    M   0        12 180
 7  64  25  45  -5  20   0 0.00  0.0    0  1.9  9 240   M    M   0        12 240
 8  51  31  41  -9  24   0    T  0.0    0  1.4 10 190   M    M   8        17 200
 9  49  44  47  -4  18   0 1.06    M    0  4.8 16  50   M    M  10 1      21  60
10  58  47  53   2  12   0 0.01    M    0  3.4 12 300   M    M  10 1      14 300
11  73  41  57   6   8   0 0.00  0.0    0  3.9 12  70   M    M   2 1      16  50
12  57  44  51  -1  14   0 0.37  0.0    0  2.3 16  80   M    M   6 1      23  80
13  63  54  59   7   6   0 2.02  0.0    0  2.9 10  70   M    M  10 1      14  70
14  61  54  58   6   7   0 0.31  0.0    0  5.7 22  50   M    M  10 1      29  40
15  72  45  59   7   6   0 0.00  0.0    0  1.8 10  70   M    M   2 1      14  60
16  73  44  59   6   6   0 0.00  0.0    0  3.0 12 270   M    M   2 12     18 190
17  80  49  65  12   0   0 0.00  0.0    0  3.4 15  60   M    M   3 1      21 100
18  58  43  51  -2  14   0 0.07    M    0  6.7 13  70   M    M  10 1      18  60
19  57  42  50  -4  15   0 0.00  0.0    M  3.2  9  70   M    M  10 1      12 180
20  70  50  60   6   5   0 0.02  0.0    0  1.6 10  40   M    M   4 1      14 170
21  62  47  55   1  10   0 0.00  0.0    0  1.5  8 140   M    M   1        11 140
22  62  45  54   0  11   0 0.24    M    0  4.2 14  60   M    M   7 1      18  60
23  73  42  58   3   7   0 0.00  0.0    0  1.7  9 180   M    M   3 12     15 220
24  79  46  63   8   2   0 0.00  0.0    0  6.0 16 200   M    M   1        24 180
25  79  51  65  10   0   0 0.15  0.0    0  4.9 17 180   M    M   3 3      25 180
26  61  38  50  -6  15   0 0.03  0.0    0  6.7 17 340   M    M   3 13     27 360
27  57  37  47  -9  18   0 0.00  0.0    0  4.7 16  10   M    M   5        22  20
28  52  38  45 -11  20   0 0.05    M    0  6.8 16  80   M    M   7        24 110
================================================================================
SM 1709 1126       393   0  6.19     0.0 109.6          M      158
================================================================================
AV 61.0 40.2                               3.9 FASTST   M    M   6    MAX(MPH)
                                 MISC ---->  # 22  50               # 29   40
================================================================================
NOTES:
# LAST OF SEVERAL OCCURRENCES

COLUMN 17 PEAK WIND IN M.P.H.

PRELIMINARY LOCAL CLIMATOLOGICAL DATA (WS FORM: F-6) , PAGE 2

                                          STATION:  Russellville
                                          MONTH:    MARCH
                                          YEAR:     2015
                                          LATITUDE:   35 15 N
                                          LONGITUDE:  93  6 W

[TEMPERATURE DATA]      [PRECIPITATION DATA]       SYMBOLS USED IN COLUMN 16

AVERAGE MONTHLY: 50.6   TOTAL FOR MONTH:   6.19    1 = FOG OR MIST
DPTR FM NORMAL:  -1.7   DPTR FM NORMAL:    2.31    2 = FOG REDUCING VISIBILITY
HIGHEST:    80 ON 17    GRTST 24HR  2.02 ON 13-13      TO 1/4 MILE OR LESS
LOWEST:     19 ON  6                               3 = THUNDER
                        SNOW, ICE PELLETS, HAIL    4 = ICE PELLETS
                        TOTAL MONTH:   0.0 INCH    5 = HAIL
                        GRTST 24HR     0.0         6 = FREEZING RAIN OR DRIZZLE
                        GRTST DEPTH:   0           7 = DUSTSTORM OR SANDSTORM:
                                                       VSBY 1/2 MILE OR LESS
                                                   8 = SMOKE OR HAZE
[NO. OF DAYS WITH]      [WEATHER - DAYS WITH]      9 = BLOWING SNOW
                                                   X = TORNADO
MAX 32 OR BELOW:   0    0.01 INCH OR MORE:  14
MAX 90 OR ABOVE:   0    0.10 INCH OR MORE:   9
MIN 32 OR BELOW:   6    0.50 INCH OR MORE:   4
MIN  0 OR BELOW:   0    1.00 INCH OR MORE:   3

[HDD (BASE 65) ]
TOTAL THIS MO.   393    CLEAR  (SCALE 0-3)  11
DPTR FM NORMAL    27    PTCLDY (SCALE 4-7)   7
TOTAL FM JUL 1  3310    CLOUDY (SCALE 8-10) 10
DPTR FM NORMAL   257

[CDD (BASE 65) ]
TOTAL THIS MO.     0
DPTR FM NORMAL    -5    [PRESSURE DATA]
TOTAL FM JAN 1     0    HIGHEST SLP M ON M
DPTR FM NORMAL    -7    LOWEST  SLP 29.73 ON 25

[REMARKS]
