000
CXUS53 KMPX 271000
CF6RWF
PRELIMINARY LOCAL CLIMATOLOGICAL DATA (WS FORM: F-6)

                                          STATION:   REDWOOD FALLS MN
                                          MONTH:     JULY
                                          YEAR:      2017
                                          LATITUDE:   44 32 N
                                          LONGITUDE:  95  5 W

  TEMPERATURE IN F:       :PCPN:    SNOW:  WIND      :SUNSHINE: SKY     :PK WND
================================================================================
1   2   3   4   5  6A  6B    7    8   9   10  11  12  13   14  15   16   17  18
                                     12Z  AVG MX 2MIN
DY MAX MIN AVG DEP HDD CDD  WTR  SNW DPTH SPD SPD DIR MIN PSBL S-S WX    SPD DR
================================================================================

 1  82  53  68  -4   0   3 0.00    M    M  9.5 16 230   M    M   0        20 230
 2  80  61  71  -1   0   6 0.00    M    M  5.8 13  30   M    M   0        18  30
 3  82  57  70  -2   0   5 0.00    M    M  5.9 15 130   M    M   0        21 150
 4  90  66  78   6   0  13 0.14    M    M 10.4 20 160   M    M   1 3      24 160
 5  91  66  79   7   0  14 0.03    M    M 10.9 18 210   M    M   0 3      23 210
 6  93  66  80   7   0  15 0.00    M    M  7.7 17 330   M    M   0        25 330
 7  85  60  73   0   0   8 0.00    M    M  8.6 17 320   M    M   0        24 310
 8  83  57  70  -3   0   5 0.00    M    M  4.0 10 200   M    M   0        17 360
 9  91  63  77   4   0  12 0.49    M    M  8.9 28 240   M    M   0 13     35 240
10  84  67  76   3   0  11 0.00    M    M  4.8 13  20   M    M   4 13     17 350
11  88  66  77   4   0  12 0.00    M    M  9.1 23 260   M    M   0 13     30 250
12  82  64  73   0   0   8 0.00    M    M  8.7 18 290   M    M   1 3      27 260
13  71  58  65  -8   0   0 0.00    M    M  8.6 16 320   M    M   6        22 340
14  79  54  67  -6   0   2 0.00    M    M  3.8  9 150   M    M   3 1      13 130
15  92  63  78   5   0  13 0.00    M    M  7.2 15 340   M    M   0        21 330
16  86  62  74   1   0   9 0.00    M    M  5.7 10 150   M    M   0        13 130
17  97  66  82   9   0  17 0.00    M    M 12.6 22 200   M    M   0        28 210
18  81  66  74   1   0   9 0.23    M    M  7.5 22 150   M    M   4 1      28 150
19  80  60  70  -3   0   5 1.12    M    M  7.3 25 120   M    M   2 13     33 130
20  86  67  77   4   0  12 0.00    M    M  4.2  8  90   M    M   2 12     12 160
21  83  69  76   3   0  11 0.08    M    M  9.8 22 160   M    M   3 13     26 160
22  88  67  78   5   0  13 0.02    M    M  6.9 26 180   M    M   1        33 180
23  78  62  70  -2   0   5 0.00    M    M  7.7 16 320   M    M   3        24 330
24  79  58  69  -3   0   4 0.00    M    M  8.5 16 130   M    M   1        22 130
25  91  67  79   7   0  14 0.22    M    M 11.1 29 160   M    M   3 1      35 150
26  83  68  76   4   0  11 0.05    M    M  6.3 18 260   M    M   3 1      24 260
================================================================================
SM 2205 1633         0 237  2.38    M    201.5          M       37
================================================================================
AV 84.8 62.8                               7.8 FASTST   M    M   1    MAX(MPH)
                                 MISC ---->  # 29 160               # 35  240
================================================================================
NOTES:
# LAST OF SEVERAL OCCURRENCES

COLUMN 17 PEAK WIND IN M.P.H.

PRELIMINARY LOCAL CLIMATOLOGICAL DATA (WS FORM: F-6) , PAGE 2

                                          STATION:  REDWOOD FALLS MN
                                          MONTH:    JULY
                                          YEAR:     2017
                                          LATITUDE:   44 32 N
                                          LONGITUDE:  95  5 W

[TEMPERATURE DATA]      [PRECIPITATION DATA]       SYMBOLS USED IN COLUMN 16

AVERAGE MONTHLY: 73.8   TOTAL FOR MONTH:   2.38    1 = FOG OR MIST
DPTR FM NORMAL:   1.2   DPTR FM NORMAL:   -0.65    2 = FOG REDUCING VISIBILITY
HIGHEST:    97 ON 17    GRTST 24HR  1.12 ON 19-19      TO 1/4 MILE OR LESS
LOWEST:     53 ON  1                               3 = THUNDER
                        SNOW, ICE PELLETS, HAIL    4 = ICE PELLETS
                        TOTAL MONTH:    M          5 = HAIL
                        GRTST 24HR    M  ON   M    6 = FREEZING RAIN OR DRIZZLE
                        GRTST DEPTH:  M  ON   M    7 = DUSTSTORM OR SANDSTORM:
                                                       VSBY 1/2 MILE OR LESS
                                                   8 = SMOKE OR HAZE
[NO. OF DAYS WITH]      [WEATHER - DAYS WITH]      9 = BLOWING SNOW
                                                   X = TORNADO
MAX 32 OR BELOW:   0    0.01 INCH OR MORE:   9
MAX 90 OR ABOVE:   7    0.10 INCH OR MORE:   5
MIN 32 OR BELOW:   0    0.50 INCH OR MORE:   1
MIN  0 OR BELOW:   0    1.00 INCH OR MORE:   1

[HDD (BASE 65) ]
TOTAL THIS MO.     0    CLEAR  (SCALE 0-3)  19
DPTR FM NORMAL     0    PTCLDY (SCALE 4-7)   7
TOTAL FM JUL 1     0    CLOUDY (SCALE 8-10)  0
DPTR FM NORMAL     0

[CDD (BASE 65) ]
TOTAL THIS MO.   237
DPTR FM NORMAL    30    [PRESSURE DATA]
TOTAL FM JAN 1   444    HIGHEST SLP M ON M
DPTR FM NORMAL    49    LOWEST  SLP 29.61 ON  9

[REMARKS]
