000
CXUS53 KMPX 271000
CF6RWF
PRELIMINARY LOCAL CLIMATOLOGICAL DATA (WS FORM: F-6)

                                          STATION:   REDWOOD FALLS MN
                                          MONTH:     JULY
                                          YEAR:      2015
                                          LATITUDE:   44 32 N
                                          LONGITUDE:  95  5 W

  TEMPERATURE IN F:       :PCPN:    SNOW:  WIND      :SUNSHINE: SKY     :PK WND
================================================================================
1   2   3   4   5  6A  6B    7    8   9   10  11  12  13   14  15   16   17  18
                                     12Z  AVG MX 2MIN
DY MAX MIN AVG DEP HDD CDD  WTR  SNW DPTH SPD SPD DIR MIN PSBL S-S WX    SPD DR
================================================================================

 1  71  57  64  -8   1   0    T    M    M  6.1 13 130   M    M   4        17 130
 2  76  51  64  -8   1   0 0.00    M    M  4.6 15 170   M    M   0 1      18 170
 3  81  52  67  -5   0   2 0.00    M    M  4.1  9 260   M    M   0        14 280
 4  85  62  74   2   0   9 0.00    M    M  8.1 17 170   M    M   1 18     21 170
 5  91  63  77   5   0  12 0.01    M    M 12.3 24 160   M    M   2 138    28 180
 6  75  55  65  -8   0   0 1.66    M    M  9.7 23 340   M    M   5 138    32 330
 7  70  50  60 -13   5   0 0.00    M    M  5.6 13  80   M    M   1        20  50
 8  74  50  62 -11   3   0 0.00    M    M  6.7 16 170   M    M   1        23 200
 9  84  58  71  -2   0   6 0.00    M    M  5.8 13 230   M    M   4        18 210
10  86  62  74   1   0   9 0.00    M    M  8.7 17 170   M    M   1 18     22 150
11  85  65  75   2   0  10 0.00    M    M  9.8 18 140   M    M   4 1      23 130
12  93  71  82   9   0  17 0.00    M    M 12.2 20 170   M    M   4 1      24 160
13  91  69  80   7   0  15    T    M    M  8.5 22 290   M    M   0        27 300
14  87  67  77   4   0  12 0.00    M    M  5.1 10 360   M    M   2        13 330
15  85  66  76   3   0  11 0.00    M    M  9.3 15 160   M    M   1 1      19 150
16  76  67  72  -1   0   7 0.01    M    M  5.5 13 170   M    M   6 1      18 100
17  91  64  78   5   0  13 1.08    M    M  5.9 30 320   M    M   2 123    42 330
18  85  64  75   2   0  10 0.04    M    M  9.4 20 300   M    M   1 3      25 300
19  85  60  73   0   0   8 0.00    M    M  8.6 20 240   M    M   0        25 240
20  79  60  70  -3   0   5 0.00    M    M 11.4 21 300   M    M   2        30 300
21  81  55  68  -5   0   3 0.00    M    M  4.2 10 230   M    M   0        18 260
22  83  61  72  -1   0   7 0.00    M    M  7.5 14 180   M    M   2        17 170
23  86  60  73   1   0   8 0.00    M    M 12.2 23 170   M    M   1 3      28 170
24  90  68  79   7   0  14 0.05    M    M 10.7 24 190   M    M   4 13     34 190
25  87  62  75   3   0  10 0.23    M    M  6.1 18 200   M    M   1 1      23 200
26  85  66  76   4   0  11 0.34    M    M  6.4 25 130   M    M   3 13     32 150
================================================================================
SM 2162 1585        10 199  3.42    M    204.5          M       52
================================================================================
AV 83.2 61.0                               7.9 FASTST   M    M   2    MAX(MPH)
                                 MISC ---->  # 30 320               # 42  330
================================================================================
NOTES:
# LAST OF SEVERAL OCCURRENCES

COLUMN 17 PEAK WIND IN M.P.H.

PRELIMINARY LOCAL CLIMATOLOGICAL DATA (WS FORM: F-6) , PAGE 2

                                          STATION:  REDWOOD FALLS MN
                                          MONTH:    JULY
                                          YEAR:     2015
                                          LATITUDE:   44 32 N
                                          LONGITUDE:  95  5 W

[TEMPERATURE DATA]      [PRECIPITATION DATA]       SYMBOLS USED IN COLUMN 16

AVERAGE MONTHLY: 72.1   TOTAL FOR MONTH:   3.42    1 = FOG OR MIST
DPTR FM NORMAL:  -0.6   DPTR FM NORMAL:    0.39    2 = FOG REDUCING VISIBILITY
HIGHEST:    93 ON 12    GRTST 24HR  1.67 ON  5- 6      TO 1/4 MILE OR LESS
LOWEST:     50 ON  8, 7                            3 = THUNDER
                        SNOW, ICE PELLETS, HAIL    4 = ICE PELLETS
                        TOTAL MONTH:    M          5 = HAIL
                        GRTST 24HR    M  ON   M    6 = FREEZING RAIN OR DRIZZLE
                        GRTST DEPTH:  M  ON   M    7 = DUSTSTORM OR SANDSTORM:
                                                       VSBY 1/2 MILE OR LESS
                                                   8 = SMOKE OR HAZE
[NO. OF DAYS WITH]      [WEATHER - DAYS WITH]      9 = BLOWING SNOW
                                                   X = TORNADO
MAX 32 OR BELOW:   0    0.01 INCH OR MORE:   8
MAX 90 OR ABOVE:   5    0.10 INCH OR MORE:   4
MIN 32 OR BELOW:   0    0.50 INCH OR MORE:   2
MIN  0 OR BELOW:   0    1.00 INCH OR MORE:   2

[HDD (BASE 65) ]
TOTAL THIS MO.    10    CLEAR  (SCALE 0-3)  19
DPTR FM NORMAL    10    PTCLDY (SCALE 4-7)   7
TOTAL FM JUL 1    10    CLOUDY (SCALE 8-10)  0
DPTR FM NORMAL    10

[CDD (BASE 65) ]
TOTAL THIS MO.   199
DPTR FM NORMAL    -8    [PRESSURE DATA]
TOTAL FM JAN 1   378    HIGHEST SLP M ON M
DPTR FM NORMAL   -17    LOWEST  SLP 29.60 ON 17

[REMARKS]
