000
CXUS55 KCYS 281000
CF6RWL
PRELIMINARY LOCAL CLIMATOLOGICAL DATA (WS FORM: F-6)

                                          STATION:   RAWLINS WYOMING AIRPORT
                                          MONTH:     AUGUST
                                          YEAR:      2015
                                          LATITUDE:   41 47 N
                                          LONGITUDE: 107 12 W

  TEMPERATURE IN F:       :PCPN:    SNOW:  WIND      :SUNSHINE: SKY     :PK WND
================================================================================
1   2   3   4   5  6A  6B    7    8   9   10  11  12  13   14  15   16   17  18
                                     12Z  AVG MX 2MIN
DY MAX MIN AVG DEP HDD CDD  WTR  SNW DPTH SPD SPD DIR MIN PSBL S-S WX    SPD DR
================================================================================

 1  90  45  68   0   0   3 0.00    M    M  5.4 16 260   M    M   0        21 210
 2  91  49  70   2   0   5 0.00    M    M  5.2 22 250   M    M   0        28 250
 3  77  56  67  -1   0   2 0.22    M    M  6.2 25 220   M    M   5 13     34 230
 4  81  54  68   1   0   3 0.01    M    M 16.3 30 250   M    M   5 1      38 240
 5  88  47  68   1   0   3    T    M    M 10.4 36 230   M    M   1        44 280
 6  81  52  67   0   0   2 0.00    M    M 14.2 29 270   M    M   0        38 250
 7  74  48  61  -6   4   0 0.05    M    M  4.8 15 270   M    M   3        18 280
 8  80  50  65  -2   0   0 0.00    M    M 13.0 31 240   M    M   3        40 230
 9  78  50  64  -3   1   0 0.00    M    M 11.4 22 290   M    M   1        30 240
10  85  41  63  -4   2   0 0.00    M    M  4.3 14 260   M    M   0        19 270
11  86  47  67   1   0   2    T    M    M  6.9 21 210   M    M   4        26 210
12  83  62  73   7   0   8 0.00    M    M 14.3 26 260   M    M   3        35 240
13  88  62  75   9   0  10 0.00    M    M  8.1 18 250   M    M   4        22 240
14  91  55  73   7   0   8    T    M    M  6.8 25 140   M    M   2 3      31 140
15  89  56  73   7   0   8    T    M    M  6.8 26 280   M    M   2 3      32 280
16  86  49  68   2   0   3 0.02    M    M  8.2 26 280   M    M   1 3      33 290
17  85  40  63  -2   2   0 0.00    M    M 13.7 33 360   M    M   0        46 240
18  70  36  53 -12  12   0    T    M    0  9.1 29  20   M    M   4        35  10
19  73  32  53 -12  12   0 0.00    M    M  8.1 24 260   M    M   0        36 250
20  79  52  66   1   0   1 0.00    M    M  9.9 22 240   M    M   0 8      36 260
21  87  51  69   5   0   4 0.00    M    M 15.8 33 250   M    M   0 8      47 250
22  77  46  62  -2   3   0 0.00    M    M 14.7 30 270   M    M   0 8      35 270
23  82  36  59  -5   6   0 0.00    M    M  7.7 20 270   M    M   0        28 260
24  87  43  65   1   0   0 0.00    M    M  6.3 38 240   M    M   0        63 240
25  90  45  68   5   0   3 0.00    M    M  5.4 18 290   M    M   0        23 170
26  84  55  70   7   0   5 0.04    M    M  8.6 25 110   M    M   3        34 110
27  73  56  65   2   0   0 0.14    M    M  7.5 28 340   M    M   8 138    36 330
================================================================================
SM 2235 1315        42  70  0.48    M    249.1          M       49
================================================================================
AV 82.8 48.7                               9.2 FASTST   M    M   2    MAX(MPH)
                                 MISC ---->  # 38 240               # 63  240
================================================================================
NOTES:
# LAST OF SEVERAL OCCURRENCES

COLUMN 17 PEAK WIND IN M.P.H.

PRELIMINARY LOCAL CLIMATOLOGICAL DATA (WS FORM: F-6) , PAGE 2

                                          STATION:  RAWLINS WYOMING AIRPORT
                                          MONTH:    AUGUST
                                          YEAR:     2015
                                          LATITUDE:   41 47 N
                                          LONGITUDE: 107 12 W

[TEMPERATURE DATA]      [PRECIPITATION DATA]       SYMBOLS USED IN COLUMN 16

AVERAGE MONTHLY: 65.7   TOTAL FOR MONTH:   0.48    1 = FOG OR MIST
DPTR FM NORMAL:   0.0   DPTR FM NORMAL:   -0.18    2 = FOG REDUCING VISIBILITY
HIGHEST:    91 ON 14, 2 GRTST 24HR  0.23 ON  3- 4      TO 1/4 MILE OR LESS
LOWEST:     32 ON 19                               3 = THUNDER
                        SNOW, ICE PELLETS, HAIL    4 = ICE PELLETS
                        TOTAL MONTH:    M          5 = HAIL
                        GRTST 24HR    M  ON   M    6 = FREEZING RAIN OR DRIZZLE
                        GRTST DEPTH:   0           7 = DUSTSTORM OR SANDSTORM:
                                                       VSBY 1/2 MILE OR LESS
                                                   8 = SMOKE OR HAZE
[NO. OF DAYS WITH]      [WEATHER - DAYS WITH]      9 = BLOWING SNOW
                                                   X = TORNADO
MAX 32 OR BELOW:   0    0.01 INCH OR MORE:   6
MAX 90 OR ABOVE:   4    0.10 INCH OR MORE:   2
MIN 32 OR BELOW:   1    0.50 INCH OR MORE:   0
MIN  0 OR BELOW:   0    1.00 INCH OR MORE:   0

[HDD (BASE 65) ]
TOTAL THIS MO.    42    CLEAR  (SCALE 0-3)  19
DPTR FM NORMAL    -2    PTCLDY (SCALE 4-7)   8
TOTAL FM JUL 1    79    CLOUDY (SCALE 8-10)  0
DPTR FM NORMAL     0

[CDD (BASE 65) ]
TOTAL THIS MO.    70
DPTR FM NORMAL    10    [PRESSURE DATA]
TOTAL FM JAN 1   192    HIGHEST SLP M ON M
DPTR FM NORMAL    15    LOWEST  SLP 29.60 ON 21

[REMARKS]
