000
CXUS55 KPIH 201200
CF6RXE

PRELIMINARY LOCAL CLIMATOLOGICAL DATA (WS FORM: F-6)

                                          STATION:   REXBURG ID
                                          MONTH:     AUGUST
                                          YEAR:      2017
                                          LATITUDE:   43 49 N
                                          LONGITUDE: 111 48 W

  TEMPERATURE IN F:       :PCPN:    SNOW:  WIND      :SUNSHINE: SKY     :PK WND
================================================================================
1   2   3   4   5  6A  6B    7    8   9   10  11  12  13   14  15   16   17  18
                                     12Z  AVG MX 2MIN
DY MAX MIN AVG DEP HDD CDD  WTR  SNW DPTH SPD SPD DIR MIN PSBL S-S WX    SPD DR
================================================================================

 1  93  53  73   4   0   8 0.00    M    M  5.2 14  30   M    M   0        20 220
 2  91  52  72   3   0   7 0.00    M    M  5.9 12  50   M    M   0        15  50
 3  89  53  71   2   0   6 0.00    M    M  5.8 13  60   M    M   0        16  70
 4  90  50  70   1   0   5 0.00    M    M  7.8 17 210   M    M   0        24 210
 5  87  50  69   0   0   4 0.00    M    M  6.9 15 190   M    M   1        20 230
 6  85  53  69   0   0   4 0.00    M    M  6.6 13  30   M    M   0 8      16  30
 7  80  50  65  -4   0   0 0.00    M    M  7.2 14 170   M    M   0        19 160
 8  80  55  68  -1   0   3    T    M    M  6.0 18 200   M    M   3 8      23 210
 9  82  49  66  -2   0   1    T    M    M  5.4 21  30   M    M   0        27  30
10  82  46  64  -4   1   0 0.00    M    M  3.4  8 230   M    M   0        10 260
11  86  48  67  -1   0   2 0.00    M    M  4.6 20  20   M    M   0 8      27  10
12  87  49  68   0   0   3 0.00    M    M  4.5 13 220   M    M   0        18 210
13  85  55  70   2   0   5 0.01    M    M  9.1 28 230   M    M   2        35 230
14  67  52  60  -8   5   0 0.01    M    M  8.2 23 210   M    M   3        31 200
15  76  48  62  -5   3   0    T    M    M  4.3 14 270   M    M   2 3      19 280
16  82  45  64  -3   1   0 0.00    M    M  7.5 16 220   M    M   0        23 240
17  82  49  66  -1   0   1 0.00    M    M  7.8 16 200   M    M   0        22 200
18  84  46  65  -1   0   0 0.00    M    M  8.1 18 200   M    M   0        24 230
19  86  45  66   0   0   1 0.00    M    M  8.2 17 230   M    M   0        24 230
================================================================================
SM 1594  948        10  50  0.02    M    122.5          M       11
================================================================================
AV 83.9 49.9                               6.4 FASTST   M    M   1    MAX(MPH)
                                 MISC ---->  # 28 230               # 35  230
================================================================================
NOTES:
# LAST OF SEVERAL OCCURRENCES
PRECIPITATION SUSPECT DURING FREEZING/FROZEN EVENTS

COLUMN 17 PEAK WIND IN M.P.H.

PRELIMINARY LOCAL CLIMATOLOGICAL DATA (WS FORM: F-6) , PAGE 2

                                          STATION:  REXBURG ID
                                          MONTH:    AUGUST
                                          YEAR:     2017
                                          LATITUDE:   43 49 N
                                          LONGITUDE: 111 48 W

[TEMPERATURE DATA]      [PRECIPITATION DATA]       SYMBOLS USED IN COLUMN 16

AVERAGE MONTHLY: 66.9   TOTAL FOR MONTH:   0.02    1 = FOG OR MIST
DPTR FM NORMAL:  -1.2   DPTR FM NORMAL:   -0.51    2 = FOG REDUCING VISIBILITY
HIGHEST:    93 ON  1    GRTST 24HR  0.01 ON 14-14      TO 1/4 MILE OR LESS
LOWEST:     45 ON 19,16                            3 = THUNDER
                        SNOW, ICE PELLETS, HAIL    4 = ICE PELLETS
                        TOTAL MONTH:    M          5 = HAIL
                        GRTST 24HR    M  ON   M    6 = FREEZING RAIN OR DRIZZLE
                        GRTST DEPTH:  M  ON   M    7 = DUSTSTORM OR SANDSTORM:
                                                       VSBY 1/2 MILE OR LESS
                                                   8 = SMOKE OR HAZE
[NO. OF DAYS WITH]      [WEATHER - DAYS WITH]      9 = BLOWING SNOW
                                                   X = TORNADO
MAX 32 OR BELOW:   0    0.01 INCH OR MORE:   2
MAX 90 OR ABOVE:   3    0.10 INCH OR MORE:   0
MIN 32 OR BELOW:   0    0.50 INCH OR MORE:   0
MIN  0 OR BELOW:   0    1.00 INCH OR MORE:   0

[HDD (BASE 65) ]
TOTAL THIS MO.    10    CLEAR  (SCALE 0-3)  18
DPTR FM NORMAL    -2    PTCLDY (SCALE 4-7)   1
TOTAL FM JUL 1    11    CLOUDY (SCALE 8-10)  0
DPTR FM NORMAL   -31

[CDD (BASE 65) ]
TOTAL THIS MO.    50
DPTR FM NORMAL   -18    [PRESSURE DATA]
TOTAL FM JAN 1   279    HIGHEST SLP M ON M
DPTR FM NORMAL    97    LOWEST  SLP 29.68 ON M

[REMARKS]
