000
CXUS55 KPIH 301200
CF6RXE

PRELIMINARY LOCAL CLIMATOLOGICAL DATA (WS FORM: F-6)

                                          STATION:   REXBURG ID
                                          MONTH:     SEPTEMBER
                                          YEAR:      2016
                                          LATITUDE:   43 49 N
                                          LONGITUDE: 111 48 W

  TEMPERATURE IN F:       :PCPN:    SNOW:  WIND      :SUNSHINE: SKY     :PK WND
================================================================================
1   2   3   4   5  6A  6B    7    8   9   10  11  12  13   14  15   16   17  18
                                     12Z  AVG MX 2MIN
DY MAX MIN AVG DEP HDD CDD  WTR  SNW DPTH SPD SPD DIR MIN PSBL S-S WX    SPD DR
================================================================================

 1  88  57  73  11   0   8    T    M    M  7.2 22 240   M    M   1 8      29 240
 2  80  55  68   7   0   3    T    M    M 10.6 22 240   M    M   1        32 210
 3  71  52  62   1   3   0 0.00    M    M  6.4 15 200   M    M   1        20 180
 4  58  45  52  -8  13   0 0.04    M    M  5.3 15 260   M    M   8        20 250
 5  61  40  51  -9  14   0 0.01    M    M  9.5 20 220   M    M   7        26 220
 6  69  32  51  -9  14   0 0.00    M    M  6.9 18 220   M    M   1        26 240
 7  71  42  57  -2   8   0 0.00    M    M  8.7 20 200   M    M   1        28 210
 8  74  47  61   2   4   0 0.00    M    M 13.2 30 210   M    M   1 8      37 220
 9  68  38  53  -5  12   0 0.00    M    M  4.8 12 230   M    M   0        16  30
10  74  32  53  -5  12   0 0.00    M    M  5.8 15 210   M    M   0        19 210
11  82  36  59   2   6   0 0.00    M    M 11.9 36 220   M    M   1 8      47 240
12  57  41  49  -8  16   0 0.13    M    M  9.3 18  30   M    M   6 1      24  30
13  67  39  53  -4  12   0 0.01    M    M  6.2 14 180   M    M   4 8      20 180
14  60  45  53  -3  12   0 0.07    M    M  7.5 21 210   M    M   7 18     28 220
15  61  43  52  -4  13   0    T    M    M  3.8 10 200   M    M   6 1      14 200
16  70  37  54  -1  11   0 0.00    M    M  4.6 10 190   M    M   0        14 260
17  73  37  55   0  10   0 0.00    M    M 10.4 23 210   M    M   1        30 210
18  78  58  68  13   0   3    T    M    M 16.9 33 230   M    M   5        44 230
19  80  48  64  10   1   0 0.00    M    M  9.9 25 220   M    M   3        32 230
20  81  48  65  11   0   0 0.00    M    M  6.9 21 230   M    M   0        28 230
21  73  49  61   7   4   0 0.31    M    M  6.4 15 230   M    M   2 1      20 310
22  59  50  55   2  10   0 0.34    M    M  3.3 12 220   M    M   9 1      14 220
23  50  42  46  -7  19   0 0.87    M    M  9.3 18 200   M    M   9 1      24 220
24  62  41  52   0  13   0    T    M    M  7.4 15 240   M    M   6        20 230
25  63  34  49  -3  16   0 0.00    M    M  5.0 12 260   M    M   0        16 250
26  71  37  54   2  11   0 0.00    M    M  2.1 10  60   M    M   0        13  60
27  75  39  57   6   8   0 0.00    M    M  2.1  7 220   M    M   0        10 240
28  80  39  60   9   5   0 0.00    M    M  3.4 14 260   M    M   0        19 230
29  74  50  62  11   3   0    T    M    M  6.0 22 150   M    M   5        29 140
================================================================================
SM 2030 1253       250  14  1.78    M    210.8          M       85
================================================================================
AV 70.0 43.2                               7.3 FASTST   M    M   3    MAX(MPH)
                                 MISC ---->  # 36 220               # 47  240
================================================================================
NOTES:
# LAST OF SEVERAL OCCURRENCES
PRECIPITATION SUSPECT DURING FREEZING/FROZEN EVENTS

COLUMN 17 PEAK WIND IN M.P.H.

PRELIMINARY LOCAL CLIMATOLOGICAL DATA (WS FORM: F-6) , PAGE 2

                                          STATION:  REXBURG ID
                                          MONTH:    SEPTEMBER
                                          YEAR:     2016
                                          LATITUDE:   43 49 N
                                          LONGITUDE: 111 48 W

[TEMPERATURE DATA]      [PRECIPITATION DATA]       SYMBOLS USED IN COLUMN 16

AVERAGE MONTHLY: 56.6   TOTAL FOR MONTH:   1.78    1 = FOG OR MIST
DPTR FM NORMAL:   0.6   DPTR FM NORMAL:    0.85    2 = FOG REDUCING VISIBILITY
HIGHEST:    88 ON  1    GRTST 24HR  0.87 ON 23-23      TO 1/4 MILE OR LESS
LOWEST:     32 ON 10, 6                            3 = THUNDER
                        SNOW, ICE PELLETS, HAIL    4 = ICE PELLETS
                        TOTAL MONTH:    M          5 = HAIL
                        GRTST 24HR    M  ON   M    6 = FREEZING RAIN OR DRIZZLE
                        GRTST DEPTH:  M  ON   M    7 = DUSTSTORM OR SANDSTORM:
                                                       VSBY 1/2 MILE OR LESS
                                                   8 = SMOKE OR HAZE
[NO. OF DAYS WITH]      [WEATHER - DAYS WITH]      9 = BLOWING SNOW
                                                   X = TORNADO
MAX 32 OR BELOW:   0    0.01 INCH OR MORE:   8
MAX 90 OR ABOVE:   0    0.10 INCH OR MORE:   4
MIN 32 OR BELOW:   2    0.50 INCH OR MORE:   1
MIN  0 OR BELOW:   0    1.00 INCH OR MORE:   0

[HDD (BASE 65) ]
TOTAL THIS MO.   250    CLEAR  (SCALE 0-3)  18
DPTR FM NORMAL   -20    PTCLDY (SCALE 4-7)   9
TOTAL FM JUL 1   314    CLOUDY (SCALE 8-10)  2
DPTR FM NORMAL   -29

[CDD (BASE 65) ]
TOTAL THIS MO.    14
DPTR FM NORMAL     9    [PRESSURE DATA]
TOTAL FM JAN 1   261    HIGHEST SLP M ON M
DPTR FM NORMAL    54    LOWEST  SLP 29.69 ON  4

[REMARKS]
