000
CXUS54 KEWX 300910
CF6RYW
PRELIMINARY LOCAL CLIMATOLOGICAL DATA (WS FORM: F-6)

                                          STATION:   LAGO VISTA
                                          MONTH:     OCTOBER
                                          YEAR:      2014
                                          LATITUDE:   30 30 N
                                          LONGITUDE:  97 58 W

  TEMPERATURE IN F:       :PCPN:    SNOW:  WIND      :SUNSHINE: SKY     :PK WND
================================================================================
1   2   3   4   5  6A  6B    7    8   9   10  11  12  13   14  15   16   17  18
                                     12Z  AVG MX 2MIN
DY MAX MIN AVG DEP HDD CDD  WTR  SNW DPTH SPD SPD DIR MIN PSBL S-S WX    SPD DR
================================================================================

 1  91  74  83   M   0  18    M    M    M  5.9  9 150   M    M   5        17 170
 2  93  76  85   M   0  20    M    M    M  9.6 13 190   M    M   7 3      23 340
 3  84  63  74   M   0   9    M    M    M  8.9 14  20   M    M   0        21  10
 4  78  56  67   M   0   2    M    M    M  7.0 10 180   M    M   0        16 180
 5  86  65  76   M   0  11    M    M    M  8.4 12 190   M    M   5        23 200
 6  89  72  81   M   0  16    M    M    M  6.9 13 150   M    M   5        22 150
 7  93  72  83   M   0  18    M    M    M  8.2 12 180   M    M   4        18 180
 8  89  72  81   M   0  16    M    M    M  7.0 13 160   M    M   5        22 200
 9  91  74  83   M   0  18    M    M    M  9.1 14 180   M    M   7        22 180
10   M   M   M   M   M   M    M    M    M   M   M   M   M    M   M         M  M
11   M   M   M   M   M   M    M    M    M   M   M   M   M    M   M         M  M
12   M   M   M   M   M   M    M    M    M   M   M   M   M    M   M         M  M
13   M   M   M   M   M   M    M    M    M   M   M   M   M    M   M         M  M
14   M   M   M   M   M   M    M    M    M   M   M   M   M    M   M         M  M
15   M   M   M   M   M   M    M    M    M   M   M   M   M    M   M         M  M
16   M   M   M   M   M   M    M    M    M   M   M   M   M    M   M         M  M
17  87  71  79   M   0  14    M  0.0    M  5.1  9 140   M    M   0         M  M
18  86  67  77   M   0  12    M    M    M  3.8  7  40   M    M   5         M  M
19  81  65  73   M   0   8    M    M    M  5.1  8 100   M    M   5         M  M
20  81  63  72   M   0   7    M    M    M  4.3  9  50   M    M   4 1       M  M
21  80  60  70   M   0   5    M    M    M  3.7  9  80   M    M   1        18  80
22  81  71  76   M   0  11    M    M    M  5.2  7  90   M    M   2         M  M
23  82  65  74   M   0   9    M    M    M  2.8  7 100   M    M   4         M  M
24  84  63  74   M   0   9    M    M    M  3.5  7 140   M    M   1         M  M
25  87  66  77   M   0  12    M    M    M  5.4  8 220   M    M   0         M  M
26  85  66  76   M   0  11    M    M    M  7.0  9 170   M    M   0        20 160
27  84  66  75   M   0  10    M    M    M 11.0 16 190   M    M   2        24 200
28  82  68  75   M   0  10    M    M    M  5.1 12 190   M    M   5        17 190
29  80  64  72   M   0   7    M    M    M  6.9 13  20   M    M   6        20  30
================================================================================
SM 1874 1479         0 253    M      0.0 139.9          M       73
================================================================================
AV 85.2 67.2                               6.4 FASTST   M    M   3    MAX(MPH)
                                 MISC ---->    16   M                 24    M
================================================================================
NOTES:
# LAST OF SEVERAL OCCURRENCES

COLUMN 17 PEAK WIND IN M.P.H.

PRELIMINARY LOCAL CLIMATOLOGICAL DATA (WS FORM: F-6) , PAGE 2

                                          STATION:  LAGO VISTA
                                          MONTH:    OCTOBER
                                          YEAR:     2014
                                          LATITUDE:   30 30 N
                                          LONGITUDE:  97 58 W

[TEMPERATURE DATA]      [PRECIPITATION DATA]       SYMBOLS USED IN COLUMN 16

AVERAGE MONTHLY: 76.2   TOTAL FOR MONTH:      M    1 = FOG OR MIST
DPTR FM NORMAL:     M   DPTR FM NORMAL:       M    2 = FOG REDUCING VISIBILITY
HIGHEST:    93 ON  7, 2 GRTST 24HR    M  ON   M        TO 1/4 MILE OR LESS
LOWEST:     56 ON  4                               3 = THUNDER
                        SNOW, ICE PELLETS, HAIL    4 = ICE PELLETS
                        TOTAL MONTH:   0.0 INCH    5 = HAIL
                        GRTST 24HR     0.0         6 = FREEZING RAIN OR DRIZZLE
                        GRTST DEPTH:  M  ON   M    7 = DUSTSTORM OR SANDSTORM:
                                                       VSBY 1/2 MILE OR LESS
                                                   8 = SMOKE OR HAZE
[NO. OF DAYS WITH]      [WEATHER - DAYS WITH]      9 = BLOWING SNOW
                                                   X = TORNADO
MAX 32 OR BELOW:   0    0.01 INCH OR MORE:   0
MAX 90 OR ABOVE:   4    0.10 INCH OR MORE:   0
MIN 32 OR BELOW:   0    0.50 INCH OR MORE:   0
MIN  0 OR BELOW:   0    1.00 INCH OR MORE:   0

[HDD (BASE 65) ]
TOTAL THIS MO.     0    CLEAR  (SCALE 0-3)   9
DPTR FM NORMAL     M    PTCLDY (SCALE 4-7)  13
TOTAL FM JUL 1     3    CLOUDY (SCALE 8-10)  0
DPTR FM NORMAL     M

[CDD (BASE 65) ]
TOTAL THIS MO.   253
DPTR FM NORMAL     M    [PRESSURE DATA]
TOTAL FM JAN 1  3021    HIGHEST SLP M ON M
DPTR FM NORMAL     M    LOWEST  SLP M ON M

[REMARKS]
